-- Table structure for table `ec_products_translations`
--

CREATE TABLE `ec_products_translations` (
  `lang_code` varchar(191) COLLATE utf8mb4_unicode_ci NOT NULL,
  `ec_products_id` bigint unsigned NOT NULL,
  `name` varchar(191) COLLATE utf8mb4_unicode_ci DEFAULT NULL,
  `description` text COLLATE utf8mb4_unicode_ci,
  `content` text COLLATE utf8mb4_unicode_ci,
  PRIMARY KEY (`lang_code`,`ec_products_id`)
) ENGINE=InnoDB DEFAULT CHARSET=utf8mb4 COLLATE=utf8mb4_unicode_ci;

--
-- Dumping data for table `ec_products_translations`
--


--
-- Table structure for table `ec_review_replies`
--

CREATE TABLE `ec_review_replies` (
  `id` bigint unsigned NOT NULL AUTO_INCREMENT,
  `user_id` bigint unsigned NOT NULL,
  `review_id` bigint unsigned NOT NULL,
  `message` text COLLATE utf8mb4_unicode_ci NOT NULL,
  `created_at` timestamp NULL DEFAULT NULL,
  `updated_at` timestamp NULL DEFAULT NULL,
  PRIMARY KEY (`id`),
  UNIQUE KEY `ec_review_replies_review_id_user_id_unique` (`review_id`,`user_id`)
) ENGINE=InnoDB DEFAULT CHARSET=utf8mb4 COLLATE=utf8mb4_unicode_ci;

--
-- Dumping data for table `ec_review_replies`
--


--
-- Table structure for table `ec_reviews`
--

CREATE TABLE `ec_reviews` (
  `id` bigint unsigned NOT NULL AUTO_INCREMENT,
  `customer_id` bigint unsigned DEFAULT NULL,
  `customer_name` varchar(191) COLLATE utf8mb4_unicode_ci DEFAULT NULL,
  `customer_email` varchar(191) COLLATE utf8mb4_unicode_ci DEFAULT NULL,
  `product_id` bigint unsigned NOT NULL,
  `star` double NOT NULL,
  `comment` text COLLATE utf8mb4_unicode_ci NOT NULL,
  `status` varchar(60) COLLATE utf8mb4_unicode_ci NOT NULL DEFAULT 'published',
  `created_at` timestamp NULL DEFAULT NULL,
  `updated_at` timestamp NULL DEFAULT NULL,
  `images` text COLLATE utf8mb4_unicode_ci,
  PRIMARY KEY (`id`),
  UNIQUE KEY `ec_reviews_product_id_customer_id_unique` (`product_id`,`customer_id`),
  KEY `ec_reviews_product_id_customer_id_status_created_at_index` (`product_id`,`customer_id`,`status`,`created_at`),
  KEY `review_relation_index` (`product_id`,`customer_id`,`status`)
) ENGINE=InnoDB AUTO_INCREMENT=1001 DEFAULT CHARSET=utf8mb4 COLLATE=utf8mb4_unicode_ci;

--
-- Dumping data for table `ec_reviews`
--

INSERT INTO `ec_reviews` VALUES (1,9,NULL,NULL,19,5,'As a developer I reviewed this script. This is really awesome ecommerce script. I have convinced when I noticed that it\'s built on fully WordPress concept.','published','2025-05-03 11:19:22','2025-05-03 11:19:22','[\"products\\/5-2.jpg\",\"products\\/19.jpg\",\"products\\/64-1.jpg\"]'),(2,4,NULL,NULL,33,5,'The best store template! Excellent coding! Very good support! Thank you so much for all the help, I really appreciated.','published','2025-05-03 11:19:22','2025-05-03 11:19:22','[\"products\\/19-3.jpg\",\"products\\/56-1.jpg\",\"products\\/60.jpg\"]'),(3,5,NULL,NULL,10,5,'Customer Support are grade (A*), however the code is a way too over engineered for it\'s purpose.','published','2025-05-03 11:19:22','2025-05-03 11:19:22','[\"products\\/25-2.jpg\",\"products\\/45.jpg\",\"products\\/56-1.jpg\",\"products\\/62-1.jpg\"]'),(4,9,NULL,NULL,49,3,'Best ecommerce CMS online store!','published','2025-05-03 11:19:22','2025-05-03 11:19:22','[\"products\\/17-1.jpg\",\"products\\/57-1.jpg\",\"products\\/58-1.jpg\",\"products\\/65-2.jpg\"]'),(5,6,NULL,NULL,63,5,'These guys are amazing! Responses immediately, amazing support and help... I immediately feel at ease after Purchasing..','published','2025-05-03 11:19:22','2025-05-03 11:19:22','[\"products\\/8-2.jpg\",\"products\\/37-1.jpg\",\"products\\/43.jpg\"]'),(6,1,NULL,NULL,8,1,'This script is well coded and is super fast. The support is pretty quick. Very patient and helpful team. I strongly recommend it and they deserve more than 5 stars.','published','2025-05-03 11:19:22','2025-05-03 11:19:22','[\"products\\/24-2.jpg\",\"products\\/41-2.jpg\"]'),(7,9,NULL,NULL,14,2,'Good app, good backup service and support. Good documentation.','published','2025-05-03 11:19:22','2025-05-03 11:19:22','[\"products\\/5.jpg\",\"products\\/39.jpg\"]'),(8,3,NULL,NULL,19,3,'It\'s not my first experience here on Codecanyon and I can honestly tell you all that Botble puts a LOT of effort into the support. They answer so fast, they helped me tons of times. REALLY by far THE BEST EXPERIENCE on Codecanyon. Those guys at Botble are so good that they deserve 5 stars. I recommend them, I trust them and I can\'t wait to see what they will sell in a near future. Thank you Botble :)','published','2025-05-03 11:19:22','2025-05-03 11:19:22','[\"products\\/18-2.jpg\",\"products\\/34-1.jpg\",\"products\\/44-1.jpg\"]'),(9,6,NULL,NULL,60,2,'The best ecommerce CMS! Excellent coding! best support service! Thank you so much..... I really like your hard work.','published','2025-05-03 11:19:22','2025-05-03 11:19:22','[\"products\\/27.jpg\",\"products\\/34.jpg\",\"products\\/47-1.jpg\",\"products\\/51.jpg\"]'),(10,6,NULL,NULL,9,4,'These guys are amazing! Responses immediately, amazing support and help... I immediately feel at ease after Purchasing..','published','2025-05-03 11:19:22','2025-05-03 11:19:22','[\"products\\/48.jpg\"]'),(11,8,NULL,NULL,27,4,'Customer Support are grade (A*), however the code is a way too over engineered for it\'s purpose.','published','2025-05-03 11:19:22','2025-05-03 11:19:22','[\"products\\/8-1.jpg\",\"products\\/24-2.jpg\",\"products\\/42-1.jpg\"]'),(12,5,NULL,NULL,37,2,'As a developer I reviewed this script. This is really awesome ecommerce script. I have convinced when I noticed that it\'s built on fully WordPress concept.','published','2025-05-03 11:19:22','2025-05-03 11:19:22','[\"products\\/21-1.jpg\",\"products\\/27.jpg\",\"products\\/32.jpg\"]'),(13,6,NULL,NULL,18,4,'Best ecommerce CMS online store!','published','2025-05-03 11:19:22','2025-05-03 11:19:22','[\"products\\/18.jpg\",\"products\\/29.jpg\",\"products\\/57-1.jpg\"]'),(14,9,NULL,NULL,61,4,'The code is good, in general, if you like it, can you give it 5 stars?','published','2025-05-03 11:19:22','2025-05-03 11:19:22','[\"products\\/13-1.jpg\",\"products\\/15-1.jpg\",\"products\\/55-2.jpg\"]'),(15,7,NULL,NULL,20,2,'Perfect +++++++++ i love it really also i get to fast ticket answers... Thanks Lot BOTBLE Teams','published','2025-05-03 11:19:22','2025-05-03 11:19:22','[\"products\\/8-2.jpg\",\"products\\/19-1.jpg\",\"products\\/23-2.jpg\",\"products\\/48.jpg\"]'),(16,5,NULL,NULL,18,4,'The best ecommerce CMS! Excellent coding! best support service! Thank you so much..... I really like your hard work.','published','2025-05-03 11:19:22','2025-05-03 11:19:22','[\"products\\/22-3.jpg\",\"products\\/30-1.jpg\"]'),(17,7,NULL,NULL,56,3,'Those guys now what they are doing, the release such a good product that it\'s a pleasure to work with ! Even when I was stuck on the project, I created a ticket and the next day it was replied by the team. GOOD JOB guys. I love working with them :)','published','2025-05-03 11:19:22','2025-05-03 11:19:22','[\"products\\/8-1.jpg\",\"products\\/22-2.jpg\",\"products\\/46.jpg\",\"products\\/53.jpg\"]'),(18,6,NULL,NULL,4,4,'Great system, great support, good job Botble. I\'m looking forward to more great functional plugins.','published','2025-05-03 11:19:22','2025-05-03 11:19:22','[\"products\\/37.jpg\",\"products\\/64.jpg\"]'),(19,4,NULL,NULL,4,2,'Those guys now what they are doing, the release such a good product that it\'s a pleasure to work with ! Even when I was stuck on the project, I created a ticket and the next day it was replied by the team. GOOD JOB guys. I love working with them :)','published','2025-05-03 11:19:22','2025-05-03 11:19:22','[\"products\\/5.jpg\",\"products\\/27.jpg\",\"products\\/48-2.jpg\"]'),(20,7,NULL,NULL,65,3,'This script is well coded and is super fast. The support is pretty quick. Very patient and helpful team. I strongly recommend it and they deserve more than 5 stars.','published','2025-05-03 11:19:22','2025-05-03 11:19:22','[\"products\\/56-1.jpg\"]'),(21,1,NULL,NULL,56,5,'Cool template. Excellent code quality. The support responds very quickly, which is very rare on themeforest and codecanyon.net, I buy a lot of templates, and everyone will have a response from technical support for two or three days. Thanks to tech support. I recommend to buy.','published','2025-05-03 11:19:22','2025-05-03 11:19:22','[\"products\\/2-2.jpg\",\"products\\/9-2.jpg\",\"products\\/56-2.jpg\"]'),(22,9,NULL,NULL,12,1,'The code is good, in general, if you like it, can you give it 5 stars?','published','2025-05-03 11:19:22','2025-05-03 11:19:22','[\"products\\/22-1.jpg\",\"products\\/22.jpg\",\"products\\/25.jpg\",\"products\\/44-2.jpg\"]'),(23,6,NULL,NULL,13,3,'We have received brilliant service support and will be expanding the features with the developer. Nice product!','published','2025-05-03 11:19:22','2025-05-03 11:19:22','[\"products\\/4-2.jpg\",\"products\\/10-2.jpg\",\"products\\/39.jpg\",\"products\\/55-1.jpg\"]'),(24,9,NULL,NULL,7,5,'The best ecommerce CMS! Excellent coding! best support service! Thank you so much..... I really like your hard work.','published','2025-05-03 11:19:22','2025-05-03 11:19:22','[\"products\\/10-1.jpg\",\"products\\/33.jpg\",\"products\\/42-2.jpg\",\"products\\/55-2.jpg\"]'),(25,8,NULL,NULL,19,2,'The code is good, in general, if you like it, can you give it 5 stars?','published','2025-05-03 11:19:22','2025-05-03 11:19:22','[\"products\\/10.jpg\",\"products\\/21.jpg\",\"products\\/43-1.jpg\"]'),(26,2,NULL,NULL,23,2,'Ok good product. I have some issues in customizations. But its not correct to blame the developer. The product is good. Good luck for your business.','published','2025-05-03 11:19:22','2025-05-03 11:19:22','[\"products\\/8-2.jpg\",\"products\\/30-2.jpg\",\"products\\/59.jpg\"]'),(27,1,NULL,NULL,50,3,'It\'s not my first experience here on Codecanyon and I can honestly tell you all that Botble puts a LOT of effort into the support. They answer so fast, they helped me tons of times. REALLY by far THE BEST EXPERIENCE on Codecanyon. Those guys at Botble are so good that they deserve 5 stars. I recommend them, I trust them and I can\'t wait to see what they will sell in a near future. Thank you Botble :)','published','2025-05-03 11:19:22','2025-05-03 11:19:22','[\"products\\/11-2.jpg\",\"products\\/32-2.jpg\",\"products\\/34-1.jpg\",\"products\\/43.jpg\"]'),(28,4,NULL,NULL,50,2,'Cool template. Excellent code quality. The support responds very quickly, which is very rare on themeforest and codecanyon.net, I buy a lot of templates, and everyone will have a response from technical support for two or three days. Thanks to tech support. I recommend to buy.','published','2025-05-03 11:19:22','2025-05-03 11:19:22','[\"products\\/9-2.jpg\",\"products\\/15-1.jpg\",\"products\\/29-1.jpg\"]'),(29,1,NULL,NULL,57,3,'I Love this Script. I also found how to add other fees. Now I just wait the BIG update for the Marketplace with the Bulk Import. Just do not forget to make it to be Multi-language for us the Botble Fans.','published','2025-05-03 11:19:22','2025-05-03 11:19:22','[\"products\\/2-3.jpg\",\"products\\/32-2.jpg\"]'),(30,2,NULL,NULL,12,2,'Second or third time that I buy a Botble product, happy with the products and support. You guys do a good job :)','published','2025-05-03 11:19:22','2025-05-03 11:19:22','[\"products\\/10.jpg\",\"products\\/21-1.jpg\",\"products\\/36.jpg\"]'),(31,6,NULL,NULL,2,5,'Solution is too robust for our purpose so we didn\'t use it at the end. But I appreciate customer support during initial configuration.','published','2025-05-03 11:19:22','2025-05-03 11:19:22','[\"products\\/10-2.jpg\",\"products\\/30-1.jpg\",\"products\\/31-1.jpg\",\"products\\/57-1.jpg\"]'),(32,8,NULL,NULL,50,2,'Great E-commerce system. And much more : Wonderful Customer Support.','published','2025-05-03 11:19:22','2025-05-03 11:19:22','[\"products\\/19-1.jpg\",\"products\\/47-1.jpg\"]'),(34,8,NULL,NULL,35,3,'The code is good, in general, if you like it, can you give it 5 stars?','published','2025-05-03 11:19:22','2025-05-03 11:19:22','[\"products\\/4-1.jpg\",\"products\\/17-3.jpg\",\"products\\/23-2.jpg\",\"products\\/43-2.jpg\"]'),(35,3,NULL,NULL,13,1,'This script is well coded and is super fast. The support is pretty quick. Very patient and helpful team. I strongly recommend it and they deserve more than 5 stars.','published','2025-05-03 11:19:22','2025-05-03 11:19:22','[\"products\\/29-2.jpg\",\"products\\/46-1.jpg\"]'),(36,9,NULL,NULL,22,1,'The best ecommerce CMS! Excellent coding! best support service! Thank you so much..... I really like your hard work.','published','2025-05-03 11:19:22','2025-05-03 11:19:22','[\"products\\/28-2.jpg\"]'),(37,2,NULL,NULL,31,5,'Good app, good backup service and support. Good documentation.','published','2025-05-03 11:19:22','2025-05-03 11:19:22','[\"products\\/23-1.jpg\",\"products\\/57.jpg\"]'),(38,6,NULL,NULL,12,2,'Good app, good backup service and support. Good documentation.','published','2025-05-03 11:19:22','2025-05-03 11:19:22','[\"products\\/18-1.jpg\",\"products\\/22.jpg\",\"products\\/28-1.jpg\"]'),(39,5,NULL,NULL,19,3,'This script is well coded and is super fast. The support is pretty quick. Very patient and helpful team. I strongly recommend it and they deserve more than 5 stars.','published','2025-05-03 11:19:22','2025-05-03 11:19:22','[\"products\\/35.jpg\",\"products\\/58.jpg\"]'),(40,1,NULL,NULL,19,3,'As a developer I reviewed this script. This is really awesome ecommerce script. I have convinced when I noticed that it\'s built on fully WordPress concept.','published','2025-05-03 11:19:22','2025-05-03 11:19:22','[\"products\\/22.jpg\"]'),(41,4,NULL,NULL,32,5,'Perfect +++++++++ i love it really also i get to fast ticket answers... Thanks Lot BOTBLE Teams','published','2025-05-03 11:19:22','2025-05-03 11:19:22','[\"products\\/27-1.jpg\",\"products\\/43-1.jpg\"]'),(42,5,NULL,NULL,62,5,'For me the best eCommerce script on Envato at this moment: modern, clean code, a lot of great features. The customer support is great too: I always get an answer within hours!','published','2025-05-03 11:19:22','2025-05-03 11:19:22','[\"products\\/14.jpg\"]'),(44,6,NULL,NULL,15,2,'This script is well coded and is super fast. The support is pretty quick. Very patient and helpful team. I strongly recommend it and they deserve more than 5 stars.','published','2025-05-03 11:19:22','2025-05-03 11:19:22','[\"products\\/8-2.jpg\",\"products\\/30-1.jpg\"]'),(45,8,NULL,NULL,62,1,'Amazing code, amazing support. Overall, im really confident in Botble and im happy I made the right choice! Thank you so much guys for coding this masterpiece','published','2025-05-03 11:19:22','2025-05-03 11:19:22','[\"products\\/5.jpg\",\"products\\/8-3.jpg\",\"products\\/17-1.jpg\",\"products\\/18.jpg\"]'),(46,1,NULL,NULL,18,5,'Cool template. Excellent code quality. The support responds very quickly, which is very rare on themeforest and codecanyon.net, I buy a lot of templates, and everyone will have a response from technical support for two or three days. Thanks to tech support. I recommend to buy.','published','2025-05-03 11:19:22','2025-05-03 11:19:22','[\"products\\/52-1.jpg\"]'),(47,3,NULL,NULL,29,5,'Ok good product. I have some issues in customizations. But its not correct to blame the developer. The product is good. Good luck for your business.','published','2025-05-03 11:19:22','2025-05-03 11:19:22','[\"products\\/42-1.jpg\"]'),(48,2,NULL,NULL,62,2,'Clean & perfect source code','published','2025-05-03 11:19:22','2025-05-03 11:19:22','[\"products\\/52-1.jpg\"]'),(49,5,NULL,NULL,2,4,'Amazing code, amazing support. Overall, im really confident in Botble and im happy I made the right choice! Thank you so much guys for coding this masterpiece','published','2025-05-03 11:19:22','2025-05-03 11:19:22','[\"products\\/23-1.jpg\",\"products\\/53.jpg\"]'),(50,9,NULL,NULL,2,3,'The script is the best of its class, fast, easy to implement and work with , and the most important thing is the great support team , Recommend with no doubt.','published','2025-05-03 11:19:22','2025-05-03 11:19:22','[\"products\\/12.jpg\",\"products\\/27-1.jpg\",\"products\\/58-2.jpg\"]'),(51,5,NULL,NULL,56,2,'Amazing code, amazing support. Overall, im really confident in Botble and im happy I made the right choice! Thank you so much guys for coding this masterpiece','published','2025-05-03 11:19:22','2025-05-03 11:19:22','[\"products\\/2-1.jpg\"]'),(52,8,NULL,NULL,12,5,'This web app is really good in design, code quality & features. Besides, the customer support provided by the Botble team was really fast & helpful. You guys are awesome!','published','2025-05-03 11:19:22','2025-05-03 11:19:22','[\"products\\/42-1.jpg\",\"products\\/52-1.jpg\"]'),(53,6,NULL,NULL,45,1,'For me the best eCommerce script on Envato at this moment: modern, clean code, a lot of great features. The customer support is great too: I always get an answer within hours!','published','2025-05-03 11:19:22','2025-05-03 11:19:22','[\"products\\/5-3.jpg\",\"products\\/13.jpg\"]'),(54,4,NULL,NULL,49,1,'Second or third time that I buy a Botble product, happy with the products and support. You guys do a good job :)','published','2025-05-03 11:19:22','2025-05-03 11:19:22','[\"products\\/24.jpg\",\"products\\/40-1.jpg\",\"products\\/54.jpg\"]'),(55,2,NULL,NULL,61,2,'For me the best eCommerce script on Envato at this moment: modern, clean code, a lot of great features. The customer support is great too: I always get an answer within hours!','published','2025-05-03 11:19:22','2025-05-03 11:19:22','[\"products\\/53-1.jpg\",\"products\\/59-3.jpg\"]'),(56,8,NULL,NULL,11,3,'It\'s not my first experience here on Codecanyon and I can honestly tell you all that Botble puts a LOT of effort into the support. They answer so fast, they helped me tons of times. REALLY by far THE BEST EXPERIENCE on Codecanyon. Those guys at Botble are so good that they deserve 5 stars. I recommend them, I trust them and I can\'t wait to see what they will sell in a near future. Thank you Botble :)','published','2025-05-03 11:19:22','2025-05-03 11:19:22','[\"products\\/4-3.jpg\"]'),(57,1,NULL,NULL,54,2,'This web app is really good in design, code quality & features. Besides, the customer support provided by the Botble team was really fast & helpful. You guys are awesome!','published','2025-05-03 11:19:22','2025-05-03 11:19:22','[\"products\\/39.jpg\",\"products\\/50-1.jpg\",\"products\\/62.jpg\"]'),(58,1,NULL,NULL,49,1,'Cool template. Excellent code quality. The support responds very quickly, which is very rare on themeforest and codecanyon.net, I buy a lot of templates, and everyone will have a response from technical support for two or three days. Thanks to tech support. I recommend to buy.','published','2025-05-03 11:19:22','2025-05-03 11:19:22','[\"products\\/21-1.jpg\"]'),(59,3,NULL,NULL,11,3,'Second or third time that I buy a Botble product, happy with the products and support. You guys do a good job :)','published','2025-05-03 11:19:22','2025-05-03 11:19:22','[\"products\\/14.jpg\",\"products\\/39.jpg\"]'),(60,5,NULL,NULL,34,1,'Ok good product. I have some issues in customizations. But its not correct to blame the developer. The product is good. Good luck for your business.','published','2025-05-03 11:19:22','2025-05-03 11:19:22','[\"products\\/54-1.jpg\",\"products\\/62.jpg\",\"products\\/64-1.jpg\"]'),(61,8,NULL,NULL,14,2,'Very enthusiastic support! Excellent code is written. It\'s a true pleasure working with.','published','2025-05-03 11:19:22','2025-05-03 11:19:22','[\"products\\/2-2.jpg\",\"products\\/28.jpg\",\"products\\/30.jpg\"]'),(62,2,NULL,NULL,40,4,'I Love this Script. I also found how to add other fees. Now I just wait the BIG update for the Marketplace with the Bulk Import. Just do not forget to make it to be Multi-language for us the Botble Fans.','published','2025-05-03 11:19:22','2025-05-03 11:19:22','[\"products\\/23.jpg\"]'),(63,3,NULL,NULL,61,5,'Great E-commerce system. And much more : Wonderful Customer Support.','published','2025-05-03 11:19:22','2025-05-03 11:19:22','[\"products\\/11-3.jpg\",\"products\\/27-1.jpg\"]'),(64,6,NULL,NULL,31,5,'These guys are amazing! Responses immediately, amazing support and help... I immediately feel at ease after Purchasing..','published','2025-05-03 11:19:22','2025-05-03 11:19:22','[\"products\\/25-2.jpg\",\"products\\/30-1.jpg\",\"products\\/34.jpg\",\"products\\/56.jpg\"]'),(65,4,NULL,NULL,43,2,'The code is good, in general, if you like it, can you give it 5 stars?','published','2025-05-03 11:19:22','2025-05-03 11:19:22','[\"products\\/2-2.jpg\"]'),(66,7,NULL,NULL,63,3,'Solution is too robust for our purpose so we didn\'t use it at the end. But I appreciate customer support during initial configuration.','published','2025-05-03 11:19:22','2025-05-03 11:19:22','[\"products\\/8-2.jpg\",\"products\\/48.jpg\",\"products\\/54.jpg\",\"products\\/58-1.jpg\"]'),(67,3,NULL,NULL,7,1,'The script is the best of its class, fast, easy to implement and work with , and the most important thing is the great support team , Recommend with no doubt.','published','2025-05-03 11:19:22','2025-05-03 11:19:22','[\"products\\/5-2.jpg\",\"products\\/11-2.jpg\",\"products\\/28-1.jpg\",\"products\\/48-1.jpg\"]'),(68,2,NULL,NULL,26,1,'Very enthusiastic support! Excellent code is written. It\'s a true pleasure working with.','published','2025-05-03 11:19:22','2025-05-03 11:19:22','[\"products\\/44.jpg\"]'),(69,1,NULL,NULL,10,1,'Solution is too robust for our purpose so we didn\'t use it at the end. But I appreciate customer support during initial configuration.','published','2025-05-03 11:19:22','2025-05-03 11:19:22','[\"products\\/18-1.jpg\",\"products\\/28-2.jpg\"]'),(70,3,NULL,NULL,37,1,'Those guys now what they are doing, the release such a good product that it\'s a pleasure to work with ! Even when I was stuck on the project, I created a ticket and the next day it was replied by the team. GOOD JOB guys. I love working with them :)','published','2025-05-03 11:19:22','2025-05-03 11:19:22','[\"products\\/17.jpg\",\"products\\/23-1.jpg\",\"products\\/36.jpg\"]'),(71,8,NULL,NULL,16,3,'The best store template! Excellent coding! Very good support! Thank you so much for all the help, I really appreciated.','published','2025-05-03 11:19:22','2025-05-03 11:19:22','[\"products\\/11-3.jpg\",\"products\\/21-2.jpg\",\"products\\/28-1.jpg\",\"products\\/60.jpg\"]'),(72,7,NULL,NULL,55,3,'Customer Support are grade (A*), however the code is a way too over engineered for it\'s purpose.','published','2025-05-03 11:19:22','2025-05-03 11:19:22','[\"products\\/2.jpg\",\"products\\/12-2.jpg\",\"products\\/35.jpg\",\"products\\/59-1.jpg\"]'),(74,7,NULL,NULL,3,1,'The script is the best of its class, fast, easy to implement and work with , and the most important thing is the great support team , Recommend with no doubt.','published','2025-05-03 11:19:22','2025-05-03 11:19:22','[\"products\\/24.jpg\",\"products\\/42-2.jpg\",\"products\\/54-1.jpg\"]'),(75,2,NULL,NULL,47,2,'Cool template. Excellent code quality. The support responds very quickly, which is very rare on themeforest and codecanyon.net, I buy a lot of templates, and everyone will have a response from technical support for two or three days. Thanks to tech support. I recommend to buy.','published','2025-05-03 11:19:22','2025-05-03 11:19:22','[\"products\\/23-1.jpg\",\"products\\/25-1.jpg\",\"products\\/25.jpg\",\"products\\/41-1.jpg\"]'),(76,3,NULL,NULL,23,1,'I Love this Script. I also found how to add other fees. Now I just wait the BIG update for the Marketplace with the Bulk Import. Just do not forget to make it to be Multi-language for us the Botble Fans.','published','2025-05-03 11:19:22','2025-05-03 11:19:22','[\"products\\/55.jpg\"]'),(77,4,NULL,NULL,17,3,'Customer Support are grade (A*), however the code is a way too over engineered for it\'s purpose.','published','2025-05-03 11:19:22','2025-05-03 11:19:22','[\"products\\/4-2.jpg\",\"products\\/12-1.jpg\",\"products\\/54-1.jpg\",\"products\\/65.jpg\"]'),(78,5,NULL,NULL,58,5,'Second or third time that I buy a Botble product, happy with the products and support. You guys do a good job :)','published','2025-05-03 11:19:22','2025-05-03 11:19:22','[\"products\\/8-3.jpg\",\"products\\/38-1.jpg\",\"products\\/54-1.jpg\"]'),(79,6,NULL,NULL,26,1,'We have received brilliant service support and will be expanding the features with the developer. Nice product!','published','2025-05-03 11:19:22','2025-05-03 11:19:22','[\"products\\/31.jpg\",\"products\\/64-1.jpg\"]'),(80,3,NULL,NULL,62,5,'It\'s not my first experience here on Codecanyon and I can honestly tell you all that Botble puts a LOT of effort into the support. They answer so fast, they helped me tons of times. REALLY by far THE BEST EXPERIENCE on Codecanyon. Those guys at Botble are so good that they deserve 5 stars. I recommend them, I trust them and I can\'t wait to see what they will sell in a near future. Thank you Botble :)','published','2025-05-03 11:19:22','2025-05-03 11:19:22','[\"products\\/22-1.jpg\",\"products\\/37.jpg\",\"products\\/58-1.jpg\"]'),(81,3,NULL,NULL,56,4,'The script is the best of its class, fast, easy to implement and work with , and the most important thing is the great support team , Recommend with no doubt.','published','2025-05-03 11:19:22','2025-05-03 11:19:22','[\"products\\/52.jpg\"]'),(82,9,NULL,NULL,1,2,'Those guys now what they are doing, the release such a good product that it\'s a pleasure to work with ! Even when I was stuck on the project, I created a ticket and the next day it was replied by the team. GOOD JOB guys. I love working with them :)','published','2025-05-03 11:19:22','2025-05-03 11:19:22','[\"products\\/12-2.jpg\"]'),(83,7,NULL,NULL,5,3,'Best ecommerce CMS online store!','published','2025-05-03 11:19:22','2025-05-03 11:19:22','[\"products\\/35.jpg\",\"products\\/41-1.jpg\",\"products\\/65-1.jpg\"]'),(84,3,NULL,NULL,40,3,'Best ecommerce CMS online store!','published','2025-05-03 11:19:22','2025-05-03 11:19:22','[\"products\\/5.jpg\",\"products\\/29.jpg\",\"products\\/54-1.jpg\",\"products\\/58.jpg\"]'),(85,1,NULL,NULL,63,1,'For me the best eCommerce script on Envato at this moment: modern, clean code, a lot of great features. The customer support is great too: I always get an answer within hours!','published','2025-05-03 11:19:22','2025-05-03 11:19:22','[\"products\\/12-3.jpg\",\"products\\/19.jpg\"]'),(86,6,NULL,NULL,38,1,'I Love this Script. I also found how to add other fees. Now I just wait the BIG update for the Marketplace with the Bulk Import. Just do not forget to make it to be Multi-language for us the Botble Fans.','published','2025-05-03 11:19:22','2025-05-03 11:19:22','[\"products\\/11.jpg\",\"products\\/30.jpg\"]'),(88,3,NULL,NULL,38,2,'Great E-commerce system. And much more : Wonderful Customer Support.','published','2025-05-03 11:19:22','2025-05-03 11:19:22','[\"products\\/29.jpg\",\"products\\/31-1.jpg\",\"products\\/43-1.jpg\"]'),(89,4,NULL,NULL,11,3,'As a developer I reviewed this script. This is really awesome ecommerce script. I have convinced when I noticed that it\'s built on fully WordPress concept.','published','2025-05-03 11:19:22','2025-05-03 11:19:22','[\"products\\/55.jpg\",\"products\\/58.jpg\",\"products\\/59-2.jpg\"]'),(90,4,NULL,NULL,5,1,'These guys are amazing! Responses immediately, amazing support and help... I immediately feel at ease after Purchasing..','published','2025-05-03 11:19:22','2025-05-03 11:19:22','[\"products\\/49-2.jpg\",\"products\\/54-1.jpg\",\"products\\/55-1.jpg\",\"products\\/60-2.jpg\"]'),(91,4,NULL,NULL,55,2,'Ok good product. I have some issues in customizations. But its not correct to blame the developer. The product is good. Good luck for your business.','published','2025-05-03 11:19:22','2025-05-03 11:19:22','[\"products\\/8-2.jpg\"]'),(92,1,NULL,NULL,40,2,'For me the best eCommerce script on Envato at this moment: modern, clean code, a lot of great features. The customer support is great too: I always get an answer within hours!','published','2025-05-03 11:19:22','2025-05-03 11:19:22','[\"products\\/15-1.jpg\",\"products\\/26-1.jpg\",\"products\\/38-1.jpg\",\"products\\/59-2.jpg\"]'),(93,8,NULL,NULL,65,2,'This script is well coded and is super fast. The support is pretty quick. Very patient and helpful team. I strongly recommend it and they deserve more than 5 stars.','published','2025-05-03 11:19:22','2025-05-03 11:19:22','[\"products\\/2-1.jpg\",\"products\\/9.jpg\",\"products\\/55.jpg\",\"products\\/64.jpg\"]'),(94,1,NULL,NULL,26,3,'Good app, good backup service and support. Good documentation.','published','2025-05-03 11:19:22','2025-05-03 11:19:22','[\"products\\/10-2.jpg\",\"products\\/61.jpg\"]'),(95,6,NULL,NULL,61,1,'This script is well coded and is super fast. The support is pretty quick. Very patient and helpful team. I strongly recommend it and they deserve more than 5 stars.','published','2025-05-03 11:19:22','2025-05-03 11:19:22','[\"products\\/8-2.jpg\",\"products\\/34.jpg\"]'),(96,7,NULL,NULL,24,3,'For me the best eCommerce script on Envato at this moment: modern, clean code, a lot of great features. The customer support is great too: I always get an answer within hours!','published','2025-05-03 11:19:22','2025-05-03 11:19:22','[\"products\\/6.jpg\",\"products\\/17-2.jpg\"]'),(97,2,NULL,NULL,5,1,'It\'s not my first experience here on Codecanyon and I can honestly tell you all that Botble puts a LOT of effort into the support. They answer so fast, they helped me tons of times. REALLY by far THE BEST EXPERIENCE on Codecanyon. Those guys at Botble are so good that they deserve 5 stars. I recommend them, I trust them and I can\'t wait to see what they will sell in a near future. Thank you Botble :)','published','2025-05-03 11:19:22','2025-05-03 11:19:22','[\"products\\/2-1.jpg\",\"products\\/8-2.jpg\",\"products\\/32.jpg\"]'),(98,3,NULL,NULL,9,2,'Great E-commerce system. And much more : Wonderful Customer Support.','published','2025-05-03 11:19:22','2025-05-03 11:19:22','[\"products\\/8-2.jpg\",\"products\\/22-3.jpg\",\"products\\/55-1.jpg\",\"products\\/65-2.jpg\"]'),(99,2,NULL,NULL,36,1,'Clean & perfect source code','published','2025-05-03 11:19:22','2025-05-03 11:19:22','[\"products\\/8-2.jpg\",\"products\\/43-1.jpg\",\"products\\/55-1.jpg\"]'),(101,5,NULL,NULL,16,3,'Clean & perfect source code','published','2025-05-03 11:19:22','2025-05-03 11:19:22','[\"products\\/35.jpg\",\"products\\/42-2.jpg\",\"products\\/53.jpg\"]'),(102,1,NULL,NULL,12,3,'Second or third time that I buy a Botble product, happy with the products and support. You guys do a good job :)','published','2025-05-03 11:19:22','2025-05-03 11:19:22','[\"products\\/22-3.jpg\",\"products\\/28.jpg\"]'),(103,1,NULL,NULL,14,2,'Those guys now what they are doing, the release such a good product that it\'s a pleasure to work with ! Even when I was stuck on the project, I created a ticket and the next day it was replied by the team. GOOD JOB guys. I love working with them :)','published','2025-05-03 11:19:22','2025-05-03 11:19:22','[\"products\\/30.jpg\",\"products\\/53-1.jpg\",\"products\\/61-1.jpg\",\"products\\/61.jpg\"]'),(104,4,NULL,NULL,46,4,'This script is well coded and is super fast. The support is pretty quick. Very patient and helpful team. I strongly recommend it and they deserve more than 5 stars.','published','2025-05-03 11:19:22','2025-05-03 11:19:22','[\"products\\/6.jpg\",\"products\\/22-3.jpg\"]'),(105,5,NULL,NULL,26,2,'For me the best eCommerce script on Envato at this moment: modern, clean code, a lot of great features. The customer support is great too: I always get an answer within hours!','published','2025-05-03 11:19:22','2025-05-03 11:19:22','[\"products\\/21-2.jpg\"]'),(106,3,NULL,NULL,60,1,'We have received brilliant service support and will be expanding the features with the developer. Nice product!','published','2025-05-03 11:19:22','2025-05-03 11:19:22','[\"products\\/33-2.jpg\",\"products\\/56-2.jpg\",\"products\\/61-1.jpg\",\"products\\/64-1.jpg\"]'),(107,9,NULL,NULL,56,5,'The code is good, in general, if you like it, can you give it 5 stars?','published','2025-05-03 11:19:22','2025-05-03 11:19:22','[\"products\\/10-2.jpg\",\"products\\/28-1.jpg\",\"products\\/41-1.jpg\",\"products\\/44-2.jpg\"]'),(108,5,NULL,NULL,46,4,'Very enthusiastic support! Excellent code is written. It\'s a true pleasure working with.','published','2025-05-03 11:19:22','2025-05-03 11:19:22','[\"products\\/10.jpg\",\"products\\/19-2.jpg\"]'),(109,2,NULL,NULL,14,3,'Great E-commerce system. And much more : Wonderful Customer Support.','published','2025-05-03 11:19:22','2025-05-03 11:19:22','[\"products\\/19-1.jpg\",\"products\\/56.jpg\",\"products\\/60-1.jpg\"]'),(110,7,NULL,NULL,35,2,'This script is well coded and is super fast. The support is pretty quick. Very patient and helpful team. I strongly recommend it and they deserve more than 5 stars.','published','2025-05-03 11:19:22','2025-05-03 11:19:22','[\"products\\/5-1.jpg\",\"products\\/24.jpg\",\"products\\/63-1.jpg\"]'),(111,6,NULL,NULL,43,4,'These guys are amazing! Responses immediately, amazing support and help... I immediately feel at ease after Purchasing..','published','2025-05-03 11:19:22','2025-05-03 11:19:22','[\"products\\/18-3.jpg\",\"products\\/23-3.jpg\",\"products\\/36.jpg\",\"products\\/54.jpg\"]'),(112,7,NULL,NULL,19,5,'The code is good, in general, if you like it, can you give it 5 stars?','published','2025-05-03 11:19:22','2025-05-03 11:19:22','[\"products\\/8.jpg\",\"products\\/21-1.jpg\",\"products\\/30.jpg\",\"products\\/61-1.jpg\"]'),(113,9,NULL,NULL,18,4,'The script is the best of its class, fast, easy to implement and work with , and the most important thing is the great support team , Recommend with no doubt.','published','2025-05-03 11:19:22','2025-05-03 11:19:22','[\"products\\/31.jpg\",\"products\\/64-1.jpg\"]'),(114,6,NULL,NULL,65,1,'Solution is too robust for our purpose so we didn\'t use it at the end. But I appreciate customer support during initial configuration.','published','2025-05-03 11:19:22','2025-05-03 11:19:22','[\"products\\/26-1.jpg\"]'),(116,7,NULL,NULL,64,3,'Solution is too robust for our purpose so we didn\'t use it at the end. But I appreciate customer support during initial configuration.','published','2025-05-03 11:19:22','2025-05-03 11:19:22','[\"products\\/60.jpg\"]'),(117,9,NULL,NULL,45,1,'The best store template! Excellent coding! Very good support! Thank you so much for all the help, I really appreciated.','published','2025-05-03 11:19:22','2025-05-03 11:19:22','[\"products\\/20.jpg\",\"products\\/49-1.jpg\"]'),(118,1,NULL,NULL,53,1,'Perfect +++++++++ i love it really also i get to fast ticket answers... Thanks Lot BOTBLE Teams','published','2025-05-03 11:19:22','2025-05-03 11:19:22','[\"products\\/56-2.jpg\"]'),(119,4,NULL,NULL,6,5,'Very enthusiastic support! Excellent code is written. It\'s a true pleasure working with.','published','2025-05-03 11:19:22','2025-05-03 11:19:22','[\"products\\/15-1.jpg\",\"products\\/23-3.jpg\"]'),(120,9,NULL,NULL,57,1,'Great system, great support, good job Botble. I\'m looking forward to more great functional plugins.','published','2025-05-03 11:19:22','2025-05-03 11:19:22','[\"products\\/5-2.jpg\",\"products\\/33-1.jpg\"]'),(121,2,NULL,NULL,8,3,'Amazing code, amazing support. Overall, im really confident in Botble and im happy I made the right choice! Thank you so much guys for coding this masterpiece','published','2025-05-03 11:19:22','2025-05-03 11:19:22','[\"products\\/35.jpg\"]'),(122,9,NULL,NULL,13,3,'The script is the best of its class, fast, easy to implement and work with , and the most important thing is the great support team , Recommend with no doubt.','published','2025-05-03 11:19:22','2025-05-03 11:19:22','[\"products\\/2-3.jpg\",\"products\\/14.jpg\",\"products\\/53-1.jpg\",\"products\\/62-1.jpg\"]'),(123,9,NULL,NULL,43,5,'The script is the best of its class, fast, easy to implement and work with , and the most important thing is the great support team , Recommend with no doubt.','published','2025-05-03 11:19:22','2025-05-03 11:19:22','[\"products\\/5.jpg\"]'),(124,3,NULL,NULL,52,5,'Very enthusiastic support! Excellent code is written. It\'s a true pleasure working with.','published','2025-05-03 11:19:22','2025-05-03 11:19:22','[\"products\\/2-2.jpg\",\"products\\/33.jpg\",\"products\\/36-2.jpg\",\"products\\/63.jpg\"]'),(125,9,NULL,NULL,8,1,'Very enthusiastic support! Excellent code is written. It\'s a true pleasure working with.','published','2025-05-03 11:19:22','2025-05-03 11:19:22','[\"products\\/27-1.jpg\",\"products\\/28.jpg\",\"products\\/39.jpg\"]'),(126,9,NULL,NULL,47,1,'Great system, great support, good job Botble. I\'m looking forward to more great functional plugins.','published','2025-05-03 11:19:22','2025-05-03 11:19:22','[\"products\\/63-1.jpg\"]'),(127,4,NULL,NULL,42,4,'I Love this Script. I also found how to add other fees. Now I just wait the BIG update for the Marketplace with the Bulk Import. Just do not forget to make it to be Multi-language for us the Botble Fans.','published','2025-05-03 11:19:22','2025-05-03 11:19:22','[\"products\\/5-1.jpg\",\"products\\/11-2.jpg\",\"products\\/17.jpg\"]'),(128,3,NULL,NULL,34,3,'These guys are amazing! Responses immediately, amazing support and help... I immediately feel at ease after Purchasing..','published','2025-05-03 11:19:22','2025-05-03 11:19:22','[\"products\\/8.jpg\",\"products\\/31.jpg\",\"products\\/34.jpg\",\"products\\/38-3.jpg\"]'),(129,9,NULL,NULL,48,3,'Great system, great support, good job Botble. I\'m looking forward to more great functional plugins.','published','2025-05-03 11:19:22','2025-05-03 11:19:22','[\"products\\/27.jpg\"]'),(130,3,NULL,NULL,12,5,'Customer Support are grade (A*), however the code is a way too over engineered for it\'s purpose.','published','2025-05-03 11:19:22','2025-05-03 11:19:22','[\"products\\/38-1.jpg\",\"products\\/39.jpg\",\"products\\/49-1.jpg\"]'),(131,2,NULL,NULL,4,2,'Very enthusiastic support! Excellent code is written. It\'s a true pleasure working with.','published','2025-05-03 11:19:22','2025-05-03 11:19:22','[\"products\\/23-1.jpg\"]'),(132,3,NULL,NULL,28,5,'The script is the best of its class, fast, easy to implement and work with , and the most important thing is the great support team , Recommend with no doubt.','published','2025-05-03 11:19:22','2025-05-03 11:19:22','[\"products\\/6.jpg\"]'),(134,2,NULL,NULL,53,4,'I Love this Script. I also found how to add other fees. Now I just wait the BIG update for the Marketplace with the Bulk Import. Just do not forget to make it to be Multi-language for us the Botble Fans.','published','2025-05-03 11:19:22','2025-05-03 11:19:22','[\"products\\/7.jpg\",\"products\\/29.jpg\"]'),(135,2,NULL,NULL,7,2,'Clean & perfect source code','published','2025-05-03 11:19:22','2025-05-03 11:19:22','[\"products\\/12-1.jpg\",\"products\\/43.jpg\"]'),(136,3,NULL,NULL,24,5,'I Love this Script. I also found how to add other fees. Now I just wait the BIG update for the Marketplace with the Bulk Import. Just do not forget to make it to be Multi-language for us the Botble Fans.','published','2025-05-03 11:19:22','2025-05-03 11:19:22','[\"products\\/5-1.jpg\"]'),(137,3,NULL,NULL,27,4,'Clean & perfect source code','published','2025-05-03 11:19:22','2025-05-03 11:19:22','[\"products\\/11-1.jpg\",\"products\\/21-1.jpg\",\"products\\/25-2.jpg\",\"products\\/65.jpg\"]'),(139,9,NULL,NULL,23,1,'This web app is really good in design, code quality & features. Besides, the customer support provided by the Botble team was really fast & helpful. You guys are awesome!','published','2025-05-03 11:19:22','2025-05-03 11:19:22','[\"products\\/4-1.jpg\",\"products\\/56.jpg\"]'),(140,7,NULL,NULL,62,3,'Very enthusiastic support! Excellent code is written. It\'s a true pleasure working with.','published','2025-05-03 11:19:22','2025-05-03 11:19:22','[\"products\\/38-3.jpg\",\"products\\/43.jpg\"]'),(141,6,NULL,NULL,37,3,'These guys are amazing! Responses immediately, amazing support and help... I immediately feel at ease after Purchasing..','published','2025-05-03 11:19:22','2025-05-03 11:19:22','[\"products\\/29.jpg\",\"products\\/64.jpg\"]'),(142,4,NULL,NULL,61,1,'Good app, good backup service and support. Good documentation.','published','2025-05-03 11:19:22','2025-05-03 11:19:22','[\"products\\/11-2.jpg\",\"products\\/21-2.jpg\"]'),(144,2,NULL,NULL,56,5,'Very enthusiastic support! Excellent code is written. It\'s a true pleasure working with.','published','2025-05-03 11:19:22','2025-05-03 11:19:22','[\"products\\/8.jpg\",\"products\\/56.jpg\",\"products\\/62-1.jpg\"]'),(145,2,NULL,NULL,30,3,'It\'s not my first experience here on Codecanyon and I can honestly tell you all that Botble puts a LOT of effort into the support. They answer so fast, they helped me tons of times. REALLY by far THE BEST EXPERIENCE on Codecanyon. Those guys at Botble are so good that they deserve 5 stars. I recommend them, I trust them and I can\'t wait to see what they will sell in a near future. Thank you Botble :)','published','2025-05-03 11:19:22','2025-05-03 11:19:22','[\"products\\/50-1.jpg\"]'),(146,6,NULL,NULL,46,4,'These guys are amazing! Responses immediately, amazing support and help... I immediately feel at ease after Purchasing..','published','2025-05-03 11:19:22','2025-05-03 11:19:22','[\"products\\/19-2.jpg\",\"products\\/50-1.jpg\"]'),(147,7,NULL,NULL,12,5,'For me the best eCommerce script on Envato at this moment: modern, clean code, a lot of great features. The customer support is great too: I always get an answer within hours!','published','2025-05-03 11:19:22','2025-05-03 11:19:22','[\"products\\/2-3.jpg\",\"products\\/22-3.jpg\"]'),(148,2,NULL,NULL,1,4,'Solution is too robust for our purpose so we didn\'t use it at the end. But I appreciate customer support during initial configuration.','published','2025-05-03 11:19:22','2025-05-03 11:19:22','[\"products\\/23-3.jpg\",\"products\\/63-1.jpg\"]'),(149,7,NULL,NULL,22,3,'This script is well coded and is super fast. The support is pretty quick. Very patient and helpful team. I strongly recommend it and they deserve more than 5 stars.','published','2025-05-03 11:19:22','2025-05-03 11:19:22','[\"products\\/32-1.jpg\"]'),(150,2,NULL,NULL,18,4,'Customer Support are grade (A*), however the code is a way too over engineered for it\'s purpose.','published','2025-05-03 11:19:22','2025-05-03 11:19:22','[\"products\\/4-3.jpg\",\"products\\/31-1.jpg\",\"products\\/37-1.jpg\",\"products\\/38.jpg\"]'),(152,9,NULL,NULL,21,4,'Customer Support are grade (A*), however the code is a way too over engineered for it\'s purpose.','published','2025-05-03 11:19:22','2025-05-03 11:19:22','[\"products\\/18-1.jpg\",\"products\\/42.jpg\"]'),(153,2,NULL,NULL,21,2,'The best store template! Excellent coding! Very good support! Thank you so much for all the help, I really appreciated.','published','2025-05-03 11:19:22','2025-05-03 11:19:22','[\"products\\/28.jpg\"]'),(155,3,NULL,NULL,8,3,'It\'s not my first experience here on Codecanyon and I can honestly tell you all that Botble puts a LOT of effort into the support. They answer so fast, they helped me tons of times. REALLY by far THE BEST EXPERIENCE on Codecanyon. Those guys at Botble are so good that they deserve 5 stars. I recommend them, I trust them and I can\'t wait to see what they will sell in a near future. Thank you Botble :)','published','2025-05-03 11:19:22','2025-05-03 11:19:22','[\"products\\/1.jpg\"]'),(156,2,NULL,NULL,32,3,'The best ecommerce CMS! Excellent coding! best support service! Thank you so much..... I really like your hard work.','published','2025-05-03 11:19:22','2025-05-03 11:19:22','[\"products\\/30-2.jpg\",\"products\\/45.jpg\",\"products\\/54.jpg\"]'),(157,7,NULL,NULL,13,1,'Amazing code, amazing support. Overall, im really confident in Botble and im happy I made the right choice! Thank you so much guys for coding this masterpiece','published','2025-05-03 11:19:22','2025-05-03 11:19:22','[\"products\\/1.jpg\",\"products\\/43-1.jpg\",\"products\\/58-2.jpg\"]'),(158,1,NULL,NULL,51,1,'Best ecommerce CMS online store!','published','2025-05-03 11:19:22','2025-05-03 11:19:22','[\"products\\/64-1.jpg\"]'),(160,4,NULL,NULL,45,1,'Great E-commerce system. And much more : Wonderful Customer Support.','published','2025-05-03 11:19:22','2025-05-03 11:19:22','[\"products\\/28.jpg\",\"products\\/46.jpg\"]'),(161,3,NULL,NULL,50,1,'The best ecommerce CMS! Excellent coding! best support service! Thank you so much..... I really like your hard work.','published','2025-05-03 11:19:22','2025-05-03 11:19:22','[\"products\\/29.jpg\",\"products\\/42-2.jpg\"]'),(163,3,NULL,NULL,32,3,'I Love this Script. I also found how to add other fees. Now I just wait the BIG update for the Marketplace with the Bulk Import. Just do not forget to make it to be Multi-language for us the Botble Fans.','published','2025-05-03 11:19:22','2025-05-03 11:19:22','[\"products\\/17-1.jpg\",\"products\\/51.jpg\",\"products\\/60-1.jpg\"]'),(164,4,NULL,NULL,23,3,'Best ecommerce CMS online store!','published','2025-05-03 11:19:22','2025-05-03 11:19:22','[\"products\\/19.jpg\",\"products\\/30-1.jpg\",\"products\\/60-2.jpg\"]'),(166,3,NULL,NULL,59,4,'Cool template. Excellent code quality. The support responds very quickly, which is very rare on themeforest and codecanyon.net, I buy a lot of templates, and everyone will have a response from technical support for two or three days. Thanks to tech support. I recommend to buy.','published','2025-05-03 11:19:22','2025-05-03 11:19:22','[\"products\\/18-3.jpg\",\"products\\/37-1.jpg\",\"products\\/41-2.jpg\"]'),(167,8,NULL,NULL,42,5,'The best store template! Excellent coding! Very good support! Thank you so much for all the help, I really appreciated.','published','2025-05-03 11:19:22','2025-05-03 11:19:22','[\"products\\/11.jpg\",\"products\\/35.jpg\"]'),(169,8,NULL,NULL,18,2,'Customer Support are grade (A*), however the code is a way too over engineered for it\'s purpose.','published','2025-05-03 11:19:22','2025-05-03 11:19:22','[\"products\\/28.jpg\",\"products\\/36-2.jpg\",\"products\\/42-2.jpg\"]'),(171,5,NULL,NULL,40,4,'Great E-commerce system. And much more : Wonderful Customer Support.','published','2025-05-03 11:19:22','2025-05-03 11:19:22','[\"products\\/63.jpg\"]'),(172,3,NULL,NULL,46,1,'Second or third time that I buy a Botble product, happy with the products and support. You guys do a good job :)','published','2025-05-03 11:19:22','2025-05-03 11:19:22','[\"products\\/8.jpg\",\"products\\/25-1.jpg\"]'),(176,1,NULL,NULL,47,4,'Cool template. Excellent code quality. The support responds very quickly, which is very rare on themeforest and codecanyon.net, I buy a lot of templates, and everyone will have a response from technical support for two or three days. Thanks to tech support. I recommend to buy.','published','2025-05-03 11:19:22','2025-05-03 11:19:22','[\"products\\/33-2.jpg\",\"products\\/58-2.jpg\"]'),(178,5,NULL,NULL,21,2,'The code is good, in general, if you like it, can you give it 5 stars?','published','2025-05-03 11:19:22','2025-05-03 11:19:22','[\"products\\/32.jpg\",\"products\\/47-1.jpg\"]'),(180,9,NULL,NULL,62,1,'The code is good, in general, if you like it, can you give it 5 stars?','published','2025-05-03 11:19:22','2025-05-03 11:19:22','[\"products\\/5-1.jpg\",\"products\\/39-2.jpg\",\"products\\/44-1.jpg\"]'),(181,4,NULL,NULL,51,2,'As a developer I reviewed this script. This is really awesome ecommerce script. I have convinced when I noticed that it\'s built on fully WordPress concept.','published','2025-05-03 11:19:22','2025-05-03 11:19:22','[\"products\\/19.jpg\",\"products\\/44-1.jpg\",\"products\\/54-1.jpg\"]'),(182,2,NULL,NULL,37,2,'Amazing code, amazing support. Overall, im really confident in Botble and im happy I made the right choice! Thank you so much guys for coding this masterpiece','published','2025-05-03 11:19:22','2025-05-03 11:19:22','[\"products\\/6.jpg\",\"products\\/20-1.jpg\",\"products\\/28.jpg\",\"products\\/29-1.jpg\"]'),(183,5,NULL,NULL,39,5,'Great system, great support, good job Botble. I\'m looking forward to more great functional plugins.','published','2025-05-03 11:19:22','2025-05-03 11:19:22','[\"products\\/46-1.jpg\",\"products\\/50-1.jpg\"]'),(184,6,NULL,NULL,22,5,'Amazing code, amazing support. Overall, im really confident in Botble and im happy I made the right choice! Thank you so much guys for coding this masterpiece','published','2025-05-03 11:19:22','2025-05-03 11:19:22','[\"products\\/4-1.jpg\",\"products\\/9-2.jpg\",\"products\\/12-1.jpg\",\"products\\/44.jpg\"]'),(185,4,NULL,NULL,41,1,'Ok good product. I have some issues in customizations. But its not correct to blame the developer. The product is good. Good luck for your business.','published','2025-05-03 11:19:22','2025-05-03 11:19:22','[\"products\\/37.jpg\",\"products\\/60.jpg\"]'),(186,3,NULL,NULL,53,2,'Perfect +++++++++ i love it really also i get to fast ticket answers... Thanks Lot BOTBLE Teams','published','2025-05-03 11:19:22','2025-05-03 11:19:22','[\"products\\/5-3.jpg\",\"products\\/64-1.jpg\"]'),(187,2,NULL,NULL,29,4,'Perfect +++++++++ i love it really also i get to fast ticket answers... Thanks Lot BOTBLE Teams','published','2025-05-03 11:19:22','2025-05-03 11:19:22','[\"products\\/29.jpg\"]'),(188,8,NULL,NULL,63,3,'This web app is really good in design, code quality & features. Besides, the customer support provided by the Botble team was really fast & helpful. You guys are awesome!','published','2025-05-03 11:19:22','2025-05-03 11:19:22','[\"products\\/9.jpg\",\"products\\/44-2.jpg\",\"products\\/45-1.jpg\",\"products\\/55.jpg\"]'),(189,5,NULL,NULL,42,1,'Great system, great support, good job Botble. I\'m looking forward to more great functional plugins.','published','2025-05-03 11:19:22','2025-05-03 11:19:22','[\"products\\/24.jpg\",\"products\\/32-2.jpg\",\"products\\/36-2.jpg\",\"products\\/64.jpg\"]'),(190,5,NULL,NULL,50,2,'Solution is too robust for our purpose so we didn\'t use it at the end. But I appreciate customer support during initial configuration.','published','2025-05-03 11:19:22','2025-05-03 11:19:22','[\"products\\/8-2.jpg\",\"products\\/29.jpg\",\"products\\/58-2.jpg\",\"products\\/64.jpg\"]'),(191,1,NULL,NULL,6,3,'For me the best eCommerce script on Envato at this moment: modern, clean code, a lot of great features. The customer support is great too: I always get an answer within hours!','published','2025-05-03 11:19:22','2025-05-03 11:19:22','[\"products\\/20-2.jpg\",\"products\\/62.jpg\",\"products\\/65-1.jpg\"]'),(192,3,NULL,NULL,43,2,'For me the best eCommerce script on Envato at this moment: modern, clean code, a lot of great features. The customer support is great too: I always get an answer within hours!','published','2025-05-03 11:19:22','2025-05-03 11:19:22','[\"products\\/23-3.jpg\",\"products\\/41-1.jpg\"]'),(193,9,NULL,NULL,28,1,'Second or third time that I buy a Botble product, happy with the products and support. You guys do a good job :)','published','2025-05-03 11:19:22','2025-05-03 11:19:22','[\"products\\/5-1.jpg\",\"products\\/15.jpg\",\"products\\/48-2.jpg\",\"products\\/53-1.jpg\"]'),(194,9,NULL,NULL,17,5,'Good app, good backup service and support. Good documentation.','published','2025-05-03 11:19:22','2025-05-03 11:19:22','[\"products\\/28-2.jpg\"]'),(195,2,NULL,NULL,41,3,'Those guys now what they are doing, the release such a good product that it\'s a pleasure to work with ! Even when I was stuck on the project, I created a ticket and the next day it was replied by the team. GOOD JOB guys. I love working with them :)','published','2025-05-03 11:19:22','2025-05-03 11:19:22','[\"products\\/24-1.jpg\",\"products\\/26.jpg\",\"products\\/31-1.jpg\"]'),(196,9,NULL,NULL,3,4,'We have received brilliant service support and will be expanding the features with the developer. Nice product!','published','2025-05-03 11:19:22','2025-05-03 11:19:22','[\"products\\/35.jpg\"]'),(197,4,NULL,NULL,36,1,'Amazing code, amazing support. Overall, im really confident in Botble and im happy I made the right choice! Thank you so much guys for coding this masterpiece','published','2025-05-03 11:19:22','2025-05-03 11:19:22','[\"products\\/22.jpg\",\"products\\/24.jpg\",\"products\\/45.jpg\"]'),(198,7,NULL,NULL,2,2,'The best store template! Excellent coding! Very good support! Thank you so much for all the help, I really appreciated.','published','2025-05-03 11:19:22','2025-05-03 11:19:22','[\"products\\/2-1.jpg\",\"products\\/23-1.jpg\",\"products\\/25.jpg\",\"products\\/48.jpg\"]'),(199,7,NULL,NULL,57,3,'Very enthusiastic support! Excellent code is written. It\'s a true pleasure working with.','published','2025-05-03 11:19:22','2025-05-03 11:19:22','[\"products\\/14.jpg\",\"products\\/58-1.jpg\",\"products\\/62-1.jpg\",\"products\\/65-1.jpg\"]'),(200,2,NULL,NULL,17,1,'Those guys now what they are doing, the release such a good product that it\'s a pleasure to work with ! Even when I was stuck on the project, I created a ticket and the next day it was replied by the team. GOOD JOB guys. I love working with them :)','published','2025-05-03 11:19:22','2025-05-03 11:19:22','[\"products\\/4-2.jpg\",\"products\\/5.jpg\",\"products\\/27-1.jpg\",\"products\\/58-1.jpg\"]'),(201,1,NULL,NULL,45,5,'These guys are amazing! Responses immediately, amazing support and help... I immediately feel at ease after Purchasing..','published','2025-05-03 11:19:22','2025-05-03 11:19:22','[\"products\\/4.jpg\",\"products\\/25-2.jpg\",\"products\\/30-1.jpg\",\"products\\/36.jpg\"]'),(203,4,NULL,NULL,27,5,'These guys are amazing! Responses immediately, amazing support and help... I immediately feel at ease after Purchasing..','published','2025-05-03 11:19:22','2025-05-03 11:19:22','[\"products\\/15.jpg\",\"products\\/30.jpg\",\"products\\/56-2.jpg\"]'),(204,7,NULL,NULL,58,1,'I Love this Script. I also found how to add other fees. Now I just wait the BIG update for the Marketplace with the Bulk Import. Just do not forget to make it to be Multi-language for us the Botble Fans.','published','2025-05-03 11:19:22','2025-05-03 11:19:22','[\"products\\/50-1.jpg\"]'),(205,1,NULL,NULL,38,3,'Second or third time that I buy a Botble product, happy with the products and support. You guys do a good job :)','published','2025-05-03 11:19:22','2025-05-03 11:19:22','[\"products\\/61.jpg\"]'),(207,9,NULL,NULL,29,1,'It\'s not my first experience here on Codecanyon and I can honestly tell you all that Botble puts a LOT of effort into the support. They answer so fast, they helped me tons of times. REALLY by far THE BEST EXPERIENCE on Codecanyon. Those guys at Botble are so good that they deserve 5 stars. I recommend them, I trust them and I can\'t wait to see what they will sell in a near future. Thank you Botble :)','published','2025-05-03 11:19:22','2025-05-03 11:19:22','[\"products\\/11-2.jpg\",\"products\\/25.jpg\"]'),(208,6,NULL,NULL,27,5,'Great E-commerce system. And much more : Wonderful Customer Support.','published','2025-05-03 11:19:22','2025-05-03 11:19:22','[\"products\\/42-2.jpg\",\"products\\/65.jpg\"]'),(213,1,NULL,NULL,25,5,'The best ecommerce CMS! Excellent coding! best support service! Thank you so much..... I really like your hard work.','published','2025-05-03 11:19:22','2025-05-03 11:19:22','[\"products\\/14.jpg\",\"products\\/47.jpg\"]'),(214,1,NULL,NULL,61,3,'These guys are amazing! Responses immediately, amazing support and help... I immediately feel at ease after Purchasing..','published','2025-05-03 11:19:22','2025-05-03 11:19:22','[\"products\\/49-2.jpg\"]'),(215,4,NULL,NULL,65,5,'This script is well coded and is super fast. The support is pretty quick. Very patient and helpful team. I strongly recommend it and they deserve more than 5 stars.','published','2025-05-03 11:19:22','2025-05-03 11:19:22','[\"products\\/17-3.jpg\",\"products\\/29-2.jpg\",\"products\\/46-1.jpg\"]'),(216,9,NULL,NULL,51,5,'This web app is really good in design, code quality & features. Besides, the customer support provided by the Botble team was really fast & helpful. You guys are awesome!','published','2025-05-03 11:19:22','2025-05-03 11:19:22','[\"products\\/11.jpg\",\"products\\/23-1.jpg\"]'),(217,1,NULL,NULL,48,3,'Great system, great support, good job Botble. I\'m looking forward to more great functional plugins.','published','2025-05-03 11:19:22','2025-05-03 11:19:22','[\"products\\/2-2.jpg\",\"products\\/22-3.jpg\",\"products\\/25.jpg\",\"products\\/30-2.jpg\"]'),(218,2,NULL,NULL,46,1,'Ok good product. I have some issues in customizations. But its not correct to blame the developer. The product is good. Good luck for your business.','published','2025-05-03 11:19:22','2025-05-03 11:19:22','[\"products\\/8.jpg\",\"products\\/31-1.jpg\"]'),(219,4,NULL,NULL,34,3,'This script is well coded and is super fast. The support is pretty quick. Very patient and helpful team. I strongly recommend it and they deserve more than 5 stars.','published','2025-05-03 11:19:22','2025-05-03 11:19:22','[\"products\\/17-2.jpg\",\"products\\/20-3.jpg\",\"products\\/32.jpg\",\"products\\/55-2.jpg\"]'),(220,2,NULL,NULL,43,3,'This script is well coded and is super fast. The support is pretty quick. Very patient and helpful team. I strongly recommend it and they deserve more than 5 stars.','published','2025-05-03 11:19:22','2025-05-03 11:19:22','[\"products\\/17-2.jpg\",\"products\\/23-3.jpg\"]'),(223,5,NULL,NULL,6,5,'This web app is really good in design, code quality & features. Besides, the customer support provided by the Botble team was really fast & helpful. You guys are awesome!','published','2025-05-03 11:19:22','2025-05-03 11:19:22','[\"products\\/4-1.jpg\",\"products\\/12.jpg\",\"products\\/20-2.jpg\",\"products\\/51.jpg\"]'),(224,9,NULL,NULL,46,1,'Amazing code, amazing support. Overall, im really confident in Botble and im happy I made the right choice! Thank you so much guys for coding this masterpiece','published','2025-05-03 11:19:22','2025-05-03 11:19:22','[\"products\\/4.jpg\",\"products\\/21-1.jpg\",\"products\\/52-2.jpg\",\"products\\/64-1.jpg\"]'),(226,6,NULL,NULL,8,4,'Cool template. Excellent code quality. The support responds very quickly, which is very rare on themeforest and codecanyon.net, I buy a lot of templates, and everyone will have a response from technical support for two or three days. Thanks to tech support. I recommend to buy.','published','2025-05-03 11:19:22','2025-05-03 11:19:22','[\"products\\/16.jpg\",\"products\\/47.jpg\",\"products\\/52-2.jpg\",\"products\\/64.jpg\"]'),(230,4,NULL,NULL,8,3,'Those guys now what they are doing, the release such a good product that it\'s a pleasure to work with ! Even when I was stuck on the project, I created a ticket and the next day it was replied by the team. GOOD JOB guys. I love working with them :)','published','2025-05-03 11:19:22','2025-05-03 11:19:22','[\"products\\/60.jpg\"]'),(231,9,NULL,NULL,42,1,'Solution is too robust for our purpose so we didn\'t use it at the end. But I appreciate customer support during initial configuration.','published','2025-05-03 11:19:22','2025-05-03 11:19:22','[\"products\\/4-1.jpg\",\"products\\/31.jpg\",\"products\\/47-1.jpg\",\"products\\/52.jpg\"]'),(233,2,NULL,NULL,27,3,'Second or third time that I buy a Botble product, happy with the products and support. You guys do a good job :)','published','2025-05-03 11:19:22','2025-05-03 11:19:22','[\"products\\/24.jpg\",\"products\\/26-1.jpg\",\"products\\/59-1.jpg\",\"products\\/65-2.jpg\"]'),(234,8,NULL,NULL,24,2,'For me the best eCommerce script on Envato at this moment: modern, clean code, a lot of great features. The customer support is great too: I always get an answer within hours!','published','2025-05-03 11:19:22','2025-05-03 11:19:22','[\"products\\/8-3.jpg\",\"products\\/32-2.jpg\"]'),(236,2,NULL,NULL,50,4,'This web app is really good in design, code quality & features. Besides, the customer support provided by the Botble team was really fast & helpful. You guys are awesome!','published','2025-05-03 11:19:22','2025-05-03 11:19:22','[\"products\\/11.jpg\",\"products\\/20-3.jpg\",\"products\\/25.jpg\",\"products\\/37-2.jpg\"]'),(237,9,NULL,NULL,32,3,'Perfect +++++++++ i love it really also i get to fast ticket answers... Thanks Lot BOTBLE Teams','published','2025-05-03 11:19:22','2025-05-03 11:19:22','[\"products\\/26-1.jpg\",\"products\\/63-1.jpg\"]'),(238,3,NULL,NULL,44,1,'The best store template! Excellent coding! Very good support! Thank you so much for all the help, I really appreciated.','published','2025-05-03 11:19:22','2025-05-03 11:19:22','[\"products\\/4-2.jpg\",\"products\\/26.jpg\"]'),(239,2,NULL,NULL,19,4,'It\'s not my first experience here on Codecanyon and I can honestly tell you all that Botble puts a LOT of effort into the support. They answer so fast, they helped me tons of times. REALLY by far THE BEST EXPERIENCE on Codecanyon. Those guys at Botble are so good that they deserve 5 stars. I recommend them, I trust them and I can\'t wait to see what they will sell in a near future. Thank you Botble :)','published','2025-05-03 11:19:22','2025-05-03 11:19:22','[\"products\\/10.jpg\",\"products\\/41.jpg\",\"products\\/47.jpg\"]'),(240,5,NULL,NULL,36,1,'The script is the best of its class, fast, easy to implement and work with , and the most important thing is the great support team , Recommend with no doubt.','published','2025-05-03 11:19:22','2025-05-03 11:19:22','[\"products\\/21.jpg\"]'),(241,7,NULL,NULL,54,1,'This web app is really good in design, code quality & features. Besides, the customer support provided by the Botble team was really fast & helpful. You guys are awesome!','published','2025-05-03 11:19:22','2025-05-03 11:19:22','[\"products\\/21-1.jpg\",\"products\\/29-1.jpg\",\"products\\/35.jpg\",\"products\\/56.jpg\"]'),(244,2,NULL,NULL,55,4,'As a developer I reviewed this script. This is really awesome ecommerce script. I have convinced when I noticed that it\'s built on fully WordPress concept.','published','2025-05-03 11:19:22','2025-05-03 11:19:22','[\"products\\/55-1.jpg\"]'),(245,2,NULL,NULL,42,3,'It\'s not my first experience here on Codecanyon and I can honestly tell you all that Botble puts a LOT of effort into the support. They answer so fast, they helped me tons of times. REALLY by far THE BEST EXPERIENCE on Codecanyon. Those guys at Botble are so good that they deserve 5 stars. I recommend them, I trust them and I can\'t wait to see what they will sell in a near future. Thank you Botble :)','published','2025-05-03 11:19:22','2025-05-03 11:19:22','[\"products\\/17-3.jpg\",\"products\\/64.jpg\"]'),(246,4,NULL,NULL,18,5,'Perfect +++++++++ i love it really also i get to fast ticket answers... Thanks Lot BOTBLE Teams','published','2025-05-03 11:19:22','2025-05-03 11:19:22','[\"products\\/2-2.jpg\",\"products\\/38-1.jpg\",\"products\\/41-2.jpg\",\"products\\/59-3.jpg\"]'),(247,1,NULL,NULL,17,1,'Very enthusiastic support! Excellent code is written. It\'s a true pleasure working with.','published','2025-05-03 11:19:22','2025-05-03 11:19:22','[\"products\\/19.jpg\"]'),(248,1,NULL,NULL,64,5,'The script is the best of its class, fast, easy to implement and work with , and the most important thing is the great support team , Recommend with no doubt.','published','2025-05-03 11:19:22','2025-05-03 11:19:22','[\"products\\/24-2.jpg\",\"products\\/27.jpg\"]'),(250,2,NULL,NULL,13,4,'This script is well coded and is super fast. The support is pretty quick. Very patient and helpful team. I strongly recommend it and they deserve more than 5 stars.','published','2025-05-03 11:19:22','2025-05-03 11:19:22','[\"products\\/22-2.jpg\",\"products\\/41.jpg\",\"products\\/46.jpg\"]'),(252,4,NULL,NULL,22,5,'Great system, great support, good job Botble. I\'m looking forward to more great functional plugins.','published','2025-05-03 11:19:22','2025-05-03 11:19:22','[\"products\\/30-1.jpg\",\"products\\/39-2.jpg\",\"products\\/40.jpg\",\"products\\/57.jpg\"]'),(253,8,NULL,NULL,44,2,'Perfect +++++++++ i love it really also i get to fast ticket answers... Thanks Lot BOTBLE Teams','published','2025-05-03 11:19:22','2025-05-03 11:19:22','[\"products\\/15.jpg\",\"products\\/17-3.jpg\",\"products\\/30-2.jpg\"]'),(254,3,NULL,NULL,14,5,'Second or third time that I buy a Botble product, happy with the products and support. You guys do a good job :)','published','2025-05-03 11:19:22','2025-05-03 11:19:22','[\"products\\/7.jpg\",\"products\\/42.jpg\"]'),(256,7,NULL,NULL,34,4,'Solution is too robust for our purpose so we didn\'t use it at the end. But I appreciate customer support during initial configuration.','published','2025-05-03 11:19:22','2025-05-03 11:19:22','[\"products\\/4-2.jpg\",\"products\\/5-3.jpg\",\"products\\/12-2.jpg\",\"products\\/18-1.jpg\"]'),(258,8,NULL,NULL,17,3,'The script is the best of its class, fast, easy to implement and work with , and the most important thing is the great support team , Recommend with no doubt.','published','2025-05-03 11:19:22','2025-05-03 11:19:22','[\"products\\/11-2.jpg\",\"products\\/14.jpg\",\"products\\/29-1.jpg\",\"products\\/42.jpg\"]'),(259,8,NULL,NULL,54,2,'These guys are amazing! Responses immediately, amazing support and help... I immediately feel at ease after Purchasing..','published','2025-05-03 11:19:22','2025-05-03 11:19:22','[\"products\\/9-1.jpg\",\"products\\/12.jpg\",\"products\\/14.jpg\",\"products\\/29-2.jpg\"]'),(261,4,NULL,NULL,30,3,'Very enthusiastic support! Excellent code is written. It\'s a true pleasure working with.','published','2025-05-03 11:19:22','2025-05-03 11:19:22','[\"products\\/46-1.jpg\"]'),(262,1,NULL,NULL,11,5,'Very enthusiastic support! Excellent code is written. It\'s a true pleasure working with.','published','2025-05-03 11:19:22','2025-05-03 11:19:22','[\"products\\/25-1.jpg\",\"products\\/65-2.jpg\"]'),(266,7,NULL,NULL,23,5,'The code is good, in general, if you like it, can you give it 5 stars?','published','2025-05-03 11:19:22','2025-05-03 11:19:22','[\"products\\/27.jpg\",\"products\\/63.jpg\"]'),(267,8,NULL,NULL,15,1,'We have received brilliant service support and will be expanding the features with the developer. Nice product!','published','2025-05-03 11:19:22','2025-05-03 11:19:22','[\"products\\/10.jpg\",\"products\\/11-1.jpg\",\"products\\/57.jpg\"]'),(268,5,NULL,NULL,24,2,'Perfect +++++++++ i love it really also i get to fast ticket answers... Thanks Lot BOTBLE Teams','published','2025-05-03 11:19:22','2025-05-03 11:19:22','[\"products\\/2.jpg\",\"products\\/22-1.jpg\",\"products\\/42-1.jpg\",\"products\\/52-2.jpg\"]'),(273,1,NULL,NULL,13,1,'Good app, good backup service and support. Good documentation.','published','2025-05-03 11:19:22','2025-05-03 11:19:22','[\"products\\/43-2.jpg\",\"products\\/54.jpg\"]'),(274,7,NULL,NULL,40,3,'This web app is really good in design, code quality & features. Besides, the customer support provided by the Botble team was really fast & helpful. You guys are awesome!','published','2025-05-03 11:19:22','2025-05-03 11:19:22','[\"products\\/4-2.jpg\"]'),(278,7,NULL,NULL,46,3,'Great E-commerce system. And much more : Wonderful Customer Support.','published','2025-05-03 11:19:22','2025-05-03 11:19:22','[\"products\\/3.jpg\",\"products\\/49-1.jpg\",\"products\\/51.jpg\",\"products\\/63-1.jpg\"]'),(282,5,NULL,NULL,23,3,'As a developer I reviewed this script. This is really awesome ecommerce script. I have convinced when I noticed that it\'s built on fully WordPress concept.','published','2025-05-03 11:19:22','2025-05-03 11:19:22','[\"products\\/2.jpg\",\"products\\/19-2.jpg\",\"products\\/26.jpg\"]'),(283,3,NULL,NULL,10,1,'The code is good, in general, if you like it, can you give it 5 stars?','published','2025-05-03 11:19:22','2025-05-03 11:19:22','[\"products\\/5-1.jpg\",\"products\\/20.jpg\",\"products\\/30-1.jpg\"]'),(284,5,NULL,NULL,25,3,'For me the best eCommerce script on Envato at this moment: modern, clean code, a lot of great features. The customer support is great too: I always get an answer within hours!','published','2025-05-03 11:19:22','2025-05-03 11:19:22','[\"products\\/8.jpg\",\"products\\/20.jpg\",\"products\\/21.jpg\"]'),(287,5,NULL,NULL,29,3,'Ok good product. I have some issues in customizations. But its not correct to blame the developer. The product is good. Good luck for your business.','published','2025-05-03 11:19:22','2025-05-03 11:19:22','[\"products\\/21-1.jpg\",\"products\\/25.jpg\",\"products\\/35-1.jpg\"]'),(289,7,NULL,NULL,8,2,'I Love this Script. I also found how to add other fees. Now I just wait the BIG update for the Marketplace with the Bulk Import. Just do not forget to make it to be Multi-language for us the Botble Fans.','published','2025-05-03 11:19:22','2025-05-03 11:19:22','[\"products\\/24-1.jpg\"]'),(290,6,NULL,NULL,35,1,'Those guys now what they are doing, the release such a good product that it\'s a pleasure to work with ! Even when I was stuck on the project, I created a ticket and the next day it was replied by the team. GOOD JOB guys. I love working with them :)','published','2025-05-03 11:19:22','2025-05-03 11:19:22','[\"products\\/17-3.jpg\",\"products\\/20-2.jpg\",\"products\\/25-1.jpg\"]'),(291,3,NULL,NULL,47,5,'This script is well coded and is super fast. The support is pretty quick. Very patient and helpful team. I strongly recommend it and they deserve more than 5 stars.','published','2025-05-03 11:19:22','2025-05-03 11:19:22','[\"products\\/2-1.jpg\"]'),(292,6,NULL,NULL,17,3,'Amazing code, amazing support. Overall, im really confident in Botble and im happy I made the right choice! Thank you so much guys for coding this masterpiece','published','2025-05-03 11:19:22','2025-05-03 11:19:22','[\"products\\/12.jpg\"]'),(293,9,NULL,NULL,34,1,'Great E-commerce system. And much more : Wonderful Customer Support.','published','2025-05-03 11:19:22','2025-05-03 11:19:22','[\"products\\/12.jpg\"]'),(301,7,NULL,NULL,31,4,'Solution is too robust for our purpose so we didn\'t use it at the end. But I appreciate customer support during initial configuration.','published','2025-05-03 11:19:22','2025-05-03 11:19:22','[\"products\\/5-1.jpg\",\"products\\/18-2.jpg\",\"products\\/33-2.jpg\"]'),(302,9,NULL,NULL,11,4,'Perfect +++++++++ i love it really also i get to fast ticket answers... Thanks Lot BOTBLE Teams','published','2025-05-03 11:19:22','2025-05-03 11:19:22','[\"products\\/12.jpg\",\"products\\/19-2.jpg\",\"products\\/26-1.jpg\",\"products\\/58-2.jpg\"]'),(304,6,NULL,NULL,24,2,'Perfect +++++++++ i love it really also i get to fast ticket answers... Thanks Lot BOTBLE Teams','published','2025-05-03 11:19:22','2025-05-03 11:19:22','[\"products\\/23-3.jpg\",\"products\\/47.jpg\",\"products\\/56.jpg\"]'),(305,6,NULL,NULL,19,3,'This script is well coded and is super fast. The support is pretty quick. Very patient and helpful team. I strongly recommend it and they deserve more than 5 stars.','published','2025-05-03 11:19:22','2025-05-03 11:19:22','[\"products\\/30-2.jpg\"]'),(306,3,NULL,NULL,51,2,'Clean & perfect source code','published','2025-05-03 11:19:22','2025-05-03 11:19:22','[\"products\\/12-2.jpg\",\"products\\/13.jpg\",\"products\\/59-2.jpg\"]'),(310,4,NULL,NULL,19,3,'Amazing code, amazing support. Overall, im really confident in Botble and im happy I made the right choice! Thank you so much guys for coding this masterpiece','published','2025-05-03 11:19:22','2025-05-03 11:19:22','[\"products\\/2-1.jpg\",\"products\\/17.jpg\"]'),(311,6,NULL,NULL,59,3,'I Love this Script. I also found how to add other fees. Now I just wait the BIG update for the Marketplace with the Bulk Import. Just do not forget to make it to be Multi-language for us the Botble Fans.','published','2025-05-03 11:19:22','2025-05-03 11:19:22','[\"products\\/23-3.jpg\"]'),(314,9,NULL,NULL,41,3,'Ok good product. I have some issues in customizations. But its not correct to blame the developer. The product is good. Good luck for your business.','published','2025-05-03 11:19:22','2025-05-03 11:19:22','[\"products\\/2-2.jpg\",\"products\\/18-2.jpg\",\"products\\/36.jpg\",\"products\\/52.jpg\"]'),(319,5,NULL,NULL,17,2,'Customer Support are grade (A*), however the code is a way too over engineered for it\'s purpose.','published','2025-05-03 11:19:22','2025-05-03 11:19:22','[\"products\\/18-2.jpg\"]'),(320,4,NULL,NULL,1,2,'Second or third time that I buy a Botble product, happy with the products and support. You guys do a good job :)','published','2025-05-03 11:19:22','2025-05-03 11:19:22','[\"products\\/20-3.jpg\",\"products\\/42-2.jpg\",\"products\\/63.jpg\"]'),(321,9,NULL,NULL,25,1,'As a developer I reviewed this script. This is really awesome ecommerce script. I have convinced when I noticed that it\'s built on fully WordPress concept.','published','2025-05-03 11:19:22','2025-05-03 11:19:22','[\"products\\/6.jpg\",\"products\\/9-1.jpg\",\"products\\/33-2.jpg\",\"products\\/60-2.jpg\"]'),(322,8,NULL,NULL,34,4,'Amazing code, amazing support. Overall, im really confident in Botble and im happy I made the right choice! Thank you so much guys for coding this masterpiece','published','2025-05-03 11:19:22','2025-05-03 11:19:22','[\"products\\/1.jpg\",\"products\\/47-1.jpg\"]'),(323,1,NULL,NULL,65,5,'Ok good product. I have some issues in customizations. But its not correct to blame the developer. The product is good. Good luck for your business.','published','2025-05-03 11:19:22','2025-05-03 11:19:22','[\"products\\/19-3.jpg\",\"products\\/29-1.jpg\",\"products\\/54-1.jpg\"]'),(324,7,NULL,NULL,52,3,'Clean & perfect source code','published','2025-05-03 11:19:22','2025-05-03 11:19:22','[\"products\\/19-2.jpg\",\"products\\/20-2.jpg\",\"products\\/24.jpg\",\"products\\/47-1.jpg\"]'),(326,3,NULL,NULL,54,3,'Cool template. Excellent code quality. The support responds very quickly, which is very rare on themeforest and codecanyon.net, I buy a lot of templates, and everyone will have a response from technical support for two or three days. Thanks to tech support. I recommend to buy.','published','2025-05-03 11:19:22','2025-05-03 11:19:22','[\"products\\/4.jpg\"]'),(328,3,NULL,NULL,25,1,'This script is well coded and is super fast. The support is pretty quick. Very patient and helpful team. I strongly recommend it and they deserve more than 5 stars.','published','2025-05-03 11:19:22','2025-05-03 11:19:22','[\"products\\/59-1.jpg\"]'),(329,6,NULL,NULL,47,1,'We have received brilliant service support and will be expanding the features with the developer. Nice product!','published','2025-05-03 11:19:22','2025-05-03 11:19:22','[\"products\\/26.jpg\"]'),(333,5,NULL,NULL,15,2,'It\'s not my first experience here on Codecanyon and I can honestly tell you all that Botble puts a LOT of effort into the support. They answer so fast, they helped me tons of times. REALLY by far THE BEST EXPERIENCE on Codecanyon. Those guys at Botble are so good that they deserve 5 stars. I recommend them, I trust them and I can\'t wait to see what they will sell in a near future. Thank you Botble :)','published','2025-05-03 11:19:22','2025-05-03 11:19:22','[\"products\\/65-1.jpg\"]'),(335,3,NULL,NULL,58,4,'Perfect +++++++++ i love it really also i get to fast ticket answers... Thanks Lot BOTBLE Teams','published','2025-05-03 11:19:22','2025-05-03 11:19:22','[\"products\\/35.jpg\",\"products\\/46.jpg\",\"products\\/57-1.jpg\"]'),(336,1,NULL,NULL,23,3,'Best ecommerce CMS online store!','published','2025-05-03 11:19:22','2025-05-03 11:19:22','[\"products\\/46-1.jpg\"]'),(338,3,NULL,NULL,42,3,'We have received brilliant service support and will be expanding the features with the developer. Nice product!','published','2025-05-03 11:19:22','2025-05-03 11:19:22','[\"products\\/1.jpg\",\"products\\/15-1.jpg\",\"products\\/65-2.jpg\"]'),(339,8,NULL,NULL,13,5,'Best ecommerce CMS online store!','published','2025-05-03 11:19:22','2025-05-03 11:19:22','[\"products\\/2-2.jpg\",\"products\\/20-2.jpg\"]'),(342,4,NULL,NULL,48,1,'Ok good product. I have some issues in customizations. But its not correct to blame the developer. The product is good. Good luck for your business.','published','2025-05-03 11:19:22','2025-05-03 11:19:22','[\"products\\/8.jpg\",\"products\\/35-1.jpg\",\"products\\/39-1.jpg\",\"products\\/63-1.jpg\"]'),(345,6,NULL,NULL,6,4,'As a developer I reviewed this script. This is really awesome ecommerce script. I have convinced when I noticed that it\'s built on fully WordPress concept.','published','2025-05-03 11:19:22','2025-05-03 11:19:22','[\"products\\/2-3.jpg\"]'),(346,3,NULL,NULL,48,4,'We have received brilliant service support and will be expanding the features with the developer. Nice product!','published','2025-05-03 11:19:22','2025-05-03 11:19:22','[\"products\\/18.jpg\",\"products\\/24-1.jpg\",\"products\\/54.jpg\",\"products\\/64.jpg\"]'),(347,4,NULL,NULL,53,3,'For me the best eCommerce script on Envato at this moment: modern, clean code, a lot of great features. The customer support is great too: I always get an answer within hours!','published','2025-05-03 11:19:22','2025-05-03 11:19:22','[\"products\\/11-3.jpg\",\"products\\/35-1.jpg\",\"products\\/64-1.jpg\"]'),(349,3,NULL,NULL,1,5,'Second or third time that I buy a Botble product, happy with the products and support. You guys do a good job :)','published','2025-05-03 11:19:22','2025-05-03 11:19:22','[\"products\\/24-1.jpg\"]'),(354,5,NULL,NULL,43,3,'For me the best eCommerce script on Envato at this moment: modern, clean code, a lot of great features. The customer support is great too: I always get an answer within hours!','published','2025-05-03 11:19:22','2025-05-03 11:19:22','[\"products\\/4-1.jpg\"]'),(356,6,NULL,NULL,33,2,'These guys are amazing! Responses immediately, amazing support and help... I immediately feel at ease after Purchasing..','published','2025-05-03 11:19:22','2025-05-03 11:19:22','[\"products\\/41-2.jpg\"]'),(357,5,NULL,NULL,47,3,'The script is the best of its class, fast, easy to implement and work with , and the most important thing is the great support team , Recommend with no doubt.','published','2025-05-03 11:19:22','2025-05-03 11:19:22','[\"products\\/2-1.jpg\",\"products\\/33-2.jpg\",\"products\\/49.jpg\"]'),(358,3,NULL,NULL,39,1,'This web app is really good in design, code quality & features. Besides, the customer support provided by the Botble team was really fast & helpful. You guys are awesome!','published','2025-05-03 11:19:22','2025-05-03 11:19:22','[\"products\\/20-3.jpg\",\"products\\/34.jpg\"]'),(360,4,NULL,NULL,40,2,'Customer Support are grade (A*), however the code is a way too over engineered for it\'s purpose.','published','2025-05-03 11:19:22','2025-05-03 11:19:22','[\"products\\/31-1.jpg\"]'),(361,8,NULL,NULL,38,2,'I Love this Script. I also found how to add other fees. Now I just wait the BIG update for the Marketplace with the Bulk Import. Just do not forget to make it to be Multi-language for us the Botble Fans.','published','2025-05-03 11:19:22','2025-05-03 11:19:22','[\"products\\/32-2.jpg\",\"products\\/52-1.jpg\"]'),(362,2,NULL,NULL,16,2,'Great E-commerce system. And much more : Wonderful Customer Support.','published','2025-05-03 11:19:22','2025-05-03 11:19:22','[\"products\\/2-3.jpg\",\"products\\/13-1.jpg\",\"products\\/21-1.jpg\",\"products\\/45.jpg\"]'),(365,3,NULL,NULL,3,3,'Perfect +++++++++ i love it really also i get to fast ticket answers... Thanks Lot BOTBLE Teams','published','2025-05-03 11:19:22','2025-05-03 11:19:22','[\"products\\/60-2.jpg\"]'),(367,8,NULL,NULL,25,3,'Clean & perfect source code','published','2025-05-03 11:19:22','2025-05-03 11:19:22','[\"products\\/11.jpg\",\"products\\/25-1.jpg\",\"products\\/56.jpg\",\"products\\/65-1.jpg\"]'),(368,3,NULL,NULL,17,1,'Ok good product. I have some issues in customizations. But its not correct to blame the developer. The product is good. Good luck for your business.','published','2025-05-03 11:19:22','2025-05-03 11:19:22','[\"products\\/20-1.jpg\",\"products\\/59-2.jpg\"]'),(369,1,NULL,NULL,58,4,'Perfect +++++++++ i love it really also i get to fast ticket answers... Thanks Lot BOTBLE Teams','published','2025-05-03 11:19:22','2025-05-03 11:19:22','[\"products\\/11-2.jpg\",\"products\\/22.jpg\",\"products\\/32-2.jpg\"]'),(371,1,NULL,NULL,15,3,'Good app, good backup service and support. Good documentation.','published','2025-05-03 11:19:22','2025-05-03 11:19:22','[\"products\\/2-3.jpg\",\"products\\/17-3.jpg\",\"products\\/35-1.jpg\",\"products\\/36.jpg\"]'),(374,4,NULL,NULL,12,4,'Great system, great support, good job Botble. I\'m looking forward to more great functional plugins.','published','2025-05-03 11:19:22','2025-05-03 11:19:22','[\"products\\/36.jpg\"]'),(375,1,NULL,NULL,55,5,'Those guys now what they are doing, the release such a good product that it\'s a pleasure to work with ! Even when I was stuck on the project, I created a ticket and the next day it was replied by the team. GOOD JOB guys. I love working with them :)','published','2025-05-03 11:19:22','2025-05-03 11:19:22','[\"products\\/53-1.jpg\"]'),(376,7,NULL,NULL,6,2,'Great E-commerce system. And much more : Wonderful Customer Support.','published','2025-05-03 11:19:22','2025-05-03 11:19:22','[\"products\\/55-2.jpg\"]'),(377,4,NULL,NULL,54,1,'Perfect +++++++++ i love it really also i get to fast ticket answers... Thanks Lot BOTBLE Teams','published','2025-05-03 11:19:22','2025-05-03 11:19:22','[\"products\\/8-3.jpg\",\"products\\/20.jpg\"]'),(378,8,NULL,NULL,40,1,'Customer Support are grade (A*), however the code is a way too over engineered for it\'s purpose.','published','2025-05-03 11:19:22','2025-05-03 11:19:22','[\"products\\/14.jpg\"]'),(379,3,NULL,NULL,21,5,'The best store template! Excellent coding! Very good support! Thank you so much for all the help, I really appreciated.','published','2025-05-03 11:19:22','2025-05-03 11:19:22','[\"products\\/22-3.jpg\",\"products\\/34-1.jpg\",\"products\\/50.jpg\"]'),(382,6,NULL,NULL,32,2,'Amazing code, amazing support. Overall, im really confident in Botble and im happy I made the right choice! Thank you so much guys for coding this masterpiece','published','2025-05-03 11:19:22','2025-05-03 11:19:22','[\"products\\/30-1.jpg\"]'),(383,1,NULL,NULL,41,3,'Very enthusiastic support! Excellent code is written. It\'s a true pleasure working with.','published','2025-05-03 11:19:22','2025-05-03 11:19:22','[\"products\\/8-2.jpg\",\"products\\/17-2.jpg\",\"products\\/52.jpg\",\"products\\/59.jpg\"]'),(384,4,NULL,NULL,64,1,'These guys are amazing! Responses immediately, amazing support and help... I immediately feel at ease after Purchasing..','published','2025-05-03 11:19:22','2025-05-03 11:19:22','[\"products\\/13.jpg\",\"products\\/20-1.jpg\",\"products\\/30.jpg\",\"products\\/54.jpg\"]'),(385,8,NULL,NULL,51,3,'Second or third time that I buy a Botble product, happy with the products and support. You guys do a good job :)','published','2025-05-03 11:19:22','2025-05-03 11:19:22','[\"products\\/32-2.jpg\",\"products\\/34.jpg\",\"products\\/64-1.jpg\",\"products\\/65.jpg\"]'),(388,4,NULL,NULL,16,2,'Solution is too robust for our purpose so we didn\'t use it at the end. But I appreciate customer support during initial configuration.','published','2025-05-03 11:19:22','2025-05-03 11:19:22','[\"products\\/12-1.jpg\",\"products\\/37-2.jpg\"]'),(390,1,NULL,NULL,9,3,'Ok good product. I have some issues in customizations. But its not correct to blame the developer. The product is good. Good luck for your business.','published','2025-05-03 11:19:22','2025-05-03 11:19:22','[\"products\\/8.jpg\",\"products\\/10-1.jpg\",\"products\\/41.jpg\"]'),(391,8,NULL,NULL,58,4,'Second or third time that I buy a Botble product, happy with the products and support. You guys do a good job :)','published','2025-05-03 11:19:22','2025-05-03 11:19:22','[\"products\\/38-2.jpg\",\"products\\/61-1.jpg\",\"products\\/62.jpg\"]'),(393,1,NULL,NULL,28,3,'This web app is really good in design, code quality & features. Besides, the customer support provided by the Botble team was really fast & helpful. You guys are awesome!','published','2025-05-03 11:19:22','2025-05-03 11:19:22','[\"products\\/8-3.jpg\",\"products\\/13.jpg\",\"products\\/17-3.jpg\",\"products\\/62-1.jpg\"]'),(394,2,NULL,NULL,64,1,'I Love this Script. I also found how to add other fees. Now I just wait the BIG update for the Marketplace with the Bulk Import. Just do not forget to make it to be Multi-language for us the Botble Fans.','published','2025-05-03 11:19:22','2025-05-03 11:19:22','[\"products\\/1.jpg\",\"products\\/11-2.jpg\",\"products\\/21-1.jpg\"]'),(397,8,NULL,NULL,57,2,'The best ecommerce CMS! Excellent coding! best support service! Thank you so much..... I really like your hard work.','published','2025-05-03 11:19:22','2025-05-03 11:19:22','[\"products\\/11-3.jpg\",\"products\\/11.jpg\",\"products\\/20-1.jpg\",\"products\\/38-2.jpg\"]'),(402,8,NULL,NULL,53,5,'Clean & perfect source code','published','2025-05-03 11:19:22','2025-05-03 11:19:22','[\"products\\/38-3.jpg\"]'),(403,9,NULL,NULL,20,2,'Best ecommerce CMS online store!','published','2025-05-03 11:19:22','2025-05-03 11:19:22','[\"products\\/4.jpg\",\"products\\/12.jpg\",\"products\\/42.jpg\"]'),(405,8,NULL,NULL,31,4,'Solution is too robust for our purpose so we didn\'t use it at the end. But I appreciate customer support during initial configuration.','published','2025-05-03 11:19:22','2025-05-03 11:19:22','[\"products\\/64-1.jpg\"]'),(406,7,NULL,NULL,41,5,'Ok good product. I have some issues in customizations. But its not correct to blame the developer. The product is good. Good luck for your business.','published','2025-05-03 11:19:22','2025-05-03 11:19:22','[\"products\\/38.jpg\",\"products\\/41-1.jpg\",\"products\\/53.jpg\",\"products\\/59-3.jpg\"]'),(407,5,NULL,NULL,61,3,'Ok good product. I have some issues in customizations. But its not correct to blame the developer. The product is good. Good luck for your business.','published','2025-05-03 11:19:22','2025-05-03 11:19:22','[\"products\\/39-1.jpg\"]'),(408,7,NULL,NULL,61,1,'This web app is really good in design, code quality & features. Besides, the customer support provided by the Botble team was really fast & helpful. You guys are awesome!','published','2025-05-03 11:19:22','2025-05-03 11:19:22','[\"products\\/3.jpg\",\"products\\/21-1.jpg\",\"products\\/26.jpg\",\"products\\/28-2.jpg\"]'),(411,3,NULL,NULL,55,1,'Customer Support are grade (A*), however the code is a way too over engineered for it\'s purpose.','published','2025-05-03 11:19:22','2025-05-03 11:19:22','[\"products\\/21.jpg\",\"products\\/28.jpg\",\"products\\/59.jpg\"]'),(418,7,NULL,NULL,48,4,'Second or third time that I buy a Botble product, happy with the products and support. You guys do a good job :)','published','2025-05-03 11:19:22','2025-05-03 11:19:22','[\"products\\/44-2.jpg\",\"products\\/62-1.jpg\",\"products\\/64-1.jpg\"]'),(421,5,NULL,NULL,12,1,'This web app is really good in design, code quality & features. Besides, the customer support provided by the Botble team was really fast & helpful. You guys are awesome!','published','2025-05-03 11:19:22','2025-05-03 11:19:22','[\"products\\/7.jpg\",\"products\\/48-1.jpg\",\"products\\/53.jpg\"]'),(422,4,NULL,NULL,39,1,'Second or third time that I buy a Botble product, happy with the products and support. You guys do a good job :)','published','2025-05-03 11:19:22','2025-05-03 11:19:22','[\"products\\/38-1.jpg\",\"products\\/39.jpg\"]'),(423,7,NULL,NULL,59,5,'Great system, great support, good job Botble. I\'m looking forward to more great functional plugins.','published','2025-05-03 11:19:22','2025-05-03 11:19:22','[\"products\\/44-1.jpg\",\"products\\/54.jpg\"]'),(424,9,NULL,NULL,58,4,'The script is the best of its class, fast, easy to implement and work with , and the most important thing is the great support team , Recommend with no doubt.','published','2025-05-03 11:19:22','2025-05-03 11:19:22','[\"products\\/24-2.jpg\",\"products\\/56-2.jpg\",\"products\\/58.jpg\"]'),(426,1,NULL,NULL,2,2,'Cool template. Excellent code quality. The support responds very quickly, which is very rare on themeforest and codecanyon.net, I buy a lot of templates, and everyone will have a response from technical support for two or three days. Thanks to tech support. I recommend to buy.','published','2025-05-03 11:19:22','2025-05-03 11:19:22','[\"products\\/11.jpg\",\"products\\/15-1.jpg\",\"products\\/61-1.jpg\"]'),(427,3,NULL,NULL,33,1,'Second or third time that I buy a Botble product, happy with the products and support. You guys do a good job :)','published','2025-05-03 11:19:22','2025-05-03 11:19:22','[\"products\\/8-1.jpg\",\"products\\/12.jpg\",\"products\\/30-1.jpg\"]'),(428,8,NULL,NULL,6,3,'This script is well coded and is super fast. The support is pretty quick. Very patient and helpful team. I strongly recommend it and they deserve more than 5 stars.','published','2025-05-03 11:19:22','2025-05-03 11:19:22','[\"products\\/9-1.jpg\",\"products\\/18-3.jpg\",\"products\\/39.jpg\",\"products\\/58-2.jpg\"]'),(429,1,NULL,NULL,30,4,'Ok good product. I have some issues in customizations. But its not correct to blame the developer. The product is good. Good luck for your business.','published','2025-05-03 11:19:22','2025-05-03 11:19:22','[\"products\\/41-1.jpg\"]'),(430,9,NULL,NULL,36,5,'Amazing code, amazing support. Overall, im really confident in Botble and im happy I made the right choice! Thank you so much guys for coding this masterpiece','published','2025-05-03 11:19:22','2025-05-03 11:19:22','[\"products\\/11-2.jpg\",\"products\\/51.jpg\"]'),(431,3,NULL,NULL,22,1,'Best ecommerce CMS online store!','published','2025-05-03 11:19:22','2025-05-03 11:19:22','[\"products\\/17.jpg\"]'),(432,5,NULL,NULL,55,3,'The code is good, in general, if you like it, can you give it 5 stars?','published','2025-05-03 11:19:22','2025-05-03 11:19:22','[\"products\\/35-1.jpg\",\"products\\/54.jpg\",\"products\\/62-1.jpg\"]'),(433,5,NULL,NULL,13,3,'The code is good, in general, if you like it, can you give it 5 stars?','published','2025-05-03 11:19:22','2025-05-03 11:19:22','[\"products\\/20-3.jpg\"]'),(434,7,NULL,NULL,45,3,'Cool template. Excellent code quality. The support responds very quickly, which is very rare on themeforest and codecanyon.net, I buy a lot of templates, and everyone will have a response from technical support for two or three days. Thanks to tech support. I recommend to buy.','published','2025-05-03 11:19:22','2025-05-03 11:19:22','[\"products\\/2.jpg\",\"products\\/23-3.jpg\",\"products\\/54-1.jpg\"]'),(437,4,NULL,NULL,2,1,'This web app is really good in design, code quality & features. Besides, the customer support provided by the Botble team was really fast & helpful. You guys are awesome!','published','2025-05-03 11:19:22','2025-05-03 11:19:22','[\"products\\/19-1.jpg\"]'),(439,4,NULL,NULL,28,1,'As a developer I reviewed this script. This is really awesome ecommerce script. I have convinced when I noticed that it\'s built on fully WordPress concept.','published','2025-05-03 11:19:22','2025-05-03 11:19:22','[\"products\\/11-1.jpg\",\"products\\/49-2.jpg\",\"products\\/56-2.jpg\",\"products\\/57-1.jpg\"]'),(440,2,NULL,NULL,22,4,'The best store template! Excellent coding! Very good support! Thank you so much for all the help, I really appreciated.','published','2025-05-03 11:19:22','2025-05-03 11:19:22','[\"products\\/37-1.jpg\",\"products\\/40-1.jpg\",\"products\\/47.jpg\",\"products\\/49-1.jpg\"]'),(442,5,NULL,NULL,52,4,'Very enthusiastic support! Excellent code is written. It\'s a true pleasure working with.','published','2025-05-03 11:19:22','2025-05-03 11:19:22','[\"products\\/6.jpg\",\"products\\/23.jpg\",\"products\\/27-1.jpg\",\"products\\/33.jpg\"]'),(446,4,NULL,NULL,20,5,'Those guys now what they are doing, the release such a good product that it\'s a pleasure to work with ! Even when I was stuck on the project, I created a ticket and the next day it was replied by the team. GOOD JOB guys. I love working with them :)','published','2025-05-03 11:19:22','2025-05-03 11:19:22','[\"products\\/40.jpg\"]'),(449,5,NULL,NULL,28,5,'Good app, good backup service and support. Good documentation.','published','2025-05-03 11:19:22','2025-05-03 11:19:22','[\"products\\/5-1.jpg\",\"products\\/47-1.jpg\"]'),(450,2,NULL,NULL,52,3,'Very enthusiastic support! Excellent code is written. It\'s a true pleasure working with.','published','2025-05-03 11:19:22','2025-05-03 11:19:22','[\"products\\/37.jpg\",\"products\\/54-1.jpg\",\"products\\/58.jpg\"]'),(451,4,NULL,NULL,62,1,'These guys are amazing! Responses immediately, amazing support and help... I immediately feel at ease after Purchasing..','published','2025-05-03 11:19:22','2025-05-03 11:19:22','[\"products\\/19-2.jpg\",\"products\\/22-3.jpg\",\"products\\/55.jpg\"]'),(452,3,NULL,NULL,15,5,'These guys are amazing! Responses immediately, amazing support and help... I immediately feel at ease after Purchasing..','published','2025-05-03 11:19:22','2025-05-03 11:19:22','[\"products\\/21.jpg\",\"products\\/59.jpg\"]'),(453,8,NULL,NULL,36,2,'Perfect +++++++++ i love it really also i get to fast ticket answers... Thanks Lot BOTBLE Teams','published','2025-05-03 11:19:22','2025-05-03 11:19:22','[\"products\\/11-1.jpg\",\"products\\/42.jpg\"]'),(454,8,NULL,NULL,22,2,'Good app, good backup service and support. Good documentation.','published','2025-05-03 11:19:22','2025-05-03 11:19:22','[\"products\\/2-1.jpg\",\"products\\/2-2.jpg\",\"products\\/22-2.jpg\"]'),(455,7,NULL,NULL,37,3,'Great system, great support, good job Botble. I\'m looking forward to more great functional plugins.','published','2025-05-03 11:19:22','2025-05-03 11:19:22','[\"products\\/20-3.jpg\",\"products\\/32.jpg\"]'),(456,9,NULL,NULL,10,3,'Great E-commerce system. And much more : Wonderful Customer Support.','published','2025-05-03 11:19:22','2025-05-03 11:19:22','[\"products\\/7.jpg\",\"products\\/15.jpg\",\"products\\/62-1.jpg\"]'),(458,2,NULL,NULL,58,1,'Good app, good backup service and support. Good documentation.','published','2025-05-03 11:19:22','2025-05-03 11:19:22','[\"products\\/4-3.jpg\",\"products\\/5-1.jpg\",\"products\\/6.jpg\",\"products\\/54-1.jpg\"]'),(459,1,NULL,NULL,27,3,'Solution is too robust for our purpose so we didn\'t use it at the end. But I appreciate customer support during initial configuration.','published','2025-05-03 11:19:22','2025-05-03 11:19:22','[\"products\\/12.jpg\",\"products\\/30.jpg\",\"products\\/32-2.jpg\",\"products\\/44.jpg\"]'),(463,8,NULL,NULL,61,2,'Great E-commerce system. And much more : Wonderful Customer Support.','published','2025-05-03 11:19:22','2025-05-03 11:19:22','[\"products\\/27.jpg\"]'),(466,1,NULL,NULL,20,3,'As a developer I reviewed this script. This is really awesome ecommerce script. I have convinced when I noticed that it\'s built on fully WordPress concept.','published','2025-05-03 11:19:22','2025-05-03 11:19:22','[\"products\\/14.jpg\",\"products\\/41-1.jpg\",\"products\\/53.jpg\",\"products\\/58-1.jpg\"]'),(468,1,NULL,NULL,7,3,'Great system, great support, good job Botble. I\'m looking forward to more great functional plugins.','published','2025-05-03 11:19:22','2025-05-03 11:19:22','[\"products\\/48-1.jpg\"]'),(472,6,NULL,NULL,54,1,'Customer Support are grade (A*), however the code is a way too over engineered for it\'s purpose.','published','2025-05-03 11:19:22','2025-05-03 11:19:22','[\"products\\/65.jpg\"]'),(475,2,NULL,NULL,25,1,'Perfect +++++++++ i love it really also i get to fast ticket answers... Thanks Lot BOTBLE Teams','published','2025-05-03 11:19:22','2025-05-03 11:19:22','[\"products\\/11-3.jpg\",\"products\\/32-2.jpg\",\"products\\/46-1.jpg\",\"products\\/57.jpg\"]'),(477,8,NULL,NULL,52,2,'Very enthusiastic support! Excellent code is written. It\'s a true pleasure working with.','published','2025-05-03 11:19:22','2025-05-03 11:19:22','[\"products\\/23.jpg\",\"products\\/52-2.jpg\"]'),(481,2,NULL,NULL,2,1,'This script is well coded and is super fast. The support is pretty quick. Very patient and helpful team. I strongly recommend it and they deserve more than 5 stars.','published','2025-05-03 11:19:22','2025-05-03 11:19:22','[\"products\\/9-1.jpg\",\"products\\/61-1.jpg\"]'),(483,1,NULL,NULL,16,1,'Perfect +++++++++ i love it really also i get to fast ticket answers... Thanks Lot BOTBLE Teams','published','2025-05-03 11:19:22','2025-05-03 11:19:22','[\"products\\/19-1.jpg\"]'),(489,5,NULL,NULL,32,1,'It\'s not my first experience here on Codecanyon and I can honestly tell you all that Botble puts a LOT of effort into the support. They answer so fast, they helped me tons of times. REALLY by far THE BEST EXPERIENCE on Codecanyon. Those guys at Botble are so good that they deserve 5 stars. I recommend them, I trust them and I can\'t wait to see what they will sell in a near future. Thank you Botble :)','published','2025-05-03 11:19:22','2025-05-03 11:19:22','[\"products\\/19-2.jpg\"]'),(495,6,NULL,NULL,10,2,'The script is the best of its class, fast, easy to implement and work with , and the most important thing is the great support team , Recommend with no doubt.','published','2025-05-03 11:19:22','2025-05-03 11:19:22','[\"products\\/12.jpg\",\"products\\/28.jpg\"]'),(501,3,NULL,NULL,6,4,'Solution is too robust for our purpose so we didn\'t use it at the end. But I appreciate customer support during initial configuration.','published','2025-05-03 11:19:22','2025-05-03 11:19:22','[\"products\\/12-3.jpg\"]'),(505,9,NULL,NULL,33,2,'It\'s not my first experience here on Codecanyon and I can honestly tell you all that Botble puts a LOT of effort into the support. They answer so fast, they helped me tons of times. REALLY by far THE BEST EXPERIENCE on Codecanyon. Those guys at Botble are so good that they deserve 5 stars. I recommend them, I trust them and I can\'t wait to see what they will sell in a near future. Thank you Botble :)','published','2025-05-03 11:19:22','2025-05-03 11:19:22','[\"products\\/24.jpg\",\"products\\/59-2.jpg\"]'),(508,5,NULL,NULL,59,4,'Cool template. Excellent code quality. The support responds very quickly, which is very rare on themeforest and codecanyon.net, I buy a lot of templates, and everyone will have a response from technical support for two or three days. Thanks to tech support. I recommend to buy.','published','2025-05-03 11:19:22','2025-05-03 11:19:22','[\"products\\/14.jpg\",\"products\\/23-1.jpg\",\"products\\/42-2.jpg\",\"products\\/53.jpg\"]'),(509,8,NULL,NULL,5,1,'Second or third time that I buy a Botble product, happy with the products and support. You guys do a good job :)','published','2025-05-03 11:19:22','2025-05-03 11:19:22','[\"products\\/18-2.jpg\",\"products\\/20.jpg\",\"products\\/30-2.jpg\",\"products\\/58.jpg\"]'),(510,1,NULL,NULL,32,3,'These guys are amazing! Responses immediately, amazing support and help... I immediately feel at ease after Purchasing..','published','2025-05-03 11:19:22','2025-05-03 11:19:22','[\"products\\/4-3.jpg\"]'),(512,7,NULL,NULL,47,3,'Those guys now what they are doing, the release such a good product that it\'s a pleasure to work with ! Even when I was stuck on the project, I created a ticket and the next day it was replied by the team. GOOD JOB guys. I love working with them :)','published','2025-05-03 11:19:22','2025-05-03 11:19:22','[\"products\\/10-1.jpg\"]'),(514,8,NULL,NULL,10,4,'The code is good, in general, if you like it, can you give it 5 stars?','published','2025-05-03 11:19:22','2025-05-03 11:19:22','[\"products\\/17.jpg\",\"products\\/44-1.jpg\"]'),(517,6,NULL,NULL,52,3,'We have received brilliant service support and will be expanding the features with the developer. Nice product!','published','2025-05-03 11:19:22','2025-05-03 11:19:22','[\"products\\/5.jpg\",\"products\\/63-1.jpg\"]'),(518,2,NULL,NULL,51,1,'Ok good product. I have some issues in customizations. But its not correct to blame the developer. The product is good. Good luck for your business.','published','2025-05-03 11:19:22','2025-05-03 11:19:22','[\"products\\/2.jpg\",\"products\\/63-1.jpg\"]'),(520,4,NULL,NULL,63,4,'The code is good, in general, if you like it, can you give it 5 stars?','published','2025-05-03 11:19:22','2025-05-03 11:19:22','[\"products\\/27-1.jpg\",\"products\\/40-1.jpg\",\"products\\/49.jpg\"]'),(526,4,NULL,NULL,7,5,'As a developer I reviewed this script. This is really awesome ecommerce script. I have convinced when I noticed that it\'s built on fully WordPress concept.','published','2025-05-03 11:19:22','2025-05-03 11:19:22','[\"products\\/6.jpg\"]'),(527,5,NULL,NULL,35,1,'Amazing code, amazing support. Overall, im really confident in Botble and im happy I made the right choice! Thank you so much guys for coding this masterpiece','published','2025-05-03 11:19:22','2025-05-03 11:19:22','[\"products\\/19-3.jpg\",\"products\\/28-2.jpg\",\"products\\/43-1.jpg\"]'),(529,4,NULL,NULL,59,4,'Customer Support are grade (A*), however the code is a way too over engineered for it\'s purpose.','published','2025-05-03 11:19:22','2025-05-03 11:19:22','[\"products\\/59.jpg\"]'),(531,9,NULL,NULL,35,1,'Clean & perfect source code','published','2025-05-03 11:19:22','2025-05-03 11:19:22','[\"products\\/44-2.jpg\",\"products\\/45-1.jpg\",\"products\\/48.jpg\",\"products\\/65-1.jpg\"]'),(532,3,NULL,NULL,2,4,'Amazing code, amazing support. Overall, im really confident in Botble and im happy I made the right choice! Thank you so much guys for coding this masterpiece','published','2025-05-03 11:19:22','2025-05-03 11:19:22','[\"products\\/11-2.jpg\",\"products\\/32-1.jpg\",\"products\\/38-3.jpg\",\"products\\/46.jpg\"]'),(533,6,NULL,NULL,7,4,'This script is well coded and is super fast. The support is pretty quick. Very patient and helpful team. I strongly recommend it and they deserve more than 5 stars.','published','2025-05-03 11:19:22','2025-05-03 11:19:22','[\"products\\/37.jpg\",\"products\\/49-1.jpg\",\"products\\/54.jpg\"]'),(538,4,NULL,NULL,13,1,'We have received brilliant service support and will be expanding the features with the developer. Nice product!','published','2025-05-03 11:19:22','2025-05-03 11:19:22','[\"products\\/15-1.jpg\",\"products\\/37.jpg\"]'),(539,5,NULL,NULL,49,4,'Great E-commerce system. And much more : Wonderful Customer Support.','published','2025-05-03 11:19:22','2025-05-03 11:19:22','[\"products\\/40-1.jpg\"]'),(540,6,NULL,NULL,44,4,'Ok good product. I have some issues in customizations. But its not correct to blame the developer. The product is good. Good luck for your business.','published','2025-05-03 11:19:22','2025-05-03 11:19:22','[\"products\\/10.jpg\",\"products\\/20-3.jpg\",\"products\\/34-1.jpg\",\"products\\/39-1.jpg\"]'),(542,9,NULL,NULL,40,4,'For me the best eCommerce script on Envato at this moment: modern, clean code, a lot of great features. The customer support is great too: I always get an answer within hours!','published','2025-05-03 11:19:22','2025-05-03 11:19:22','[\"products\\/2.jpg\",\"products\\/25.jpg\",\"products\\/61.jpg\"]'),(545,9,NULL,NULL,52,1,'The best ecommerce CMS! Excellent coding! best support service! Thank you so much..... I really like your hard work.','published','2025-05-03 11:19:22','2025-05-03 11:19:22','[\"products\\/4-3.jpg\",\"products\\/5-3.jpg\",\"products\\/30-2.jpg\"]'),(548,8,NULL,NULL,20,1,'These guys are amazing! Responses immediately, amazing support and help... I immediately feel at ease after Purchasing..','published','2025-05-03 11:19:22','2025-05-03 11:19:22','[\"products\\/41.jpg\"]'),(551,6,NULL,NULL,41,2,'We have received brilliant service support and will be expanding the features with the developer. Nice product!','published','2025-05-03 11:19:22','2025-05-03 11:19:22','[\"products\\/65-1.jpg\"]'),(553,9,NULL,NULL,54,3,'These guys are amazing! Responses immediately, amazing support and help... I immediately feel at ease after Purchasing..','published','2025-05-03 11:19:22','2025-05-03 11:19:22','[\"products\\/30-1.jpg\",\"products\\/34.jpg\"]'),(555,9,NULL,NULL,30,5,'Great E-commerce system. And much more : Wonderful Customer Support.','published','2025-05-03 11:19:22','2025-05-03 11:19:22','[\"products\\/21-1.jpg\"]'),(556,5,NULL,NULL,54,2,'Best ecommerce CMS online store!','published','2025-05-03 11:19:22','2025-05-03 11:19:22','[\"products\\/18-3.jpg\",\"products\\/30-2.jpg\",\"products\\/47.jpg\",\"products\\/49.jpg\"]'),(560,3,NULL,NULL,20,3,'As a developer I reviewed this script. This is really awesome ecommerce script. I have convinced when I noticed that it\'s built on fully WordPress concept.','published','2025-05-03 11:19:22','2025-05-03 11:19:22','[\"products\\/43-1.jpg\",\"products\\/57-1.jpg\",\"products\\/64-1.jpg\"]'),(564,1,NULL,NULL,46,1,'We have received brilliant service support and will be expanding the features with the developer. Nice product!','published','2025-05-03 11:19:22','2025-05-03 11:19:22','[\"products\\/4-3.jpg\",\"products\\/10.jpg\",\"products\\/26.jpg\",\"products\\/43-1.jpg\"]'),(566,6,NULL,NULL,16,1,'The best store template! Excellent coding! Very good support! Thank you so much for all the help, I really appreciated.','published','2025-05-03 11:19:22','2025-05-03 11:19:22','[\"products\\/27-1.jpg\",\"products\\/28-2.jpg\",\"products\\/37-1.jpg\"]'),(567,1,NULL,NULL,4,1,'Great system, great support, good job Botble. I\'m looking forward to more great functional plugins.','published','2025-05-03 11:19:22','2025-05-03 11:19:22','[\"products\\/1.jpg\",\"products\\/17-2.jpg\",\"products\\/51.jpg\"]'),(568,2,NULL,NULL,44,3,'This web app is really good in design, code quality & features. Besides, the customer support provided by the Botble team was really fast & helpful. You guys are awesome!','published','2025-05-03 11:19:22','2025-05-03 11:19:22','[\"products\\/19.jpg\"]'),(573,6,NULL,NULL,5,1,'It\'s not my first experience here on Codecanyon and I can honestly tell you all that Botble puts a LOT of effort into the support. They answer so fast, they helped me tons of times. REALLY by far THE BEST EXPERIENCE on Codecanyon. Those guys at Botble are so good that they deserve 5 stars. I recommend them, I trust them and I can\'t wait to see what they will sell in a near future. Thank you Botble :)','published','2025-05-03 11:19:22','2025-05-03 11:19:22','[\"products\\/1.jpg\",\"products\\/2.jpg\",\"products\\/30.jpg\"]'),(574,1,NULL,NULL,3,3,'Cool template. Excellent code quality. The support responds very quickly, which is very rare on themeforest and codecanyon.net, I buy a lot of templates, and everyone will have a response from technical support for two or three days. Thanks to tech support. I recommend to buy.','published','2025-05-03 11:19:22','2025-05-03 11:19:22','[\"products\\/10.jpg\",\"products\\/18.jpg\",\"products\\/39-1.jpg\",\"products\\/43-1.jpg\"]'),(580,2,NULL,NULL,11,3,'The best store template! Excellent coding! Very good support! Thank you so much for all the help, I really appreciated.','published','2025-05-03 11:19:22','2025-05-03 11:19:22','[\"products\\/4.jpg\"]'),(583,2,NULL,NULL,54,3,'As a developer I reviewed this script. This is really awesome ecommerce script. I have convinced when I noticed that it\'s built on fully WordPress concept.','published','2025-05-03 11:19:22','2025-05-03 11:19:22','[\"products\\/5-3.jpg\"]'),(591,5,NULL,NULL,41,2,'I Love this Script. I also found how to add other fees. Now I just wait the BIG update for the Marketplace with the Bulk Import. Just do not forget to make it to be Multi-language for us the Botble Fans.','published','2025-05-03 11:19:22','2025-05-03 11:19:22','[\"products\\/4-3.jpg\",\"products\\/22-1.jpg\"]'),(595,6,NULL,NULL,42,2,'Amazing code, amazing support. Overall, im really confident in Botble and im happy I made the right choice! Thank you so much guys for coding this masterpiece','published','2025-05-03 11:19:22','2025-05-03 11:19:22','[\"products\\/23-3.jpg\",\"products\\/57-1.jpg\"]'),(596,5,NULL,NULL,4,4,'The code is good, in general, if you like it, can you give it 5 stars?','published','2025-05-03 11:19:22','2025-05-03 11:19:22','[\"products\\/23-1.jpg\"]'),(606,2,NULL,NULL,59,1,'Good app, good backup service and support. Good documentation.','published','2025-05-03 11:19:22','2025-05-03 11:19:22','[\"products\\/8-3.jpg\",\"products\\/46.jpg\",\"products\\/52-1.jpg\"]'),(608,9,NULL,NULL,27,2,'The best ecommerce CMS! Excellent coding! best support service! Thank you so much..... I really like your hard work.','published','2025-05-03 11:19:22','2025-05-03 11:19:22','[\"products\\/17-2.jpg\"]'),(614,4,NULL,NULL,26,2,'It\'s not my first experience here on Codecanyon and I can honestly tell you all that Botble puts a LOT of effort into the support. They answer so fast, they helped me tons of times. REALLY by far THE BEST EXPERIENCE on Codecanyon. Those guys at Botble are so good that they deserve 5 stars. I recommend them, I trust them and I can\'t wait to see what they will sell in a near future. Thank you Botble :)','published','2025-05-03 11:19:22','2025-05-03 11:19:22','[\"products\\/41.jpg\",\"products\\/44-2.jpg\",\"products\\/54-1.jpg\"]'),(615,7,NULL,NULL,26,5,'Perfect +++++++++ i love it really also i get to fast ticket answers... Thanks Lot BOTBLE Teams','published','2025-05-03 11:19:22','2025-05-03 11:19:22','[\"products\\/11-1.jpg\",\"products\\/17-1.jpg\",\"products\\/45-1.jpg\"]'),(623,5,NULL,NULL,1,5,'We have received brilliant service support and will be expanding the features with the developer. Nice product!','published','2025-05-03 11:19:22','2025-05-03 11:19:22','[\"products\\/12-1.jpg\",\"products\\/27-1.jpg\",\"products\\/43-2.jpg\"]'),(625,8,NULL,NULL,3,2,'Very enthusiastic support! Excellent code is written. It\'s a true pleasure working with.','published','2025-05-03 11:19:22','2025-05-03 11:19:22','[\"products\\/8-3.jpg\",\"products\\/55-1.jpg\",\"products\\/61.jpg\",\"products\\/65-2.jpg\"]'),(626,2,NULL,NULL,34,3,'The code is good, in general, if you like it, can you give it 5 stars?','published','2025-05-03 11:19:22','2025-05-03 11:19:22','[\"products\\/11-3.jpg\",\"products\\/22-3.jpg\",\"products\\/26.jpg\",\"products\\/54-1.jpg\"]'),(627,5,NULL,NULL,57,4,'Cool template. Excellent code quality. The support responds very quickly, which is very rare on themeforest and codecanyon.net, I buy a lot of templates, and everyone will have a response from technical support for two or three days. Thanks to tech support. I recommend to buy.','published','2025-05-03 11:19:22','2025-05-03 11:19:22','[\"products\\/34-1.jpg\",\"products\\/37-1.jpg\",\"products\\/63.jpg\"]'),(630,3,NULL,NULL,57,2,'The code is good, in general, if you like it, can you give it 5 stars?','published','2025-05-03 11:19:22','2025-05-03 11:19:22','[\"products\\/23-2.jpg\",\"products\\/52.jpg\",\"products\\/54.jpg\"]'),(631,6,NULL,NULL,14,4,'These guys are amazing! Responses immediately, amazing support and help... I immediately feel at ease after Purchasing..','published','2025-05-03 11:19:22','2025-05-03 11:19:22','[\"products\\/62-1.jpg\",\"products\\/65-1.jpg\"]'),(633,8,NULL,NULL,59,5,'For me the best eCommerce script on Envato at this moment: modern, clean code, a lot of great features. The customer support is great too: I always get an answer within hours!','published','2025-05-03 11:19:22','2025-05-03 11:19:22','[\"products\\/5-2.jpg\",\"products\\/38-3.jpg\",\"products\\/47-1.jpg\",\"products\\/50-1.jpg\"]'),(634,9,NULL,NULL,63,3,'We have received brilliant service support and will be expanding the features with the developer. Nice product!','published','2025-05-03 11:19:22','2025-05-03 11:19:22','[\"products\\/47-1.jpg\",\"products\\/53.jpg\"]'),(637,6,NULL,NULL,64,2,'Solution is too robust for our purpose so we didn\'t use it at the end. But I appreciate customer support during initial configuration.','published','2025-05-03 11:19:22','2025-05-03 11:19:22','[\"products\\/12-1.jpg\",\"products\\/15.jpg\",\"products\\/23-1.jpg\",\"products\\/28.jpg\"]'),(640,6,NULL,NULL,21,1,'It\'s not my first experience here on Codecanyon and I can honestly tell you all that Botble puts a LOT of effort into the support. They answer so fast, they helped me tons of times. REALLY by far THE BEST EXPERIENCE on Codecanyon. Those guys at Botble are so good that they deserve 5 stars. I recommend them, I trust them and I can\'t wait to see what they will sell in a near future. Thank you Botble :)','published','2025-05-03 11:19:22','2025-05-03 11:19:22','[\"products\\/23.jpg\",\"products\\/41-1.jpg\",\"products\\/63.jpg\"]'),(643,7,NULL,NULL,11,5,'We have received brilliant service support and will be expanding the features with the developer. Nice product!','published','2025-05-03 11:19:22','2025-05-03 11:19:22','[\"products\\/39.jpg\",\"products\\/59-1.jpg\"]'),(644,1,NULL,NULL,60,4,'Great system, great support, good job Botble. I\'m looking forward to more great functional plugins.','published','2025-05-03 11:19:22','2025-05-03 11:19:22','[\"products\\/4-3.jpg\",\"products\\/30-1.jpg\",\"products\\/55-1.jpg\"]'),(646,9,NULL,NULL,15,4,'As a developer I reviewed this script. This is really awesome ecommerce script. I have convinced when I noticed that it\'s built on fully WordPress concept.','published','2025-05-03 11:19:22','2025-05-03 11:19:22','[\"products\\/28-1.jpg\"]'),(648,6,NULL,NULL,23,5,'Clean & perfect source code','published','2025-05-03 11:19:22','2025-05-03 11:19:22','[\"products\\/18-1.jpg\",\"products\\/37.jpg\",\"products\\/45.jpg\"]'),(656,7,NULL,NULL,10,1,'The script is the best of its class, fast, easy to implement and work with , and the most important thing is the great support team , Recommend with no doubt.','published','2025-05-03 11:19:22','2025-05-03 11:19:22','[\"products\\/5-2.jpg\"]'),(664,5,NULL,NULL,27,4,'Great system, great support, good job Botble. I\'m looking forward to more great functional plugins.','published','2025-05-03 11:19:22','2025-05-03 11:19:22','[\"products\\/20-2.jpg\",\"products\\/24.jpg\",\"products\\/59.jpg\"]'),(668,3,NULL,NULL,63,1,'Ok good product. I have some issues in customizations. But its not correct to blame the developer. The product is good. Good luck for your business.','published','2025-05-03 11:19:22','2025-05-03 11:19:22','[\"products\\/11-1.jpg\",\"products\\/43-1.jpg\",\"products\\/61.jpg\",\"products\\/63.jpg\"]'),(669,4,NULL,NULL,60,3,'Good app, good backup service and support. Good documentation.','published','2025-05-03 11:19:22','2025-05-03 11:19:22','[\"products\\/25-2.jpg\"]'),(671,8,NULL,NULL,30,1,'It\'s not my first experience here on Codecanyon and I can honestly tell you all that Botble puts a LOT of effort into the support. They answer so fast, they helped me tons of times. REALLY by far THE BEST EXPERIENCE on Codecanyon. Those guys at Botble are so good that they deserve 5 stars. I recommend them, I trust them and I can\'t wait to see what they will sell in a near future. Thank you Botble :)','published','2025-05-03 11:19:22','2025-05-03 11:19:22','[\"products\\/37-2.jpg\",\"products\\/44-2.jpg\"]'),(675,4,NULL,NULL,15,1,'For me the best eCommerce script on Envato at this moment: modern, clean code, a lot of great features. The customer support is great too: I always get an answer within hours!','published','2025-05-03 11:19:22','2025-05-03 11:19:22','[\"products\\/3.jpg\",\"products\\/8.jpg\",\"products\\/16.jpg\"]'),(683,2,NULL,NULL,60,2,'We have received brilliant service support and will be expanding the features with the developer. Nice product!','published','2025-05-03 11:19:22','2025-05-03 11:19:22','[\"products\\/20-3.jpg\",\"products\\/27-1.jpg\",\"products\\/58-1.jpg\",\"products\\/61-1.jpg\"]'),(684,7,NULL,NULL,36,1,'The code is good, in general, if you like it, can you give it 5 stars?','published','2025-05-03 11:19:22','2025-05-03 11:19:22','[\"products\\/18-1.jpg\",\"products\\/62.jpg\"]'),(686,7,NULL,NULL,51,4,'Great system, great support, good job Botble. I\'m looking forward to more great functional plugins.','published','2025-05-03 11:19:22','2025-05-03 11:19:22','[\"products\\/21.jpg\",\"products\\/36.jpg\",\"products\\/53.jpg\",\"products\\/55-2.jpg\"]'),(689,4,NULL,NULL,58,5,'Perfect +++++++++ i love it really also i get to fast ticket answers... Thanks Lot BOTBLE Teams','published','2025-05-03 11:19:22','2025-05-03 11:19:22','[\"products\\/28-2.jpg\",\"products\\/33-2.jpg\",\"products\\/36.jpg\",\"products\\/55.jpg\"]'),(695,5,NULL,NULL,3,2,'The best ecommerce CMS! Excellent coding! best support service! Thank you so much..... I really like your hard work.','published','2025-05-03 11:19:22','2025-05-03 11:19:22','[\"products\\/29-1.jpg\",\"products\\/31-1.jpg\",\"products\\/48-1.jpg\",\"products\\/51.jpg\"]'),(698,1,NULL,NULL,37,3,'We have received brilliant service support and will be expanding the features with the developer. Nice product!','published','2025-05-03 11:19:22','2025-05-03 11:19:22','[\"products\\/31-1.jpg\",\"products\\/48.jpg\"]'),(700,5,NULL,NULL,51,4,'I Love this Script. I also found how to add other fees. Now I just wait the BIG update for the Marketplace with the Bulk Import. Just do not forget to make it to be Multi-language for us the Botble Fans.','published','2025-05-03 11:19:22','2025-05-03 11:19:22','[\"products\\/10.jpg\",\"products\\/18-3.jpg\",\"products\\/55-2.jpg\",\"products\\/57-1.jpg\"]'),(704,2,NULL,NULL,6,2,'Best ecommerce CMS online store!','published','2025-05-03 11:19:22','2025-05-03 11:19:22','[\"products\\/32.jpg\",\"products\\/61-1.jpg\"]'),(707,8,NULL,NULL,49,1,'The code is good, in general, if you like it, can you give it 5 stars?','published','2025-05-03 11:19:22','2025-05-03 11:19:22','[\"products\\/54.jpg\",\"products\\/59-3.jpg\"]'),(709,7,NULL,NULL,1,5,'Best ecommerce CMS online store!','published','2025-05-03 11:19:22','2025-05-03 11:19:22','[\"products\\/5-2.jpg\",\"products\\/53.jpg\",\"products\\/61-1.jpg\"]'),(714,8,NULL,NULL,33,3,'Solution is too robust for our purpose so we didn\'t use it at the end. But I appreciate customer support during initial configuration.','published','2025-05-03 11:19:22','2025-05-03 11:19:22','[\"products\\/12-2.jpg\",\"products\\/55-1.jpg\"]'),(715,6,NULL,NULL,58,4,'Good app, good backup service and support. Good documentation.','published','2025-05-03 11:19:22','2025-05-03 11:19:22','[\"products\\/2.jpg\",\"products\\/5-1.jpg\",\"products\\/29.jpg\"]'),(717,8,NULL,NULL,56,1,'Great system, great support, good job Botble. I\'m looking forward to more great functional plugins.','published','2025-05-03 11:19:22','2025-05-03 11:19:22','[\"products\\/8-3.jpg\",\"products\\/21.jpg\",\"products\\/31-1.jpg\"]'),(718,1,NULL,NULL,5,2,'This web app is really good in design, code quality & features. Besides, the customer support provided by the Botble team was really fast & helpful. You guys are awesome!','published','2025-05-03 11:19:22','2025-05-03 11:19:22','[\"products\\/50-1.jpg\"]'),(719,4,NULL,NULL,25,3,'Great system, great support, good job Botble. I\'m looking forward to more great functional plugins.','published','2025-05-03 11:19:22','2025-05-03 11:19:22','[\"products\\/4-1.jpg\",\"products\\/33-1.jpg\"]'),(720,8,NULL,NULL,48,4,'Clean & perfect source code','published','2025-05-03 11:19:22','2025-05-03 11:19:22','[\"products\\/38-1.jpg\"]'),(722,3,NULL,NULL,30,4,'For me the best eCommerce script on Envato at this moment: modern, clean code, a lot of great features. The customer support is great too: I always get an answer within hours!','published','2025-05-03 11:19:22','2025-05-03 11:19:22','[\"products\\/2.jpg\",\"products\\/41-2.jpg\",\"products\\/46-1.jpg\"]'),(725,5,NULL,NULL,63,5,'Ok good product. I have some issues in customizations. But its not correct to blame the developer. The product is good. Good luck for your business.','published','2025-05-03 11:19:22','2025-05-03 11:19:22','[\"products\\/8-3.jpg\",\"products\\/23.jpg\",\"products\\/35-1.jpg\",\"products\\/65-1.jpg\"]'),(729,6,NULL,NULL,48,2,'As a developer I reviewed this script. This is really awesome ecommerce script. I have convinced when I noticed that it\'s built on fully WordPress concept.','published','2025-05-03 11:19:22','2025-05-03 11:19:22','[\"products\\/52.jpg\"]'),(735,3,NULL,NULL,16,5,'Second or third time that I buy a Botble product, happy with the products and support. You guys do a good job :)','published','2025-05-03 11:19:22','2025-05-03 11:19:22','[\"products\\/22.jpg\"]'),(742,4,NULL,NULL,3,1,'Very enthusiastic support! Excellent code is written. It\'s a true pleasure working with.','published','2025-05-03 11:19:22','2025-05-03 11:19:22','[\"products\\/13.jpg\",\"products\\/18-2.jpg\",\"products\\/52.jpg\"]'),(748,8,NULL,NULL,26,2,'The best store template! Excellent coding! Very good support! Thank you so much for all the help, I really appreciated.','published','2025-05-03 11:19:22','2025-05-03 11:19:22','[\"products\\/52-1.jpg\",\"products\\/58-2.jpg\"]'),(757,9,NULL,NULL,38,2,'Cool template. Excellent code quality. The support responds very quickly, which is very rare on themeforest and codecanyon.net, I buy a lot of templates, and everyone will have a response from technical support for two or three days. Thanks to tech support. I recommend to buy.','published','2025-05-03 11:19:22','2025-05-03 11:19:22','[\"products\\/30.jpg\"]'),(763,7,NULL,NULL,28,2,'Good app, good backup service and support. Good documentation.','published','2025-05-03 11:19:22','2025-05-03 11:19:22','[\"products\\/25.jpg\",\"products\\/59-3.jpg\"]'),(764,4,NULL,NULL,57,3,'Ok good product. I have some issues in customizations. But its not correct to blame the developer. The product is good. Good luck for your business.','published','2025-05-03 11:19:22','2025-05-03 11:19:22','[\"products\\/9-1.jpg\",\"products\\/63-1.jpg\"]'),(767,8,NULL,NULL,41,3,'Those guys now what they are doing, the release such a good product that it\'s a pleasure to work with ! Even when I was stuck on the project, I created a ticket and the next day it was replied by the team. GOOD JOB guys. I love working with them :)','published','2025-05-03 11:19:22','2025-05-03 11:19:22','[\"products\\/19-3.jpg\",\"products\\/54.jpg\"]'),(773,9,NULL,NULL,24,1,'For me the best eCommerce script on Envato at this moment: modern, clean code, a lot of great features. The customer support is great too: I always get an answer within hours!','published','2025-05-03 11:19:22','2025-05-03 11:19:22','[\"products\\/55-2.jpg\",\"products\\/57-1.jpg\"]'),(775,6,NULL,NULL,53,4,'The best store template! Excellent coding! Very good support! Thank you so much for all the help, I really appreciated.','published','2025-05-03 11:19:22','2025-05-03 11:19:22','[\"products\\/8-1.jpg\",\"products\\/45-1.jpg\",\"products\\/46-1.jpg\"]'),(777,9,NULL,NULL,64,4,'Customer Support are grade (A*), however the code is a way too over engineered for it\'s purpose.','published','2025-05-03 11:19:22','2025-05-03 11:19:22','[\"products\\/41-1.jpg\",\"products\\/47-1.jpg\",\"products\\/59.jpg\"]'),(779,8,NULL,NULL,28,2,'Amazing code, amazing support. Overall, im really confident in Botble and im happy I made the right choice! Thank you so much guys for coding this masterpiece','published','2025-05-03 11:19:22','2025-05-03 11:19:22','[\"products\\/13-1.jpg\",\"products\\/15-1.jpg\",\"products\\/15.jpg\",\"products\\/33-2.jpg\"]'),(784,5,NULL,NULL,64,1,'Ok good product. I have some issues in customizations. But its not correct to blame the developer. The product is good. Good luck for your business.','published','2025-05-03 11:19:22','2025-05-03 11:19:22','[\"products\\/31-1.jpg\",\"products\\/35-1.jpg\",\"products\\/47.jpg\"]'),(786,2,NULL,NULL,65,2,'For me the best eCommerce script on Envato at this moment: modern, clean code, a lot of great features. The customer support is great too: I always get an answer within hours!','published','2025-05-03 11:19:22','2025-05-03 11:19:22','[\"products\\/8-2.jpg\",\"products\\/30.jpg\"]'),(788,8,NULL,NULL,55,3,'We have received brilliant service support and will be expanding the features with the developer. Nice product!','published','2025-05-03 11:19:22','2025-05-03 11:19:22','[\"products\\/33.jpg\",\"products\\/34.jpg\",\"products\\/38-3.jpg\"]'),(803,5,NULL,NULL,65,4,'Ok good product. I have some issues in customizations. But its not correct to blame the developer. The product is good. Good luck for your business.','published','2025-05-03 11:19:22','2025-05-03 11:19:22','[\"products\\/36-1.jpg\"]'),(817,1,NULL,NULL,36,3,'Clean & perfect source code','published','2025-05-03 11:19:22','2025-05-03 11:19:22','[\"products\\/9-2.jpg\"]'),(820,1,NULL,NULL,1,2,'Very enthusiastic support! Excellent code is written. It\'s a true pleasure working with.','published','2025-05-03 11:19:22','2025-05-03 11:19:22','[\"products\\/18.jpg\",\"products\\/52-1.jpg\"]'),(823,6,NULL,NULL,40,4,'Good app, good backup service and support. Good documentation.','published','2025-05-03 11:19:22','2025-05-03 11:19:22','[\"products\\/1.jpg\",\"products\\/25-2.jpg\",\"products\\/28-1.jpg\"]'),(828,9,NULL,NULL,65,2,'Good app, good backup service and support. Good documentation.','published','2025-05-03 11:19:22','2025-05-03 11:19:22','[\"products\\/5-2.jpg\"]'),(833,2,NULL,NULL,38,2,'Cool template. Excellent code quality. The support responds very quickly, which is very rare on themeforest and codecanyon.net, I buy a lot of templates, and everyone will have a response from technical support for two or three days. Thanks to tech support. I recommend to buy.','published','2025-05-03 11:19:22','2025-05-03 11:19:22','[\"products\\/12-2.jpg\",\"products\\/19-2.jpg\",\"products\\/27.jpg\",\"products\\/39.jpg\"]'),(834,4,NULL,NULL,9,2,'Amazing code, amazing support. Overall, im really confident in Botble and im happy I made the right choice! Thank you so much guys for coding this masterpiece','published','2025-05-03 11:19:22','2025-05-03 11:19:22','[\"products\\/9-1.jpg\"]'),(841,3,NULL,NULL,35,4,'For me the best eCommerce script on Envato at this moment: modern, clean code, a lot of great features. The customer support is great too: I always get an answer within hours!','published','2025-05-03 11:19:22','2025-05-03 11:19:22','[\"products\\/19-3.jpg\",\"products\\/37-2.jpg\"]'),(845,8,NULL,NULL,29,1,'It\'s not my first experience here on Codecanyon and I can honestly tell you all that Botble puts a LOT of effort into the support. They answer so fast, they helped me tons of times. REALLY by far THE BEST EXPERIENCE on Codecanyon. Those guys at Botble are so good that they deserve 5 stars. I recommend them, I trust them and I can\'t wait to see what they will sell in a near future. Thank you Botble :)','published','2025-05-03 11:19:22','2025-05-03 11:19:22','[\"products\\/4-2.jpg\",\"products\\/10-2.jpg\",\"products\\/13-1.jpg\",\"products\\/41-2.jpg\"]'),(846,8,NULL,NULL,39,5,'These guys are amazing! Responses immediately, amazing support and help... I immediately feel at ease after Purchasing..','published','2025-05-03 11:19:22','2025-05-03 11:19:22','[\"products\\/16.jpg\",\"products\\/22-1.jpg\",\"products\\/44-2.jpg\",\"products\\/53.jpg\"]'),(848,6,NULL,NULL,29,2,'Customer Support are grade (A*), however the code is a way too over engineered for it\'s purpose.','published','2025-05-03 11:19:22','2025-05-03 11:19:22','[\"products\\/8-3.jpg\",\"products\\/33-1.jpg\",\"products\\/46-1.jpg\",\"products\\/61.jpg\"]'),(849,7,NULL,NULL,15,4,'Best ecommerce CMS online store!','published','2025-05-03 11:19:22','2025-05-03 11:19:22','[\"products\\/14.jpg\",\"products\\/19-3.jpg\",\"products\\/53-1.jpg\",\"products\\/56-1.jpg\"]'),(851,3,NULL,NULL,18,4,'We have received brilliant service support and will be expanding the features with the developer. Nice product!','published','2025-05-03 11:19:22','2025-05-03 11:19:22','[\"products\\/37-1.jpg\"]'),(852,7,NULL,NULL,4,2,'We have received brilliant service support and will be expanding the features with the developer. Nice product!','published','2025-05-03 11:19:22','2025-05-03 11:19:22','[\"products\\/23-1.jpg\",\"products\\/30-2.jpg\",\"products\\/49.jpg\"]'),(854,5,NULL,NULL,31,5,'Good app, good backup service and support. Good documentation.','published','2025-05-03 11:19:22','2025-05-03 11:19:22','[\"products\\/4-3.jpg\",\"products\\/58-1.jpg\",\"products\\/60-2.jpg\"]'),(857,8,NULL,NULL,45,4,'We have received brilliant service support and will be expanding the features with the developer. Nice product!','published','2025-05-03 11:19:22','2025-05-03 11:19:22','[\"products\\/16.jpg\"]'),(869,9,NULL,NULL,9,2,'Solution is too robust for our purpose so we didn\'t use it at the end. But I appreciate customer support during initial configuration.','published','2025-05-03 11:19:22','2025-05-03 11:19:22','[\"products\\/11.jpg\",\"products\\/27-1.jpg\"]'),(881,1,NULL,NULL,22,5,'Great system, great support, good job Botble. I\'m looking forward to more great functional plugins.','published','2025-05-03 11:19:22','2025-05-03 11:19:22','[\"products\\/17.jpg\",\"products\\/38-2.jpg\",\"products\\/48-2.jpg\"]'),(885,9,NULL,NULL,26,4,'Those guys now what they are doing, the release such a good product that it\'s a pleasure to work with ! Even when I was stuck on the project, I created a ticket and the next day it was replied by the team. GOOD JOB guys. I love working with them :)','published','2025-05-03 11:19:22','2025-05-03 11:19:22','[\"products\\/20-1.jpg\",\"products\\/30-1.jpg\"]'),(886,8,NULL,NULL,60,4,'The code is good, in general, if you like it, can you give it 5 stars?','published','2025-05-03 11:19:22','2025-05-03 11:19:22','[\"products\\/2-2.jpg\",\"products\\/11.jpg\",\"products\\/62.jpg\"]'),(891,5,NULL,NULL,53,4,'Cool template. Excellent code quality. The support responds very quickly, which is very rare on themeforest and codecanyon.net, I buy a lot of templates, and everyone will have a response from technical support for two or three days. Thanks to tech support. I recommend to buy.','published','2025-05-03 11:19:22','2025-05-03 11:19:22','[\"products\\/21-1.jpg\",\"products\\/22.jpg\",\"products\\/27-1.jpg\",\"products\\/42-1.jpg\"]'),(896,5,NULL,NULL,11,2,'The best store template! Excellent coding! Very good support! Thank you so much for all the help, I really appreciated.','published','2025-05-03 11:19:22','2025-05-03 11:19:22','[\"products\\/37-1.jpg\"]'),(905,6,NULL,NULL,57,2,'Great system, great support, good job Botble. I\'m looking forward to more great functional plugins.','published','2025-05-03 11:19:22','2025-05-03 11:19:22','[\"products\\/59-1.jpg\"]'),(908,8,NULL,NULL,37,5,'Solution is too robust for our purpose so we didn\'t use it at the end. But I appreciate customer support during initial configuration.','published','2025-05-03 11:19:22','2025-05-03 11:19:22','[\"products\\/18-1.jpg\",\"products\\/19.jpg\",\"products\\/49-1.jpg\"]'),(910,6,NULL,NULL,1,2,'As a developer I reviewed this script. This is really awesome ecommerce script. I have convinced when I noticed that it\'s built on fully WordPress concept.','published','2025-05-03 11:19:22','2025-05-03 11:19:22','[\"products\\/9.jpg\",\"products\\/38-1.jpg\",\"products\\/64.jpg\"]'),(911,3,NULL,NULL,41,3,'This script is well coded and is super fast. The support is pretty quick. Very patient and helpful team. I strongly recommend it and they deserve more than 5 stars.','published','2025-05-03 11:19:22','2025-05-03 11:19:22','[\"products\\/10-2.jpg\",\"products\\/19-3.jpg\",\"products\\/36.jpg\",\"products\\/42-1.jpg\"]'),(914,8,NULL,NULL,64,3,'For me the best eCommerce script on Envato at this moment: modern, clean code, a lot of great features. The customer support is great too: I always get an answer within hours!','published','2025-05-03 11:19:22','2025-05-03 11:19:22','[\"products\\/11-1.jpg\",\"products\\/20-2.jpg\",\"products\\/35-1.jpg\",\"products\\/38-2.jpg\"]'),(917,5,NULL,NULL,9,4,'The code is good, in general, if you like it, can you give it 5 stars?','published','2025-05-03 11:19:22','2025-05-03 11:19:22','[\"products\\/39-1.jpg\"]'),(928,2,NULL,NULL,10,2,'Ok good product. I have some issues in customizations. But its not correct to blame the developer. The product is good. Good luck for your business.','published','2025-05-03 11:19:22','2025-05-03 11:19:22','[\"products\\/1.jpg\",\"products\\/20-1.jpg\",\"products\\/57-1.jpg\"]'),(930,3,NULL,NULL,31,4,'The code is good, in general, if you like it, can you give it 5 stars?','published','2025-05-03 11:19:22','2025-05-03 11:19:22','[\"products\\/2-3.jpg\",\"products\\/6.jpg\",\"products\\/15-1.jpg\",\"products\\/65-1.jpg\"]'),(938,5,NULL,NULL,44,1,'Second or third time that I buy a Botble product, happy with the products and support. You guys do a good job :)','published','2025-05-03 11:19:22','2025-05-03 11:19:22','[\"products\\/64-1.jpg\"]'),(943,7,NULL,NULL,21,5,'Great system, great support, good job Botble. I\'m looking forward to more great functional plugins.','published','2025-05-03 11:19:22','2025-05-03 11:19:22','[\"products\\/15.jpg\"]'),(945,6,NULL,NULL,62,1,'Second or third time that I buy a Botble product, happy with the products and support. You guys do a good job :)','published','2025-05-03 11:19:22','2025-05-03 11:19:22','[\"products\\/12-3.jpg\",\"products\\/20-2.jpg\",\"products\\/22-3.jpg\"]'),(947,8,NULL,NULL,23,2,'Customer Support are grade (A*), however the code is a way too over engineered for it\'s purpose.','published','2025-05-03 11:19:22','2025-05-03 11:19:22','[\"products\\/11-3.jpg\",\"products\\/25-1.jpg\",\"products\\/30.jpg\",\"products\\/38.jpg\"]'),(954,9,NULL,NULL,4,1,'We have received brilliant service support and will be expanding the features with the developer. Nice product!','published','2025-05-03 11:19:22','2025-05-03 11:19:22','[\"products\\/22-3.jpg\",\"products\\/56-1.jpg\",\"products\\/58.jpg\"]'),(955,7,NULL,NULL,43,1,'This script is well coded and is super fast. The support is pretty quick. Very patient and helpful team. I strongly recommend it and they deserve more than 5 stars.','published','2025-05-03 11:19:22','2025-05-03 11:19:22','[\"products\\/4-1.jpg\",\"products\\/38-3.jpg\",\"products\\/46.jpg\",\"products\\/54-1.jpg\"]'),(967,2,NULL,NULL,3,5,'This script is well coded and is super fast. The support is pretty quick. Very patient and helpful team. I strongly recommend it and they deserve more than 5 stars.','published','2025-05-03 11:19:22','2025-05-03 11:19:22','[\"products\\/33-2.jpg\",\"products\\/63-1.jpg\"]'),(968,2,NULL,NULL,45,3,'Clean & perfect source code','published','2025-05-03 11:19:22','2025-05-03 11:19:22','[\"products\\/2-1.jpg\",\"products\\/4.jpg\",\"products\\/18-3.jpg\",\"products\\/34-1.jpg\"]'),(975,1,NULL,NULL,39,5,'Perfect +++++++++ i love it really also i get to fast ticket answers... Thanks Lot BOTBLE Teams','published','2025-05-03 11:19:22','2025-05-03 11:19:22','[\"products\\/11-2.jpg\",\"products\\/15-1.jpg\",\"products\\/26-1.jpg\",\"products\\/57.jpg\"]'),(988,6,NULL,NULL,50,5,'I Love this Script. I also found how to add other fees. Now I just wait the BIG update for the Marketplace with the Bulk Import. Just do not forget to make it to be Multi-language for us the Botble Fans.','published','2025-05-03 11:19:22','2025-05-03 11:19:22','[\"products\\/16.jpg\",\"products\\/17-1.jpg\",\"products\\/21.jpg\",\"products\\/56.jpg\"]'),(991,6,NULL,NULL,30,5,'Cool template. Excellent code quality. The support responds very quickly, which is very rare on themeforest and codecanyon.net, I buy a lot of templates, and everyone will have a response from technical support for two or three days. Thanks to tech support. I recommend to buy.','published','2025-05-03 11:19:22','2025-05-03 11:19:22','[\"products\\/20-2.jpg\",\"products\\/23-3.jpg\"]'),(996,5,NULL,NULL,5,5,'This script is well coded and is super fast. The support is pretty quick. Very patient and helpful team. I strongly recommend it and they deserve more than 5 stars.','published','2025-05-03 11:19:22','2025-05-03 11:19:22','[\"products\\/11-1.jpg\",\"products\\/23-2.jpg\",\"products\\/58-2.jpg\"]');

--
-- Table structure for table `ec_shared_wishlists`
--

CREATE TABLE `ec_shared_wishlists` (
  `id` bigint unsigned NOT NULL AUTO_INCREMENT,
  `code` varchar(191) COLLATE utf8mb4_unicode_ci NOT NULL,
  `product_ids` text COLLATE utf8mb4_unicode_ci,
  `created_at` timestamp NULL DEFAULT NULL,
  `updated_at` timestamp NULL DEFAULT NULL,
  PRIMARY KEY (`id`),
  UNIQUE KEY `ec_shared_wishlists_code_unique` (`code`)
) ENGINE=InnoDB DEFAULT CHARSET=utf8mb4 COLLATE=utf8mb4_unicode_ci;

--
-- Dumping data for table `ec_shared_wishlists`
--


--
-- Table structure for table `ec_shipment_histories`
--

CREATE TABLE `ec_shipment_histories` (
  `id` bigint unsigned NOT NULL AUTO_INCREMENT,
  `action` varchar(120) COLLATE utf8mb4_unicode_ci NOT NULL,
  `description` varchar(400) COLLATE utf8mb4_unicode_ci DEFAULT NULL,
  `user_id` bigint unsigned DEFAULT NULL,
  `shipment_id` bigint unsigned NOT NULL,
  `order_id` bigint unsigned NOT NULL,
  `created_at` timestamp NULL DEFAULT NULL,
  `updated_at` timestamp NULL DEFAULT NULL,
  `user_type` varchar(191) COLLATE utf8mb4_unicode_ci NOT NULL DEFAULT 'Botble\\ACL\\Models\\User',
  PRIMARY KEY (`id`)
) ENGINE=InnoDB DEFAULT CHARSET=utf8mb4 COLLATE=utf8mb4_unicode_ci;

--
-- Dumping data for table `ec_shipment_histories`
--


--
-- Table structure for table `ec_shipments`
--

CREATE TABLE `ec_shipments` (
  `id` bigint unsigned NOT NULL AUTO_INCREMENT,
  `order_id` bigint unsigned NOT NULL,
  `user_id` bigint unsigned DEFAULT NULL,
  `weight` double DEFAULT '0',
  `shipment_id` varchar(120) COLLATE utf8mb4_unicode_ci DEFAULT NULL,
  `rate_id` varchar(120) COLLATE utf8mb4_unicode_ci DEFAULT NULL,
  `note` varchar(120) COLLATE utf8mb4_unicode_ci DEFAULT NULL,
  `status` varchar(120) COLLATE utf8mb4_unicode_ci NOT NULL DEFAULT 'pending',
  `cod_amount` decimal(15,2) DEFAULT '0.00',
  `cod_status` varchar(60) COLLATE utf8mb4_unicode_ci NOT NULL DEFAULT 'pending',
  `cross_checking_status` varchar(60) COLLATE utf8mb4_unicode_ci NOT NULL DEFAULT 'pending',
  `price` decimal(15,2) DEFAULT '0.00',
  `store_id` bigint unsigned DEFAULT NULL,
  `created_at` timestamp NULL DEFAULT NULL,
  `updated_at` timestamp NULL DEFAULT NULL,
  `tracking_id` varchar(191) COLLATE utf8mb4_unicode_ci DEFAULT NULL,
  `shipping_company_name` varchar(191) COLLATE utf8mb4_unicode_ci DEFAULT NULL,
  `tracking_link` varchar(191) COLLATE utf8mb4_unicode_ci DEFAULT NULL,
  `estimate_date_shipped` datetime DEFAULT NULL,
  `date_shipped` datetime DEFAULT NULL,
  `customer_delivered_confirmed_at` timestamp NULL DEFAULT NULL,
  `label_url` text COLLATE utf8mb4_unicode_ci,
  `metadata` mediumtext COLLATE utf8mb4_unicode_ci,
  PRIMARY KEY (`id`)
) ENGINE=InnoDB DEFAULT CHARSET=utf8mb4 COLLATE=utf8mb4_unicode_ci;

--
-- Dumping data for table `ec_shipments`
--


--
-- Table structure for table `ec_shipping`
--

CREATE TABLE `ec_shipping` (
  `id` bigint unsigned NOT NULL AUTO_INCREMENT,
  `title` varchar(191) COLLATE utf8mb4_unicode_ci DEFAULT NULL,
  `country` varchar(120) COLLATE utf8mb4_unicode_ci DEFAULT NULL,
  `created_at` timestamp NULL DEFAULT NULL,
  `updated_at` timestamp NULL DEFAULT NULL,
  PRIMARY KEY (`id`)
) ENGINE=InnoDB AUTO_INCREMENT=2 DEFAULT CHARSET=utf8mb4 COLLATE=utf8mb4_unicode_ci;

--
-- Dumping data for table `ec_shipping`
--

INSERT INTO `ec_shipping` VALUES (1,'All',NULL,'2025-05-03 11:19:25','2025-05-03 11:19:25');

--
-- Table structure for table `ec_shipping_rule_items`
--

CREATE TABLE `ec_shipping_rule_items` (
  `id` bigint unsigned NOT NULL AUTO_INCREMENT,
  `shipping_rule_id` bigint unsigned NOT NULL,
  `country` varchar(120) COLLATE utf8mb4_unicode_ci DEFAULT NULL,
  `state` varchar(120) COLLATE utf8mb4_unicode_ci DEFAULT NULL,
  `city` varchar(120) COLLATE utf8mb4_unicode_ci DEFAULT NULL,
  `zip_code` varchar(20) COLLATE utf8mb4_unicode_ci DEFAULT NULL,
  `adjustment_price` decimal(15,2) DEFAULT '0.00',
  `is_enabled` tinyint(1) NOT NULL DEFAULT '1',
  `created_at` timestamp NULL DEFAULT NULL,
  `updated_at` timestamp NULL DEFAULT NULL,
  PRIMARY KEY (`id`)
) ENGINE=InnoDB DEFAULT CHARSET=utf8mb4 COLLATE=utf8mb4_unicode_ci;

--
-- Dumping data for table `ec_shipping_rule_items`
--


--
-- Table structure for table `ec_shipping_rules`
--

CREATE TABLE `ec_shipping_rules` (
  `id` bigint unsigned NOT NULL AUTO_INCREMENT,
  `name` varchar(120) COLLATE utf8mb4_unicode_ci NOT NULL,
  `shipping_id` bigint unsigned NOT NULL,
  `type` varchar(24) COLLATE utf8mb4_unicode_ci DEFAULT 'based_on_price',
  `from` decimal(15,2) DEFAULT '0.00',
  `to` decimal(15,2) DEFAULT '0.00',
  `price` decimal(15,2) DEFAULT '0.00',
  `created_at` timestamp NULL DEFAULT NULL,
  `updated_at` timestamp NULL DEFAULT NULL,
  PRIMARY KEY (`id`)
) ENGINE=InnoDB AUTO_INCREMENT=4 DEFAULT CHARSET=utf8mb4 COLLATE=utf8mb4_unicode_ci;

--
-- Dumping data for table `ec_shipping_rules`
--

INSERT INTO `ec_shipping_rules` VALUES (1,'Free delivery',1,'based_on_price',1000.00,NULL,0.00,'2025-05-03 11:19:25','2025-05-03 11:19:25'),(2,'Flat Rate',1,'based_on_price',0.00,NULL,20.00,'2025-05-03 11:19:25','2025-05-03 11:19:25'),(3,'Local Pickup',1,'based_on_price',0.00,NULL,0.00,'2025-05-03 11:19:25','2025-05-03 11:19:25');

--
-- Table structure for table `ec_specification_attributes`
--

CREATE TABLE `ec_specification_attributes` (
  `id` bigint unsigned NOT NULL AUTO_INCREMENT,
  `group_id` bigint unsigned NOT NULL,
  `name` varchar(191) COLLATE utf8mb4_unicode_ci NOT NULL,
  `type` varchar(20) COLLATE utf8mb4_unicode_ci NOT NULL,
  `options` text COLLATE utf8mb4_unicode_ci,
  `default_value` varchar(191) COLLATE utf8mb4_unicode_ci DEFAULT NULL,
  `created_at` timestamp NULL DEFAULT NULL,
  `updated_at` timestamp NULL DEFAULT NULL,
  `author_type` varchar(191) COLLATE utf8mb4_unicode_ci DEFAULT NULL,
  `author_id` bigint unsigned DEFAULT NULL,
  PRIMARY KEY (`id`),
  KEY `ec_specification_attributes_author_type_author_id_index` (`author_type`,`author_id`)
) ENGINE=InnoDB DEFAULT CHARSET=utf8mb4 COLLATE=utf8mb4_unicode_ci;

--
-- Dumping data for table `ec_specification_attributes`
--


--
-- Table structure for table `ec_specification_attributes_translations`
--

CREATE TABLE `ec_specification_attributes_translations` (
  `lang_code` varchar(20) COLLATE utf8mb4_unicode_ci NOT NULL,
  `ec_specification_attributes_id` bigint unsigned NOT NULL,
  `name` varchar(191) COLLATE utf8mb4_unicode_ci DEFAULT NULL,
  `options` text COLLATE utf8mb4_unicode_ci,
  `default_value` varchar(191) COLLATE utf8mb4_unicode_ci DEFAULT NULL,
  PRIMARY KEY (`lang_code`,`ec_specification_attributes_id`)
) ENGINE=InnoDB DEFAULT CHARSET=utf8mb4 COLLATE=utf8mb4_unicode_ci;

--
-- Dumping data for table `ec_specification_attributes_translations`
--


--
-- Table structure for table `ec_specification_groups`
--

CREATE TABLE `ec_specification_groups` (
  `id` bigint unsigned NOT NULL AUTO_INCREMENT,
  `name` varchar(191) COLLATE utf8mb4_unicode_ci NOT NULL,
  `description` varchar(400) COLLATE utf8mb4_unicode_ci DEFAULT NULL,
  `created_at` timestamp NULL DEFAULT NULL,
  `updated_at` timestamp NULL DEFAULT NULL,
  `author_type` varchar(191) COLLATE utf8mb4_unicode_ci DEFAULT NULL,
  `author_id` bigint unsigned DEFAULT NULL,
  PRIMARY KEY (`id`),
  KEY `ec_specification_groups_author_type_author_id_index` (`author_type`,`author_id`)
) ENGINE=InnoDB DEFAULT CHARSET=utf8mb4 COLLATE=utf8mb4_unicode_ci;

--
-- Dumping data for table `ec_specification_groups`
--


--
-- Table structure for table `ec_specification_table_group`
--

CREATE TABLE `ec_specification_table_group` (
  `table_id` bigint unsigned NOT NULL,
  `group_id` bigint unsigned NOT NULL,
  `order` tinyint NOT NULL DEFAULT '0',
  PRIMARY KEY (`table_id`,`group_id`)
) ENGINE=InnoDB DEFAULT CHARSET=utf8mb4 COLLATE=utf8mb4_unicode_ci;

--
-- Dumping data for table `ec_specification_table_group`
--


--
-- Table structure for table `ec_specification_tables`
--

CREATE TABLE `ec_specification_tables` (
  `id` bigint unsigned NOT NULL AUTO_INCREMENT,
  `name` varchar(191) COLLATE utf8mb4_unicode_ci NOT NULL,
  `description` varchar(400) COLLATE utf8mb4_unicode_ci DEFAULT NULL,
  `created_at` timestamp NULL DEFAULT NULL,
  `updated_at` timestamp NULL DEFAULT NULL,
  `author_type` varchar(191) COLLATE utf8mb4_unicode_ci DEFAULT NULL,
  `author_id` bigint unsigned DEFAULT NULL,
  PRIMARY KEY (`id`),
  KEY `ec_specification_tables_author_type_author_id_index` (`author_type`,`author_id`)
) ENGINE=InnoDB DEFAULT CHARSET=utf8mb4 COLLATE=utf8mb4_unicode_ci;

--
-- Dumping data for table `ec_specification_tables`
--


--
-- Table structure for table `ec_store_locators`
--

CREATE TABLE `ec_store_locators` (
  `id` bigint unsigned NOT NULL AUTO_INCREMENT,
  `name` varchar(60) COLLATE utf8mb4_unicode_ci NOT NULL,
  `email` varchar(60) COLLATE utf8mb4_unicode_ci DEFAULT NULL,
  `phone` varchar(20) COLLATE utf8mb4_unicode_ci NOT NULL,
  `address` varchar(191) COLLATE utf8mb4_unicode_ci NOT NULL,
  `country` varchar(120) COLLATE utf8mb4_unicode_ci DEFAULT NULL,
  `state` varchar(120) COLLATE utf8mb4_unicode_ci DEFAULT NULL,
  `city` varchar(120) COLLATE utf8mb4_unicode_ci DEFAULT NULL,
  `is_primary` tinyint(1) DEFAULT '0',
  `is_shipping_location` tinyint(1) DEFAULT '1',
  `created_at` timestamp NULL DEFAULT NULL,
  `updated_at` timestamp NULL DEFAULT NULL,
  `zip_code` varchar(20) COLLATE utf8mb4_unicode_ci DEFAULT NULL,
  PRIMARY KEY (`id`)
) ENGINE=InnoDB AUTO_INCREMENT=2 DEFAULT CHARSET=utf8mb4 COLLATE=utf8mb4_unicode_ci;

--
-- Dumping data for table `ec_store_locators`
--

INSERT INTO `ec_store_locators` VALUES (1,'Agon','sales@archielite.com','1800979769','502 New Street','AU','Brighton VIC','Brighton VIC',1,1,'2025-05-03 11:19:25','2025-05-03 11:19:25',NULL);

--
-- Table structure for table `ec_tax_products`
--

CREATE TABLE `ec_tax_products` (
  `tax_id` bigint unsigned NOT NULL,
  `product_id` bigint unsigned NOT NULL,
  PRIMARY KEY (`product_id`,`tax_id`),
  KEY `ec_tax_products_tax_id_index` (`tax_id`),
  KEY `ec_tax_products_product_id_index` (`product_id`)
) ENGINE=InnoDB DEFAULT CHARSET=utf8mb4 COLLATE=utf8mb4_unicode_ci;

--
-- Dumping data for table `ec_tax_products`
--

INSERT INTO `ec_tax_products` VALUES (1,1),(1,2),(1,3),(1,4),(1,5),(1,6),(1,7),(1,8),(1,9),(1,10),(1,11),(1,12),(1,13),(1,14),(1,15),(1,16),(1,17),(1,18),(1,19),(1,20),(1,21),(1,22),(1,23),(1,24),(1,25),(1,26),(1,27),(1,28),(1,29),(1,30),(1,31),(1,32),(1,33),(1,34),(1,35),(1,36),(1,37),(1,38),(1,39),(1,40),(1,41),(1,42),(1,43),(1,44),(1,45),(1,46),(1,47),(1,48),(1,49),(1,50),(1,51),(1,52),(1,53),(1,54),(1,55),(1,56),(1,57),(1,58),(1,59),(1,60),(1,61),(1,62),(1,63),(1,64),(1,65);

--
-- Table structure for table `ec_tax_rules`
--

CREATE TABLE `ec_tax_rules` (
  `id` bigint unsigned NOT NULL AUTO_INCREMENT,
  `tax_id` bigint unsigned NOT NULL,
  `country` varchar(120) COLLATE utf8mb4_unicode_ci DEFAULT NULL,
  `state` varchar(120) COLLATE utf8mb4_unicode_ci DEFAULT NULL,
  `city` varchar(120) COLLATE utf8mb4_unicode_ci DEFAULT NULL,
  `zip_code` varchar(20) COLLATE utf8mb4_unicode_ci DEFAULT NULL,
  `priority` int DEFAULT NULL,
  `is_enabled` tinyint(1) NOT NULL DEFAULT '1',
  `created_at` timestamp NULL DEFAULT NULL,
  `updated_at` timestamp NULL DEFAULT NULL,
  `percentage` float DEFAULT NULL,
  PRIMARY KEY (`id`)
) ENGINE=InnoDB DEFAULT CHARSET=utf8mb4 COLLATE=utf8mb4_unicode_ci;

--
-- Dumping data for table `ec_tax_rules`
--


--
-- Table structure for table `ec_taxes`
--

CREATE TABLE `ec_taxes` (
  `id` bigint unsigned NOT NULL AUTO_INCREMENT,
  `title` varchar(191) COLLATE utf8mb4_unicode_ci DEFAULT NULL,
  `percentage` float DEFAULT NULL,
  `priority` int DEFAULT NULL,
  `status` varchar(60) COLLATE utf8mb4_unicode_ci NOT NULL DEFAULT 'published',
  `created_at` timestamp NULL DEFAULT NULL,
  `updated_at` timestamp NULL DEFAULT NULL,
  PRIMARY KEY (`id`)
) ENGINE=InnoDB AUTO_INCREMENT=4 DEFAULT CHARSET=utf8mb4 COLLATE=utf8mb4_unicode_ci;

--
-- Dumping data for table `ec_taxes`
--

INSERT INTO `ec_taxes` VALUES (1,'VAT',10,1,'published','2025-05-03 11:19:25','2025-05-03 11:19:25'),(2,'None',0,2,'published','2025-05-03 11:19:25','2025-05-03 11:19:25'),(3,'Import Tax',15,3,'published','2025-05-03 11:19:25','2025-05-03 11:19:25');

--
-- Table structure for table `ec_taxes_translations`
--

CREATE TABLE `ec_taxes_translations` (
  `lang_code` varchar(191) COLLATE utf8mb4_unicode_ci NOT NULL,
  `ec_taxes_id` bigint unsigned NOT NULL,
  `title` varchar(191) COLLATE utf8mb4_unicode_ci DEFAULT NULL,
  PRIMARY KEY (`lang_code`,`ec_taxes_id`)
) ENGINE=InnoDB DEFAULT CHARSET=utf8mb4 COLLATE=utf8mb4_unicode_ci;

--
-- Dumping data for table `ec_taxes_translations`
--


--
-- Table structure for table `ec_wish_lists`
--

CREATE TABLE `ec_wish_lists` (
  `customer_id` bigint unsigned NOT NULL,
  `product_id` bigint unsigned NOT NULL,
  `created_at` timestamp NULL DEFAULT NULL,
  `updated_at` timestamp NULL DEFAULT NULL,
  PRIMARY KEY (`customer_id`,`product_id`),
  KEY `wishlist_relation_index` (`product_id`,`customer_id`)
) ENGINE=InnoDB DEFAULT CHARSET=utf8mb4 COLLATE=utf8mb4_unicode_ci;

--
-- Dumping data for table `ec_wish_lists`
--


--
-- Table structure for table `failed_jobs`
--

CREATE TABLE `failed_jobs` (
  `id` bigint unsigned NOT NULL AUTO_INCREMENT,
  `uuid` varchar(191) COLLATE utf8mb4_unicode_ci NOT NULL,
  `connection` text COLLATE utf8mb4_unicode_ci NOT NULL,
  `queue` text COLLATE utf8mb4_unicode_ci NOT NULL,
  `payload` longtext COLLATE utf8mb4_unicode_ci NOT NULL,
  `exception` longtext COLLATE utf8mb4_unicode_ci NOT NULL,
  `failed_at` timestamp NOT NULL DEFAULT CURRENT_TIMESTAMP,
  PRIMARY KEY (`id`),
  UNIQUE KEY `failed_jobs_uuid_unique` (`uuid`)
) ENGINE=InnoDB DEFAULT CHARSET=utf8mb4 COLLATE=utf8mb4_unicode_ci;

--
-- Dumping data for table `failed_jobs`
--


--
-- Table structure for table `faq_categories`
--

CREATE TABLE `faq_categories` (
  `id` bigint unsigned NOT NULL AUTO_INCREMENT,
  `name` varchar(120) COLLATE utf8mb4_unicode_ci NOT NULL,
  `order` tinyint NOT NULL DEFAULT '0',
  `status` varchar(60) COLLATE utf8mb4_unicode_ci NOT NULL DEFAULT 'published',
  `created_at` timestamp NULL DEFAULT NULL,
  `updated_at` timestamp NULL DEFAULT NULL,
  `description` varchar(400) COLLATE utf8mb4_unicode_ci DEFAULT NULL,
  PRIMARY KEY (`id`)
) ENGINE=InnoDB AUTO_INCREMENT=5 DEFAULT CHARSET=utf8mb4 COLLATE=utf8mb4_unicode_ci;

--
-- Dumping data for table `faq_categories`
--

INSERT INTO `faq_categories` VALUES (1,'General',0,'published','2025-05-03 11:18:36','2025-05-03 11:18:36',NULL),(2,'Buying',1,'published','2025-05-03 11:18:36','2025-05-03 11:18:36',NULL),(3,'Payment',2,'published','2025-05-03 11:18:36','2025-05-03 11:18:36',NULL),(4,'Support',3,'published','2025-05-03 11:18:36','2025-05-03 11:18:36',NULL);

--
-- Table structure for table `faq_categories_translations`
--

CREATE TABLE `faq_categories_translations` (
  `lang_code` varchar(20) COLLATE utf8mb4_unicode_ci NOT NULL,
  `faq_categories_id` bigint unsigned NOT NULL,
  `name` varchar(120) COLLATE utf8mb4_unicode_ci DEFAULT NULL,
  PRIMARY KEY (`lang_code`,`faq_categories_id`)
) ENGINE=InnoDB DEFAULT CHARSET=utf8mb4 COLLATE=utf8mb4_unicode_ci;

--
-- Dumping data for table `faq_categories_translations`
--


--
-- Table structure for table `faqs`
--

CREATE TABLE `faqs` (
  `id` bigint unsigned NOT NULL AUTO_INCREMENT,
  `question` text COLLATE utf8mb4_unicode_ci NOT NULL,
  `answer` text COLLATE utf8mb4_unicode_ci NOT NULL,
  `category_id` bigint unsigned NOT NULL,
  `status` varchar(60) COLLATE utf8mb4_unicode_ci NOT NULL DEFAULT 'published',
  `created_at` timestamp NULL DEFAULT NULL,
  `updated_at` timestamp NULL DEFAULT NULL,
  PRIMARY KEY (`id`)
) ENGINE=InnoDB AUTO_INCREMENT=12 DEFAULT CHARSET=utf8mb4 COLLATE=utf8mb4_unicode_ci;

--
-- Dumping data for table `faqs`
--

INSERT INTO `faqs` VALUES (1,'Can I see the demo before purchasing?','Etiam amet mauris suscipit in odio integer congue metus vitae arcu mollis blandit ultrice ligula egestas and magna suscipit lectus magna suscipit luctus blandit vitae',1,'published','2025-05-03 11:18:36','2025-05-03 11:18:36'),(2,'Can I use your system on different devices?','Etiam amet mauris suscipit in odio integer congue metus vitae arcu mollis blandit ultrice ligula egestas and magna suscipit lectus magna suscipit luctus blandit vitae',1,'published','2025-05-03 11:18:36','2025-05-03 11:18:36'),(3,'Can I import my sitemap to your system?','An enim nullam tempor sapien gravida a donec ipsum enim an porta justo integer at velna vitae auctor integer congue undo magna at pretium purus pretium',1,'published','2025-05-03 11:18:36','2025-05-03 11:18:36'),(4,'Can I cancel my subscription at any time?','An enim nullam tempor sapien gravida a donec ipsum enim an porta justo integer at velna vitae auctor integer congue undo magna at pretium purus pretium',1,'published','2025-05-03 11:18:36','2025-05-03 11:18:36'),(5,'How can I switch my subscription between essential, and premium plan','Cubilia laoreet augue egestas and luctus donec curabite diam vitae dapibus libero and quisque gravida donec and neque.',1,'published','2025-05-03 11:18:36','2025-05-03 11:18:36'),(6,'Is there an additional discount when paid annually?','Cubilia laoreet augue egestas and luctus donec curabite diam vitae dapibus libero and quisque gravida donec and neque. Blandit justo aliquam molestie nunc sapien',1,'published','2025-05-03 11:18:36','2025-05-03 11:18:36'),(7,'Where does it come from ?','If several languages coalesce, the grammar of the resulting language is more simple and regular than that of the individual languages. The new common language will be more simple and regular than the existing European languages.',2,'published','2025-05-03 11:18:36','2025-05-03 11:18:36'),(8,'I have an issue with my account','<ul>\n                    <li>Etiam amet mauris suscipit sit amet in odio. Integer congue leo metus. Vitae arcu mollis blandit ultrice ligula</li>\n                    <li>An enim nullam tempor sapien gravida donec congue leo metus. Vitae arcu mollis blandit integer at velna</li>\n                </ul>',1,'published','2025-05-03 11:18:36','2025-05-03 11:18:36'),(9,'What happens if I don’t renew my license after one year?','<ul>\n                    <li>Etiam amet mauris suscipit sit amet in odio. Integer congue leo metus. Vitae arcu mollis blandit ultrice ligula</li>\n                    <li>An enim nullam tempor sapien gravida donec congue leo metus. Vitae arcu mollis blandit integer at velna</li>\n                </ul>',1,'published','2025-05-03 11:18:36','2025-05-03 11:18:36'),(10,'Do you have a free trial?','<ul class=\"text-body-text\">\n                    <li>Fringilla risus, luctus mauris orci auctor purus</li>\n                    <li>Quaerat sodales sapien euismod blandit purus and ipsum primis in cubilia laoreet augue luctus</li>\n                </ul>',1,'published','2025-05-03 11:18:36','2025-05-03 11:18:36'),(11,'What kind of payment methods do you provide?','<ul class=\"text-body-text\">\n                <li>Fringilla risus, luctus mauris orci auctor purus</li>\n                <li>Quaerat sodales sapien euismoda laoreet augue luctus</li>\n              </ul>',1,'published','2025-05-03 11:18:36','2025-05-03 11:18:36');

--
-- Table structure for table `faqs_translations`
--

CREATE TABLE `faqs_translations` (
  `lang_code` varchar(20) COLLATE utf8mb4_unicode_ci NOT NULL,
  `faqs_id` bigint unsigned NOT NULL,
  `question` text COLLATE utf8mb4_unicode_ci,
  `answer` text COLLATE utf8mb4_unicode_ci,
  PRIMARY KEY (`lang_code`,`faqs_id`)
) ENGINE=InnoDB DEFAULT CHARSET=utf8mb4 COLLATE=utf8mb4_unicode_ci;

--
-- Dumping data for table `faqs_translations`
--


--
-- Table structure for table `jobs`
--

CREATE TABLE `jobs` (
  `id` bigint unsigned NOT NULL AUTO_INCREMENT,
  `queue` varchar(191) COLLATE utf8mb4_unicode_ci NOT NULL,
  `payload` longtext COLLATE utf8mb4_unicode_ci NOT NULL,
  `attempts` tinyint unsigned NOT NULL,
  `reserved_at` int unsigned DEFAULT NULL,
  `available_at` int unsigned NOT NULL,
  `created_at` int unsigned NOT NULL,
  PRIMARY KEY (`id`),
  KEY `jobs_queue_index` (`queue`)
) ENGINE=InnoDB DEFAULT CHARSET=utf8mb4 COLLATE=utf8mb4_unicode_ci;

--
-- Dumping data for table `jobs`
--


--
-- Table structure for table `language_meta`
--

CREATE TABLE `language_meta` (
  `lang_meta_id` bigint unsigned NOT NULL AUTO_INCREMENT,
  `lang_meta_code` varchar(20) COLLATE utf8mb4_unicode_ci DEFAULT NULL,
  `lang_meta_origin` varchar(32) COLLATE utf8mb4_unicode_ci NOT NULL,
  `reference_id` bigint unsigned NOT NULL,
  `reference_type` varchar(120) COLLATE utf8mb4_unicode_ci NOT NULL,
  PRIMARY KEY (`lang_meta_id`),
  KEY `language_meta_reference_id_index` (`reference_id`),
  KEY `meta_code_index` (`lang_meta_code`),
  KEY `meta_origin_index` (`lang_meta_origin`),
  KEY `meta_reference_type_index` (`reference_type`)
) ENGINE=InnoDB AUTO_INCREMENT=9 DEFAULT CHARSET=utf8mb4 COLLATE=utf8mb4_unicode_ci;

--
-- Dumping data for table `language_meta`
--

INSERT INTO `language_meta` VALUES (1,'en_US','61582a605c5b6c2955b103fb27fe2037',1,'Botble\\Menu\\Models\\MenuLocation'),(2,'en_US','c069bbd824afcc388bd10e9eb44baf71',1,'Botble\\Menu\\Models\\Menu'),(3,'en_US','9591c13b10586fae3d31e5894e76eed0',2,'Botble\\Menu\\Models\\Menu'),(4,'en_US','ea1786bd0dc5852ad12a67c3eaf89efe',3,'Botble\\Menu\\Models\\Menu'),(5,'en_US','2feb528ce955d403c2b78be6d99111e0',4,'Botble\\Menu\\Models\\Menu'),(6,'en_US','bb16d069fbd5f1612304abc9257de71c',5,'Botble\\Menu\\Models\\Menu'),(7,'en_US','2688ac924cacf52e3cddffb3d9937015',2,'Botble\\Menu\\Models\\MenuLocation'),(8,'en_US','a111225d7a69cc59bf5bf351b0d58c3d',6,'Botble\\Menu\\Models\\Menu');

--
-- Table structure for table `languages`
--

CREATE TABLE `languages` (
  `lang_id` bigint unsigned NOT NULL AUTO_INCREMENT,
  `lang_name` varchar(120) COLLATE utf8mb4_unicode_ci NOT NULL,
  `lang_locale` varchar(20) COLLATE utf8mb4_unicode_ci NOT NULL,
  `lang_code` varchar(20) COLLATE utf8mb4_unicode_ci NOT NULL,
  `lang_flag` varchar(20) COLLATE utf8mb4_unicode_ci DEFAULT NULL,
  `lang_is_default` tinyint unsigned NOT NULL DEFAULT '0',
  `lang_order` int NOT NULL DEFAULT '0',
  `lang_is_rtl` tinyint unsigned NOT NULL DEFAULT '0',
  PRIMARY KEY (`lang_id`),
  KEY `lang_locale_index` (`lang_locale`),
  KEY `lang_code_index` (`lang_code`),
  KEY `lang_is_default_index` (`lang_is_default`)
) ENGINE=InnoDB AUTO_INCREMENT=2 DEFAULT CHARSET=utf8mb4 COLLATE=utf8mb4_unicode_ci;

--
-- Dumping data for table `languages`
--

INSERT INTO `languages` VALUES (1,'English','en','en_US','us',1,0,0);

--
-- Table structure for table `media_files`
--

CREATE TABLE `media_files` (
  `id` bigint unsigned NOT NULL AUTO_INCREMENT,
  `user_id` bigint unsigned NOT NULL,
  `name` varchar(191) COLLATE utf8mb4_unicode_ci NOT NULL,
  `alt` varchar(191) COLLATE utf8mb4_unicode_ci DEFAULT NULL,
  `folder_id` bigint unsigned NOT NULL DEFAULT '0',
  `mime_type` varchar(120) COLLATE utf8mb4_unicode_ci NOT NULL,
  `size` int NOT NULL,
  `url` varchar(191) COLLATE utf8mb4_unicode_ci NOT NULL,
  `options` text COLLATE utf8mb4_unicode_ci,
  `created_at` timestamp NULL DEFAULT NULL,
  `updated_at` timestamp NULL DEFAULT NULL,
  `deleted_at` timestamp NULL DEFAULT NULL,
  `visibility` varchar(191) COLLATE utf8mb4_unicode_ci NOT NULL DEFAULT 'public',
  PRIMARY KEY (`id`),
  KEY `media_files_user_id_index` (`user_id`),
  KEY `media_files_index` (`folder_id`,`user_id`,`created_at`)
) ENGINE=InnoDB AUTO_INCREMENT=351 DEFAULT CHARSET=utf8mb4 COLLATE=utf8mb4_unicode_ci;

--
-- Dumping data for table `media_files`
--

INSERT INTO `media_files` VALUES (1,0,'banner','banner',1,'image/png',68233,'homepage1/banner.png','[]','2025-05-03 11:18:26','2025-05-03 11:18:26',NULL,'public'),(2,0,'bg-1','bg-1',1,'image/png',2350,'homepage1/bg-1.png','[]','2025-05-03 11:18:27','2025-05-03 11:18:27',NULL,'public'),(3,0,'bg-2','bg-2',1,'image/png',2048,'homepage1/bg-2.png','[]','2025-05-03 11:18:27','2025-05-03 11:18:27',NULL,'public'),(4,0,'bg-3','bg-3',1,'image/png',1150,'homepage1/bg-3.png','[]','2025-05-03 11:18:27','2025-05-03 11:18:27',NULL,'public'),(5,0,'bg-4','bg-4',1,'image/png',1693,'homepage1/bg-4.png','[]','2025-05-03 11:18:27','2025-05-03 11:18:27',NULL,'public'),(6,0,'bg-5','bg-5',1,'image/png',1293,'homepage1/bg-5.png','[]','2025-05-03 11:18:27','2025-05-03 11:18:27',NULL,'public'),(7,0,'business-strategy','business-strategy',1,'image/png',2230,'homepage1/business-strategy.png','[]','2025-05-03 11:18:27','2025-05-03 11:18:27',NULL,'public'),(8,0,'business-white','business-white',1,'image/png',2586,'homepage1/business-white.png','[]','2025-05-03 11:18:27','2025-05-03 11:18:27',NULL,'public'),(9,0,'cognity','cognity',1,'image/png',756,'homepage1/cognity.png','[]','2025-05-03 11:18:27','2025-05-03 11:18:27',NULL,'public'),(10,0,'consulting','consulting',1,'image/png',2118,'homepage1/consulting.png','[]','2025-05-03 11:18:27','2025-05-03 11:18:27',NULL,'public'),(11,0,'img-1','img-1',1,'image/jpeg',17261,'homepage1/img-1.jpg','[]','2025-05-03 11:18:28','2025-05-03 11:18:28',NULL,'public'),(12,0,'img-2','img-2',1,'image/jpeg',17261,'homepage1/img-2.jpg','[]','2025-05-03 11:18:28','2025-05-03 11:18:28',NULL,'public'),(13,0,'img-3','img-3',1,'image/jpeg',17261,'homepage1/img-3.jpg','[]','2025-05-03 11:18:28','2025-05-03 11:18:28',NULL,'public'),(14,0,'img-4','img-4',1,'image/jpeg',17261,'homepage1/img-4.jpg','[]','2025-05-03 11:18:28','2025-05-03 11:18:28',NULL,'public'),(15,0,'img-5','img-5',1,'image/jpeg',17261,'homepage1/img-5.jpg','[]','2025-05-03 11:18:28','2025-05-03 11:18:28',NULL,'public'),(16,0,'img-6','img-6',1,'image/jpeg',17261,'homepage1/img-6.jpg','[]','2025-05-03 11:18:29','2025-05-03 11:18:29',NULL,'public'),(17,0,'img-7','img-7',1,'image/png',51984,'homepage1/img-7.png','[]','2025-05-03 11:18:29','2025-05-03 11:18:29',NULL,'public'),(18,0,'local-white','local-white',1,'image/png',1964,'homepage1/local-white.png','[]','2025-05-03 11:18:29','2025-05-03 11:18:29',NULL,'public'),(19,0,'local','local',1,'image/png',2158,'homepage1/local.png','[]','2025-05-03 11:18:29','2025-05-03 11:18:29',NULL,'public'),(20,0,'market','market',1,'image/png',1868,'homepage1/market.png','[]','2025-05-03 11:18:29','2025-05-03 11:18:29',NULL,'public'),(21,0,'social-white','social-white',1,'image/png',2823,'homepage1/social-white.png','[]','2025-05-03 11:18:30','2025-05-03 11:18:30',NULL,'public'),(22,0,'social','social',1,'image/png',2265,'homepage1/social.png','[]','2025-05-03 11:18:30','2025-05-03 11:18:30',NULL,'public'),(23,0,'video-bg','video-bg',1,'image/png',12788,'homepage1/video-bg.png','[]','2025-05-03 11:18:30','2025-05-03 11:18:30',NULL,'public'),(24,0,'1','1',2,'image/png',9803,'company/1.png','[]','2025-05-03 11:18:30','2025-05-03 11:18:30',NULL,'public'),(25,0,'2','2',2,'image/png',9803,'company/2.png','[]','2025-05-03 11:18:30','2025-05-03 11:18:30',NULL,'public'),(26,0,'3','3',2,'image/png',9803,'company/3.png','[]','2025-05-03 11:18:30','2025-05-03 11:18:30',NULL,'public'),(27,0,'4','4',2,'image/png',9803,'company/4.png','[]','2025-05-03 11:18:30','2025-05-03 11:18:30',NULL,'public'),(28,0,'5','5',2,'image/png',9803,'company/5.png','[]','2025-05-03 11:18:30','2025-05-03 11:18:30',NULL,'public'),(29,0,'6','6',2,'image/png',9803,'company/6.png','[]','2025-05-03 11:18:31','2025-05-03 11:18:31',NULL,'public'),(30,0,'7','7',2,'image/png',9803,'company/7.png','[]','2025-05-03 11:18:31','2025-05-03 11:18:31',NULL,'public'),(31,0,'8','8',2,'image/png',9803,'company/8.png','[]','2025-05-03 11:18:31','2025-05-03 11:18:31',NULL,'public'),(32,0,'9','9',2,'image/png',9803,'company/9.png','[]','2025-05-03 11:18:31','2025-05-03 11:18:31',NULL,'public'),(33,0,'1','1',3,'image/jpeg',9803,'news/1.jpg','[]','2025-05-03 11:18:32','2025-05-03 11:18:32',NULL,'public'),(34,0,'10','10',3,'image/jpeg',9803,'news/10.jpg','[]','2025-05-03 11:18:32','2025-05-03 11:18:32',NULL,'public'),(35,0,'11','11',3,'image/jpeg',9803,'news/11.jpg','[]','2025-05-03 11:18:32','2025-05-03 11:18:32',NULL,'public'),(36,0,'12','12',3,'image/jpeg',9803,'news/12.jpg','[]','2025-05-03 11:18:32','2025-05-03 11:18:32',NULL,'public'),(37,0,'13','13',3,'image/jpeg',9803,'news/13.jpg','[]','2025-05-03 11:18:32','2025-05-03 11:18:32',NULL,'public'),(38,0,'14','14',3,'image/jpeg',9803,'news/14.jpg','[]','2025-05-03 11:18:32','2025-05-03 11:18:32',NULL,'public'),(39,0,'15','15',3,'image/jpeg',9803,'news/15.jpg','[]','2025-05-03 11:18:33','2025-05-03 11:18:33',NULL,'public'),(40,0,'16','16',3,'image/jpeg',9803,'news/16.jpg','[]','2025-05-03 11:18:33','2025-05-03 11:18:33',NULL,'public'),(41,0,'2','2',3,'image/jpeg',9803,'news/2.jpg','[]','2025-05-03 11:18:33','2025-05-03 11:18:33',NULL,'public'),(42,0,'3','3',3,'image/jpeg',9803,'news/3.jpg','[]','2025-05-03 11:18:33','2025-05-03 11:18:33',NULL,'public'),(43,0,'4','4',3,'image/jpeg',9803,'news/4.jpg','[]','2025-05-03 11:18:33','2025-05-03 11:18:33',NULL,'public'),(44,0,'5','5',3,'image/jpeg',9803,'news/5.jpg','[]','2025-05-03 11:18:33','2025-05-03 11:18:33',NULL,'public'),(45,0,'6','6',3,'image/jpeg',9803,'news/6.jpg','[]','2025-05-03 11:18:33','2025-05-03 11:18:33',NULL,'public'),(46,0,'7','7',3,'image/jpeg',9803,'news/7.jpg','[]','2025-05-03 11:18:34','2025-05-03 11:18:34',NULL,'public'),(47,0,'8','8',3,'image/jpeg',9803,'news/8.jpg','[]','2025-05-03 11:18:34','2025-05-03 11:18:34',NULL,'public'),(48,0,'9','9',3,'image/jpeg',9803,'news/9.jpg','[]','2025-05-03 11:18:34','2025-05-03 11:18:34',NULL,'public'),(49,0,'1','1',4,'image/png',9803,'testimonials/1.png','[]','2025-05-03 11:18:35','2025-05-03 11:18:35',NULL,'public'),(50,0,'2','2',4,'image/png',9803,'testimonials/2.png','[]','2025-05-03 11:18:35','2025-05-03 11:18:35',NULL,'public'),(51,0,'3','3',4,'image/png',9803,'testimonials/3.png','[]','2025-05-03 11:18:35','2025-05-03 11:18:35',NULL,'public'),(52,0,'4','4',4,'image/png',9803,'testimonials/4.png','[]','2025-05-03 11:18:36','2025-05-03 11:18:36',NULL,'public'),(53,0,'1','1',5,'image/png',5403,'brands/1.png','[]','2025-05-03 11:18:36','2025-05-03 11:18:36',NULL,'public'),(54,0,'2','2',5,'image/png',5403,'brands/2.png','[]','2025-05-03 11:18:36','2025-05-03 11:18:36',NULL,'public'),(55,0,'3','3',5,'image/png',5403,'brands/3.png','[]','2025-05-03 11:18:36','2025-05-03 11:18:36',NULL,'public'),(56,0,'4','4',5,'image/png',5403,'brands/4.png','[]','2025-05-03 11:18:36','2025-05-03 11:18:36',NULL,'public'),(57,0,'1','1',6,'image/png',972,'product-categories/1.png','[]','2025-05-03 11:18:37','2025-05-03 11:18:37',NULL,'public'),(58,0,'10','10',6,'image/png',2316,'product-categories/10.png','[]','2025-05-03 11:18:37','2025-05-03 11:18:37',NULL,'public'),(59,0,'11','11',6,'image/png',1601,'product-categories/11.png','[]','2025-05-03 11:18:37','2025-05-03 11:18:37',NULL,'public'),(60,0,'12','12',6,'image/png',1754,'product-categories/12.png','[]','2025-05-03 11:18:37','2025-05-03 11:18:37',NULL,'public'),(61,0,'2','2',6,'image/png',2159,'product-categories/2.png','[]','2025-05-03 11:18:37','2025-05-03 11:18:37',NULL,'public'),(62,0,'3','3',6,'image/png',636,'product-categories/3.png','[]','2025-05-03 11:18:37','2025-05-03 11:18:37',NULL,'public'),(63,0,'4','4',6,'image/png',869,'product-categories/4.png','[]','2025-05-03 11:18:37','2025-05-03 11:18:37',NULL,'public'),(64,0,'5','5',6,'image/png',1321,'product-categories/5.png','[]','2025-05-03 11:18:37','2025-05-03 11:18:37',NULL,'public'),(65,0,'6','6',6,'image/png',1742,'product-categories/6.png','[]','2025-05-03 11:18:37','2025-05-03 11:18:37',NULL,'public'),(66,0,'7','7',6,'image/png',945,'product-categories/7.png','[]','2025-05-03 11:18:38','2025-05-03 11:18:38',NULL,'public'),(67,0,'8','8',6,'image/png',1716,'product-categories/8.png','[]','2025-05-03 11:18:38','2025-05-03 11:18:38',NULL,'public'),(68,0,'9','9',6,'image/png',1240,'product-categories/9.png','[]','2025-05-03 11:18:38','2025-05-03 11:18:38',NULL,'public'),(69,0,'1','1',7,'image/jpeg',9803,'products/1.jpg','[]','2025-05-03 11:18:38','2025-05-03 11:18:38',NULL,'public'),(70,0,'10-1','10-1',7,'image/jpeg',9803,'products/10-1.jpg','[]','2025-05-03 11:18:38','2025-05-03 11:18:38',NULL,'public'),(71,0,'10-2','10-2',7,'image/jpeg',9803,'products/10-2.jpg','[]','2025-05-03 11:18:38','2025-05-03 11:18:38',NULL,'public'),(72,0,'10','10',7,'image/jpeg',9803,'products/10.jpg','[]','2025-05-03 11:18:39','2025-05-03 11:18:39',NULL,'public'),(73,0,'11-1','11-1',7,'image/jpeg',9803,'products/11-1.jpg','[]','2025-05-03 11:18:39','2025-05-03 11:18:39',NULL,'public'),(74,0,'11-2','11-2',7,'image/jpeg',9803,'products/11-2.jpg','[]','2025-05-03 11:18:39','2025-05-03 11:18:39',NULL,'public'),(75,0,'11-3','11-3',7,'image/jpeg',9803,'products/11-3.jpg','[]','2025-05-03 11:18:39','2025-05-03 11:18:39',NULL,'public'),(76,0,'11','11',7,'image/jpeg',9803,'products/11.jpg','[]','2025-05-03 11:18:39','2025-05-03 11:18:39',NULL,'public'),(77,0,'12-1','12-1',7,'image/jpeg',9803,'products/12-1.jpg','[]','2025-05-03 11:18:39','2025-05-03 11:18:39',NULL,'public'),(78,0,'12-2','12-2',7,'image/jpeg',9803,'products/12-2.jpg','[]','2025-05-03 11:18:39','2025-05-03 11:18:39',NULL,'public'),(79,0,'12-3','12-3',7,'image/jpeg',9803,'products/12-3.jpg','[]','2025-05-03 11:18:40','2025-05-03 11:18:40',NULL,'public'),(80,0,'12','12',7,'image/jpeg',9803,'products/12.jpg','[]','2025-05-03 11:18:40','2025-05-03 11:18:40',NULL,'public'),(81,0,'13-1','13-1',7,'image/jpeg',9803,'products/13-1.jpg','[]','2025-05-03 11:18:40','2025-05-03 11:18:40',NULL,'public'),(82,0,'13','13',7,'image/jpeg',9803,'products/13.jpg','[]','2025-05-03 11:18:40','2025-05-03 11:18:40',NULL,'public'),(83,0,'14','14',7,'image/jpeg',9803,'products/14.jpg','[]','2025-05-03 11:18:40','2025-05-03 11:18:40',NULL,'public'),(84,0,'15-1','15-1',7,'image/jpeg',9803,'products/15-1.jpg','[]','2025-05-03 11:18:40','2025-05-03 11:18:40',NULL,'public'),(85,0,'15','15',7,'image/jpeg',9803,'products/15.jpg','[]','2025-05-03 11:18:40','2025-05-03 11:18:40',NULL,'public'),(86,0,'16','16',7,'image/jpeg',9803,'products/16.jpg','[]','2025-05-03 11:18:41','2025-05-03 11:18:41',NULL,'public'),(87,0,'17-1','17-1',7,'image/jpeg',9803,'products/17-1.jpg','[]','2025-05-03 11:18:41','2025-05-03 11:18:41',NULL,'public'),(88,0,'17-2','17-2',7,'image/jpeg',9803,'products/17-2.jpg','[]','2025-05-03 11:18:41','2025-05-03 11:18:41',NULL,'public'),(89,0,'17-3','17-3',7,'image/jpeg',9803,'products/17-3.jpg','[]','2025-05-03 11:18:41','2025-05-03 11:18:41',NULL,'public'),(90,0,'17','17',7,'image/jpeg',9803,'products/17.jpg','[]','2025-05-03 11:18:41','2025-05-03 11:18:41',NULL,'public'),(91,0,'18-1','18-1',7,'image/jpeg',9803,'products/18-1.jpg','[]','2025-05-03 11:18:41','2025-05-03 11:18:41',NULL,'public'),(92,0,'18-2','18-2',7,'image/jpeg',9803,'products/18-2.jpg','[]','2025-05-03 11:18:41','2025-05-03 11:18:41',NULL,'public'),(93,0,'18-3','18-3',7,'image/jpeg',9803,'products/18-3.jpg','[]','2025-05-03 11:18:42','2025-05-03 11:18:42',NULL,'public'),(94,0,'18','18',7,'image/jpeg',9803,'products/18.jpg','[]','2025-05-03 11:18:42','2025-05-03 11:18:42',NULL,'public'),(95,0,'19-1','19-1',7,'image/jpeg',9803,'products/19-1.jpg','[]','2025-05-03 11:18:42','2025-05-03 11:18:42',NULL,'public'),(96,0,'19-2','19-2',7,'image/jpeg',9803,'products/19-2.jpg','[]','2025-05-03 11:18:42','2025-05-03 11:18:42',NULL,'public'),(97,0,'19-3','19-3',7,'image/jpeg',9803,'products/19-3.jpg','[]','2025-05-03 11:18:42','2025-05-03 11:18:42',NULL,'public'),(98,0,'19','19',7,'image/jpeg',9803,'products/19.jpg','[]','2025-05-03 11:18:42','2025-05-03 11:18:42',NULL,'public'),(99,0,'2-1','2-1',7,'image/jpeg',9803,'products/2-1.jpg','[]','2025-05-03 11:18:42','2025-05-03 11:18:42',NULL,'public'),(100,0,'2-2','2-2',7,'image/jpeg',9803,'products/2-2.jpg','[]','2025-05-03 11:18:43','2025-05-03 11:18:43',NULL,'public'),(101,0,'2-3','2-3',7,'image/jpeg',9803,'products/2-3.jpg','[]','2025-05-03 11:18:43','2025-05-03 11:18:43',NULL,'public'),(102,0,'2','2',7,'image/jpeg',9803,'products/2.jpg','[]','2025-05-03 11:18:43','2025-05-03 11:18:43',NULL,'public'),(103,0,'20-1','20-1',7,'image/jpeg',9803,'products/20-1.jpg','[]','2025-05-03 11:18:43','2025-05-03 11:18:43',NULL,'public'),(104,0,'20-2','20-2',7,'image/jpeg',9803,'products/20-2.jpg','[]','2025-05-03 11:18:43','2025-05-03 11:18:43',NULL,'public'),(105,0,'20-3','20-3',7,'image/jpeg',9803,'products/20-3.jpg','[]','2025-05-03 11:18:43','2025-05-03 11:18:43',NULL,'public'),(106,0,'20','20',7,'image/jpeg',9803,'products/20.jpg','[]','2025-05-03 11:18:43','2025-05-03 11:18:43',NULL,'public'),(107,0,'21-1','21-1',7,'image/jpeg',9803,'products/21-1.jpg','[]','2025-05-03 11:18:44','2025-05-03 11:18:44',NULL,'public'),(108,0,'21-2','21-2',7,'image/jpeg',9803,'products/21-2.jpg','[]','2025-05-03 11:18:44','2025-05-03 11:18:44',NULL,'public'),(109,0,'21','21',7,'image/jpeg',9803,'products/21.jpg','[]','2025-05-03 11:18:44','2025-05-03 11:18:44',NULL,'public'),(110,0,'22-1','22-1',7,'image/jpeg',9803,'products/22-1.jpg','[]','2025-05-03 11:18:44','2025-05-03 11:18:44',NULL,'public'),(111,0,'22-2','22-2',7,'image/jpeg',9803,'products/22-2.jpg','[]','2025-05-03 11:18:44','2025-05-03 11:18:44',NULL,'public'),(112,0,'22-3','22-3',7,'image/jpeg',9803,'products/22-3.jpg','[]','2025-05-03 11:18:44','2025-05-03 11:18:44',NULL,'public'),(113,0,'22','22',7,'image/jpeg',9803,'products/22.jpg','[]','2025-05-03 11:18:44','2025-05-03 11:18:44',NULL,'public'),(114,0,'23-1','23-1',7,'image/jpeg',9803,'products/23-1.jpg','[]','2025-05-03 11:18:44','2025-05-03 11:18:44',NULL,'public'),(115,0,'23-2','23-2',7,'image/jpeg',9803,'products/23-2.jpg','[]','2025-05-03 11:18:45','2025-05-03 11:18:45',NULL,'public'),(116,0,'23-3','23-3',7,'image/jpeg',9803,'products/23-3.jpg','[]','2025-05-03 11:18:45','2025-05-03 11:18:45',NULL,'public'),(117,0,'23','23',7,'image/jpeg',9803,'products/23.jpg','[]','2025-05-03 11:18:45','2025-05-03 11:18:45',NULL,'public'),(118,0,'24-1','24-1',7,'image/jpeg',9803,'products/24-1.jpg','[]','2025-05-03 11:18:45','2025-05-03 11:18:45',NULL,'public'),(119,0,'24-2','24-2',7,'image/jpeg',9803,'products/24-2.jpg','[]','2025-05-03 11:18:45','2025-05-03 11:18:45',NULL,'public'),(120,0,'24','24',7,'image/jpeg',9803,'products/24.jpg','[]','2025-05-03 11:18:45','2025-05-03 11:18:45',NULL,'public'),(121,0,'25-1','25-1',7,'image/jpeg',9803,'products/25-1.jpg','[]','2025-05-03 11:18:45','2025-05-03 11:18:45',NULL,'public'),(122,0,'25-2','25-2',7,'image/jpeg',9803,'products/25-2.jpg','[]','2025-05-03 11:18:46','2025-05-03 11:18:46',NULL,'public'),(123,0,'25','25',7,'image/jpeg',9803,'products/25.jpg','[]','2025-05-03 11:18:46','2025-05-03 11:18:46',NULL,'public'),(124,0,'26-1','26-1',7,'image/jpeg',9803,'products/26-1.jpg','[]','2025-05-03 11:18:46','2025-05-03 11:18:46',NULL,'public'),(125,0,'26','26',7,'image/jpeg',9803,'products/26.jpg','[]','2025-05-03 11:18:46','2025-05-03 11:18:46',NULL,'public'),(126,0,'27-1','27-1',7,'image/jpeg',9803,'products/27-1.jpg','[]','2025-05-03 11:18:46','2025-05-03 11:18:46',NULL,'public'),(127,0,'27','27',7,'image/jpeg',9803,'products/27.jpg','[]','2025-05-03 11:18:46','2025-05-03 11:18:46',NULL,'public'),(128,0,'28-1','28-1',7,'image/jpeg',9803,'products/28-1.jpg','[]','2025-05-03 11:18:46','2025-05-03 11:18:46',NULL,'public'),(129,0,'28-2','28-2',7,'image/jpeg',9803,'products/28-2.jpg','[]','2025-05-03 11:18:47','2025-05-03 11:18:47',NULL,'public'),(130,0,'28','28',7,'image/jpeg',9803,'products/28.jpg','[]','2025-05-03 11:18:47','2025-05-03 11:18:47',NULL,'public'),(131,0,'29-1','29-1',7,'image/jpeg',9803,'products/29-1.jpg','[]','2025-05-03 11:18:47','2025-05-03 11:18:47',NULL,'public'),(132,0,'29-2','29-2',7,'image/jpeg',9803,'products/29-2.jpg','[]','2025-05-03 11:18:47','2025-05-03 11:18:47',NULL,'public'),(133,0,'29','29',7,'image/jpeg',9803,'products/29.jpg','[]','2025-05-03 11:18:47','2025-05-03 11:18:47',NULL,'public'),(134,0,'3','3',7,'image/jpeg',9803,'products/3.jpg','[]','2025-05-03 11:18:47','2025-05-03 11:18:47',NULL,'public'),(135,0,'30-1','30-1',7,'image/jpeg',9803,'products/30-1.jpg','[]','2025-05-03 11:18:47','2025-05-03 11:18:47',NULL,'public'),(136,0,'30-2','30-2',7,'image/jpeg',9803,'products/30-2.jpg','[]','2025-05-03 11:18:48','2025-05-03 11:18:48',NULL,'public'),(137,0,'30','30',7,'image/jpeg',9803,'products/30.jpg','[]','2025-05-03 11:18:48','2025-05-03 11:18:48',NULL,'public'),(138,0,'31-1','31-1',7,'image/jpeg',9803,'products/31-1.jpg','[]','2025-05-03 11:18:48','2025-05-03 11:18:48',NULL,'public'),(139,0,'31','31',7,'image/jpeg',9803,'products/31.jpg','[]','2025-05-03 11:18:48','2025-05-03 11:18:48',NULL,'public'),(140,0,'32-1','32-1',7,'image/jpeg',9803,'products/32-1.jpg','[]','2025-05-03 11:18:48','2025-05-03 11:18:48',NULL,'public'),(141,0,'32-2','32-2',7,'image/jpeg',9803,'products/32-2.jpg','[]','2025-05-03 11:18:48','2025-05-03 11:18:48',NULL,'public'),(142,0,'32','32',7,'image/jpeg',9803,'products/32.jpg','[]','2025-05-03 11:18:48','2025-05-03 11:18:48',NULL,'public'),(143,0,'33-1','33-1',7,'image/jpeg',9803,'products/33-1.jpg','[]','2025-05-03 11:18:49','2025-05-03 11:18:49',NULL,'public'),(144,0,'33-2','33-2',7,'image/jpeg',9803,'products/33-2.jpg','[]','2025-05-03 11:18:49','2025-05-03 11:18:49',NULL,'public'),(145,0,'33','33',7,'image/jpeg',9803,'products/33.jpg','[]','2025-05-03 11:18:49','2025-05-03 11:18:49',NULL,'public'),(146,0,'34-1','34-1',7,'image/jpeg',9803,'products/34-1.jpg','[]','2025-05-03 11:18:49','2025-05-03 11:18:49',NULL,'public'),(147,0,'34','34',7,'image/jpeg',9803,'products/34.jpg','[]','2025-05-03 11:18:49','2025-05-03 11:18:49',NULL,'public'),(148,0,'35-1','35-1',7,'image/jpeg',9803,'products/35-1.jpg','[]','2025-05-03 11:18:49','2025-05-03 11:18:49',NULL,'public'),(149,0,'35','35',7,'image/jpeg',9803,'products/35.jpg','[]','2025-05-03 11:18:49','2025-05-03 11:18:49',NULL,'public'),(150,0,'36-1','36-1',7,'image/jpeg',9803,'products/36-1.jpg','[]','2025-05-03 11:18:50','2025-05-03 11:18:50',NULL,'public'),(151,0,'36-2','36-2',7,'image/jpeg',9803,'products/36-2.jpg','[]','2025-05-03 11:18:50','2025-05-03 11:18:50',NULL,'public'),(152,0,'36','36',7,'image/jpeg',9803,'products/36.jpg','[]','2025-05-03 11:18:50','2025-05-03 11:18:50',NULL,'public'),(153,0,'37-1','37-1',7,'image/jpeg',9803,'products/37-1.jpg','[]','2025-05-03 11:18:50','2025-05-03 11:18:50',NULL,'public'),(154,0,'37-2','37-2',7,'image/jpeg',9803,'products/37-2.jpg','[]','2025-05-03 11:18:50','2025-05-03 11:18:50',NULL,'public'),(155,0,'37','37',7,'image/jpeg',9803,'products/37.jpg','[]','2025-05-03 11:18:50','2025-05-03 11:18:50',NULL,'public'),(156,0,'38-1','38-1',7,'image/jpeg',9803,'products/38-1.jpg','[]','2025-05-03 11:18:50','2025-05-03 11:18:50',NULL,'public'),(157,0,'38-2','38-2',7,'image/jpeg',9803,'products/38-2.jpg','[]','2025-05-03 11:18:51','2025-05-03 11:18:51',NULL,'public'),(158,0,'38-3','38-3',7,'image/jpeg',9803,'products/38-3.jpg','[]','2025-05-03 11:18:51','2025-05-03 11:18:51',NULL,'public'),(159,0,'38','38',7,'image/jpeg',9803,'products/38.jpg','[]','2025-05-03 11:18:51','2025-05-03 11:18:51',NULL,'public'),(160,0,'39-1','39-1',7,'image/jpeg',9803,'products/39-1.jpg','[]','2025-05-03 11:18:51','2025-05-03 11:18:51',NULL,'public'),(161,0,'39-2','39-2',7,'image/jpeg',9803,'products/39-2.jpg','[]','2025-05-03 11:18:51','2025-05-03 11:18:51',NULL,'public'),(162,0,'39','39',7,'image/jpeg',9803,'products/39.jpg','[]','2025-05-03 11:18:51','2025-05-03 11:18:51',NULL,'public'),(163,0,'4-1','4-1',7,'image/jpeg',9803,'products/4-1.jpg','[]','2025-05-03 11:18:51','2025-05-03 11:18:51',NULL,'public'),(164,0,'4-2','4-2',7,'image/jpeg',9803,'products/4-2.jpg','[]','2025-05-03 11:18:52','2025-05-03 11:18:52',NULL,'public'),(165,0,'4-3','4-3',7,'image/jpeg',9803,'products/4-3.jpg','[]','2025-05-03 11:18:52','2025-05-03 11:18:52',NULL,'public'),(166,0,'4','4',7,'image/jpeg',9803,'products/4.jpg','[]','2025-05-03 11:18:52','2025-05-03 11:18:52',NULL,'public'),(167,0,'40-1','40-1',7,'image/jpeg',9803,'products/40-1.jpg','[]','2025-05-03 11:18:52','2025-05-03 11:18:52',NULL,'public'),(168,0,'40','40',7,'image/jpeg',9803,'products/40.jpg','[]','2025-05-03 11:18:52','2025-05-03 11:18:52',NULL,'public'),(169,0,'41-1','41-1',7,'image/jpeg',9803,'products/41-1.jpg','[]','2025-05-03 11:18:52','2025-05-03 11:18:52',NULL,'public'),(170,0,'41-2','41-2',7,'image/jpeg',9803,'products/41-2.jpg','[]','2025-05-03 11:18:53','2025-05-03 11:18:53',NULL,'public'),(171,0,'41','41',7,'image/jpeg',9803,'products/41.jpg','[]','2025-05-03 11:18:53','2025-05-03 11:18:53',NULL,'public'),(172,0,'42-1','42-1',7,'image/jpeg',9803,'products/42-1.jpg','[]','2025-05-03 11:18:53','2025-05-03 11:18:53',NULL,'public'),(173,0,'42-2','42-2',7,'image/jpeg',9803,'products/42-2.jpg','[]','2025-05-03 11:18:53','2025-05-03 11:18:53',NULL,'public'),(174,0,'42','42',7,'image/jpeg',9803,'products/42.jpg','[]','2025-05-03 11:18:53','2025-05-03 11:18:53',NULL,'public'),(175,0,'43-1','43-1',7,'image/jpeg',9803,'products/43-1.jpg','[]','2025-05-03 11:18:53','2025-05-03 11:18:53',NULL,'public'),(176,0,'43-2','43-2',7,'image/jpeg',9803,'products/43-2.jpg','[]','2025-05-03 11:18:53','2025-05-03 11:18:53',NULL,'public'),(177,0,'43','43',7,'image/jpeg',9803,'products/43.jpg','[]','2025-05-03 11:18:53','2025-05-03 11:18:53',NULL,'public'),(178,0,'44-1','44-1',7,'image/jpeg',9803,'products/44-1.jpg','[]','2025-05-03 11:18:54','2025-05-03 11:18:54',NULL,'public'),(179,0,'44-2','44-2',7,'image/jpeg',9803,'products/44-2.jpg','[]','2025-05-03 11:18:54','2025-05-03 11:18:54',NULL,'public'),(180,0,'44','44',7,'image/jpeg',9803,'products/44.jpg','[]','2025-05-03 11:18:54','2025-05-03 11:18:54',NULL,'public'),(181,0,'45-1','45-1',7,'image/jpeg',9803,'products/45-1.jpg','[]','2025-05-03 11:18:54','2025-05-03 11:18:54',NULL,'public'),(182,0,'45','45',7,'image/jpeg',9803,'products/45.jpg','[]','2025-05-03 11:18:54','2025-05-03 11:18:54',NULL,'public'),(183,0,'46-1','46-1',7,'image/jpeg',9803,'products/46-1.jpg','[]','2025-05-03 11:18:54','2025-05-03 11:18:54',NULL,'public'),(184,0,'46','46',7,'image/jpeg',9803,'products/46.jpg','[]','2025-05-03 11:18:54','2025-05-03 11:18:54',NULL,'public'),(185,0,'47-1','47-1',7,'image/jpeg',9803,'products/47-1.jpg','[]','2025-05-03 11:18:55','2025-05-03 11:18:55',NULL,'public'),(186,0,'47','47',7,'image/jpeg',9803,'products/47.jpg','[]','2025-05-03 11:18:55','2025-05-03 11:18:55',NULL,'public'),(187,0,'48-1','48-1',7,'image/jpeg',9803,'products/48-1.jpg','[]','2025-05-03 11:18:55','2025-05-03 11:18:55',NULL,'public'),(188,0,'48-2','48-2',7,'image/jpeg',9803,'products/48-2.jpg','[]','2025-05-03 11:18:55','2025-05-03 11:18:55',NULL,'public'),(189,0,'48','48',7,'image/jpeg',9803,'products/48.jpg','[]','2025-05-03 11:18:55','2025-05-03 11:18:55',NULL,'public'),(190,0,'49-1','49-1',7,'image/jpeg',9803,'products/49-1.jpg','[]','2025-05-03 11:18:55','2025-05-03 11:18:55',NULL,'public'),(191,0,'49-2','49-2',7,'image/jpeg',9803,'products/49-2.jpg','[]','2025-05-03 11:18:56','2025-05-03 11:18:56',NULL,'public'),(192,0,'49','49',7,'image/jpeg',9803,'products/49.jpg','[]','2025-05-03 11:18:56','2025-05-03 11:18:56',NULL,'public'),(193,0,'5-1','5-1',7,'image/jpeg',9803,'products/5-1.jpg','[]','2025-05-03 11:18:56','2025-05-03 11:18:56',NULL,'public'),(194,0,'5-2','5-2',7,'image/jpeg',9803,'products/5-2.jpg','[]','2025-05-03 11:18:56','2025-05-03 11:18:56',NULL,'public'),(195,0,'5-3','5-3',7,'image/jpeg',9803,'products/5-3.jpg','[]','2025-05-03 11:18:56','2025-05-03 11:18:56',NULL,'public'),(196,0,'5','5',7,'image/jpeg',9803,'products/5.jpg','[]','2025-05-03 11:18:56','2025-05-03 11:18:56',NULL,'public'),(197,0,'50-1','50-1',7,'image/jpeg',9803,'products/50-1.jpg','[]','2025-05-03 11:18:56','2025-05-03 11:18:56',NULL,'public'),(198,0,'50','50',7,'image/jpeg',9803,'products/50.jpg','[]','2025-05-03 11:18:57','2025-05-03 11:18:57',NULL,'public'),(199,0,'51','51',7,'image/jpeg',9803,'products/51.jpg','[]','2025-05-03 11:18:57','2025-05-03 11:18:57',NULL,'public'),(200,0,'52-1','52-1',7,'image/jpeg',9803,'products/52-1.jpg','[]','2025-05-03 11:18:57','2025-05-03 11:18:57',NULL,'public'),(201,0,'52-2','52-2',7,'image/jpeg',9803,'products/52-2.jpg','[]','2025-05-03 11:18:57','2025-05-03 11:18:57',NULL,'public'),(202,0,'52','52',7,'image/jpeg',9803,'products/52.jpg','[]','2025-05-03 11:18:57','2025-05-03 11:18:57',NULL,'public'),(203,0,'53-1','53-1',7,'image/jpeg',9803,'products/53-1.jpg','[]','2025-05-03 11:18:57','2025-05-03 11:18:57',NULL,'public'),(204,0,'53','53',7,'image/jpeg',9803,'products/53.jpg','[]','2025-05-03 11:18:58','2025-05-03 11:18:58',NULL,'public'),(205,0,'54-1','54-1',7,'image/jpeg',9803,'products/54-1.jpg','[]','2025-05-03 11:18:58','2025-05-03 11:18:58',NULL,'public'),(206,0,'54','54',7,'image/jpeg',9803,'products/54.jpg','[]','2025-05-03 11:18:58','2025-05-03 11:18:58',NULL,'public'),(207,0,'55-1','55-1',7,'image/jpeg',9803,'products/55-1.jpg','[]','2025-05-03 11:18:58','2025-05-03 11:18:58',NULL,'public'),(208,0,'55-2','55-2',7,'image/jpeg',9803,'products/55-2.jpg','[]','2025-05-03 11:18:58','2025-05-03 11:18:58',NULL,'public'),(209,0,'55','55',7,'image/jpeg',9803,'products/55.jpg','[]','2025-05-03 11:18:58','2025-05-03 11:18:58',NULL,'public'),(210,0,'56-1','56-1',7,'image/jpeg',9803,'products/56-1.jpg','[]','2025-05-03 11:18:58','2025-05-03 11:18:58',NULL,'public'),(211,0,'56-2','56-2',7,'image/jpeg',9803,'products/56-2.jpg','[]','2025-05-03 11:18:59','2025-05-03 11:18:59',NULL,'public'),(212,0,'56','56',7,'image/jpeg',9803,'products/56.jpg','[]','2025-05-03 11:18:59','2025-05-03 11:18:59',NULL,'public'),(213,0,'57-1','57-1',7,'image/jpeg',9803,'products/57-1.jpg','[]','2025-05-03 11:18:59','2025-05-03 11:18:59',NULL,'public'),(214,0,'57','57',7,'image/jpeg',9803,'products/57.jpg','[]','2025-05-03 11:18:59','2025-05-03 11:18:59',NULL,'public'),(215,0,'58-1','58-1',7,'image/jpeg',9803,'products/58-1.jpg','[]','2025-05-03 11:18:59','2025-05-03 11:18:59',NULL,'public'),(216,0,'58-2','58-2',7,'image/jpeg',9803,'products/58-2.jpg','[]','2025-05-03 11:18:59','2025-05-03 11:18:59',NULL,'public'),(217,0,'58','58',7,'image/jpeg',9803,'products/58.jpg','[]','2025-05-03 11:18:59','2025-05-03 11:18:59',NULL,'public'),(218,0,'59-1','59-1',7,'image/jpeg',9803,'products/59-1.jpg','[]','2025-05-03 11:19:00','2025-05-03 11:19:00',NULL,'public'),(219,0,'59-2','59-2',7,'image/jpeg',9803,'products/59-2.jpg','[]','2025-05-03 11:19:00','2025-05-03 11:19:00',NULL,'public'),(220,0,'59-3','59-3',7,'image/jpeg',9803,'products/59-3.jpg','[]','2025-05-03 11:19:00','2025-05-03 11:19:00',NULL,'public'),(221,0,'59','59',7,'image/jpeg',9803,'products/59.jpg','[]','2025-05-03 11:19:00','2025-05-03 11:19:00',NULL,'public'),(222,0,'6','6',7,'image/jpeg',9803,'products/6.jpg','[]','2025-05-03 11:19:00','2025-05-03 11:19:00',NULL,'public'),(223,0,'60-1','60-1',7,'image/jpeg',9803,'products/60-1.jpg','[]','2025-05-03 11:19:00','2025-05-03 11:19:00',NULL,'public'),(224,0,'60-2','60-2',7,'image/jpeg',9803,'products/60-2.jpg','[]','2025-05-03 11:19:00','2025-05-03 11:19:00',NULL,'public'),(225,0,'60','60',7,'image/jpeg',9803,'products/60.jpg','[]','2025-05-03 11:19:01','2025-05-03 11:19:01',NULL,'public'),(226,0,'61-1','61-1',7,'image/jpeg',9803,'products/61-1.jpg','[]','2025-05-03 11:19:01','2025-05-03 11:19:01',NULL,'public'),(227,0,'61','61',7,'image/jpeg',9803,'products/61.jpg','[]','2025-05-03 11:19:01','2025-05-03 11:19:01',NULL,'public'),(228,0,'62-1','62-1',7,'image/jpeg',9803,'products/62-1.jpg','[]','2025-05-03 11:19:01','2025-05-03 11:19:01',NULL,'public'),(229,0,'62','62',7,'image/jpeg',9803,'products/62.jpg','[]','2025-05-03 11:19:01','2025-05-03 11:19:01',NULL,'public'),(230,0,'63-1','63-1',7,'image/jpeg',9803,'products/63-1.jpg','[]','2025-05-03 11:19:01','2025-05-03 11:19:01',NULL,'public'),(231,0,'63','63',7,'image/jpeg',9803,'products/63.jpg','[]','2025-05-03 11:19:01','2025-05-03 11:19:01',NULL,'public'),(232,0,'64-1','64-1',7,'image/jpeg',9803,'products/64-1.jpg','[]','2025-05-03 11:19:02','2025-05-03 11:19:02',NULL,'public'),(233,0,'64','64',7,'image/jpeg',9803,'products/64.jpg','[]','2025-05-03 11:19:02','2025-05-03 11:19:02',NULL,'public'),(234,0,'65-1','65-1',7,'image/jpeg',9803,'products/65-1.jpg','[]','2025-05-03 11:19:02','2025-05-03 11:19:02',NULL,'public'),(235,0,'65-2','65-2',7,'image/jpeg',9803,'products/65-2.jpg','[]','2025-05-03 11:19:02','2025-05-03 11:19:02',NULL,'public'),(236,0,'65','65',7,'image/jpeg',9803,'products/65.jpg','[]','2025-05-03 11:19:02','2025-05-03 11:19:02',NULL,'public'),(237,0,'7','7',7,'image/jpeg',9803,'products/7.jpg','[]','2025-05-03 11:19:02','2025-05-03 11:19:02',NULL,'public'),(238,0,'8-1','8-1',7,'image/jpeg',9803,'products/8-1.jpg','[]','2025-05-03 11:19:02','2025-05-03 11:19:02',NULL,'public'),(239,0,'8-2','8-2',7,'image/jpeg',9803,'products/8-2.jpg','[]','2025-05-03 11:19:03','2025-05-03 11:19:03',NULL,'public'),(240,0,'8-3','8-3',7,'image/jpeg',9803,'products/8-3.jpg','[]','2025-05-03 11:19:03','2025-05-03 11:19:03',NULL,'public'),(241,0,'8','8',7,'image/jpeg',9803,'products/8.jpg','[]','2025-05-03 11:19:03','2025-05-03 11:19:03',NULL,'public'),(242,0,'9-1','9-1',7,'image/jpeg',9803,'products/9-1.jpg','[]','2025-05-03 11:19:03','2025-05-03 11:19:03',NULL,'public'),(243,0,'9-2','9-2',7,'image/jpeg',9803,'products/9-2.jpg','[]','2025-05-03 11:19:03','2025-05-03 11:19:03',NULL,'public'),(244,0,'9','9',7,'image/jpeg',9803,'products/9.jpg','[]','2025-05-03 11:19:03','2025-05-03 11:19:03',NULL,'public'),(245,0,'1','1',8,'image/jpeg',9803,'customers/1.jpg','[]','2025-05-03 11:19:19','2025-05-03 11:19:19',NULL,'public'),(246,0,'10','10',8,'image/jpeg',9803,'customers/10.jpg','[]','2025-05-03 11:19:20','2025-05-03 11:19:20',NULL,'public'),(247,0,'2','2',8,'image/jpeg',9803,'customers/2.jpg','[]','2025-05-03 11:19:20','2025-05-03 11:19:20',NULL,'public'),(248,0,'3','3',8,'image/jpeg',9803,'customers/3.jpg','[]','2025-05-03 11:19:20','2025-05-03 11:19:20',NULL,'public'),(249,0,'4','4',8,'image/jpeg',9803,'customers/4.jpg','[]','2025-05-03 11:19:20','2025-05-03 11:19:20',NULL,'public'),(250,0,'5','5',8,'image/jpeg',9803,'customers/5.jpg','[]','2025-05-03 11:19:20','2025-05-03 11:19:20',NULL,'public'),(251,0,'6','6',8,'image/jpeg',9803,'customers/6.jpg','[]','2025-05-03 11:19:20','2025-05-03 11:19:20',NULL,'public'),(252,0,'7','7',8,'image/jpeg',9803,'customers/7.jpg','[]','2025-05-03 11:19:20','2025-05-03 11:19:20',NULL,'public'),(253,0,'8','8',8,'image/jpeg',9803,'customers/8.jpg','[]','2025-05-03 11:19:20','2025-05-03 11:19:20',NULL,'public'),(254,0,'9','9',8,'image/jpeg',9803,'customers/9.jpg','[]','2025-05-03 11:19:21','2025-05-03 11:19:21',NULL,'public'),(255,0,'apple-button','apple-button',9,'image/png',801,'general/apple-button.png','[]','2025-05-03 11:19:26','2025-05-03 11:19:26',NULL,'public'),(256,0,'balance','balance',9,'image/png',14676,'general/balance.png','[]','2025-05-03 11:19:26','2025-05-03 11:19:26',NULL,'public'),(257,0,'banner1','banner1',9,'image/png',51908,'general/banner1.png','[]','2025-05-03 11:19:26','2025-05-03 11:19:26',NULL,'public'),(258,0,'banner10','banner10',9,'image/png',17400,'general/banner10.png','[]','2025-05-03 11:19:27','2025-05-03 11:19:27',NULL,'public'),(259,0,'banner11','banner11',9,'image/png',13505,'general/banner11.png','[]','2025-05-03 11:19:27','2025-05-03 11:19:27',NULL,'public'),(260,0,'banner12','banner12',9,'image/png',65968,'general/banner12.png','[]','2025-05-03 11:19:27','2025-05-03 11:19:27',NULL,'public'),(261,0,'banner13','banner13',9,'image/png',18033,'general/banner13.png','[]','2025-05-03 11:19:28','2025-05-03 11:19:28',NULL,'public'),(262,0,'banner14','banner14',9,'image/png',17968,'general/banner14.png','[]','2025-05-03 11:19:28','2025-05-03 11:19:28',NULL,'public'),(263,0,'banner15','banner15',9,'image/png',19132,'general/banner15.png','[]','2025-05-03 11:19:28','2025-05-03 11:19:28',NULL,'public'),(264,0,'banner2','banner2',9,'image/png',21273,'general/banner2.png','[]','2025-05-03 11:19:28','2025-05-03 11:19:28',NULL,'public'),(265,0,'banner3','banner3',9,'image/png',44735,'general/banner3.png','[]','2025-05-03 11:19:29','2025-05-03 11:19:29',NULL,'public'),(266,0,'banner4','banner4',9,'image/png',6560,'general/banner4.png','[]','2025-05-03 11:19:29','2025-05-03 11:19:29',NULL,'public'),(267,0,'banner5','banner5',9,'image/png',59621,'general/banner5.png','[]','2025-05-03 11:19:29','2025-05-03 11:19:29',NULL,'public'),(268,0,'banner6','banner6',9,'image/png',58775,'general/banner6.png','[]','2025-05-03 11:19:30','2025-05-03 11:19:30',NULL,'public'),(269,0,'banner7','banner7',9,'image/png',44285,'general/banner7.png','[]','2025-05-03 11:19:30','2025-05-03 11:19:30',NULL,'public'),(270,0,'banner8','banner8',9,'image/png',58013,'general/banner8.png','[]','2025-05-03 11:19:31','2025-05-03 11:19:31',NULL,'public'),(271,0,'banner9','banner9',9,'image/png',45486,'general/banner9.png','[]','2025-05-03 11:19:31','2025-05-03 11:19:31',NULL,'public'),(272,0,'bg-about-1','bg-about-1',9,'image/png',67688,'general/bg-about-1.png','[]','2025-05-03 11:19:32','2025-05-03 11:19:32',NULL,'public'),(273,0,'bg-app','bg-app',9,'image/png',5835,'general/bg-app.png','[]','2025-05-03 11:19:33','2025-05-03 11:19:33',NULL,'public'),(274,0,'bg-banner','bg-banner',9,'image/png',4881,'general/bg-banner.png','[]','2025-05-03 11:19:33','2025-05-03 11:19:33',NULL,'public'),(275,0,'bg-post','bg-post',9,'image/png',13661,'general/bg-post.png','[]','2025-05-03 11:19:33','2025-05-03 11:19:33',NULL,'public'),(276,0,'bg-video-1','bg-video-1',9,'image/png',64209,'general/bg-video-1.png','[]','2025-05-03 11:19:33','2025-05-03 11:19:33',NULL,'public'),(277,0,'career-img','career-img',9,'image/png',27207,'general/career-img.png','[]','2025-05-03 11:19:34','2025-05-03 11:19:34',NULL,'public'),(278,0,'chart-2','chart-2',9,'image/png',5562,'general/chart-2.png','[]','2025-05-03 11:19:34','2025-05-03 11:19:34',NULL,'public'),(279,0,'chart','chart',9,'image/png',15360,'general/chart.png','[]','2025-05-03 11:19:34','2025-05-03 11:19:34',NULL,'public'),(280,0,'circle-1','circle-1',9,'image/png',1209,'general/circle-1.png','[]','2025-05-03 11:19:34','2025-05-03 11:19:34',NULL,'public'),(281,0,'circle-2','circle-2',9,'image/png',899,'general/circle-2.png','[]','2025-05-03 11:19:34','2025-05-03 11:19:34',NULL,'public'),(282,0,'destination','destination',9,'image/png',375,'general/destination.png','[]','2025-05-03 11:19:34','2025-05-03 11:19:34',NULL,'public'),(283,0,'email','email',9,'image/png',2854,'general/email.png','[]','2025-05-03 11:19:35','2025-05-03 11:19:35',NULL,'public'),(284,0,'facebook','facebook',9,'image/png',683,'general/facebook.png','[]','2025-05-03 11:19:35','2025-05-03 11:19:35',NULL,'public'),(285,0,'favicon','favicon',9,'image/png',1825,'general/favicon.png','[]','2025-05-03 11:19:35','2025-05-03 11:19:35',NULL,'public'),(286,0,'flight','flight',9,'image/png',609,'general/flight.png','[]','2025-05-03 11:19:35','2025-05-03 11:19:35',NULL,'public'),(287,0,'google-play','google-play',9,'image/png',819,'general/google-play.png','[]','2025-05-03 11:19:35','2025-05-03 11:19:35',NULL,'public'),(288,0,'icon-acquis','icon-acquis',9,'image/png',2329,'general/icon-acquis.png','[]','2025-05-03 11:19:35','2025-05-03 11:19:35',NULL,'public'),(289,0,'icon-active','icon-active',9,'image/png',2351,'general/icon-active.png','[]','2025-05-03 11:19:35','2025-05-03 11:19:35',NULL,'public'),(290,0,'icon-advance','icon-advance',9,'image/png',2175,'general/icon-advance.png','[]','2025-05-03 11:19:35','2025-05-03 11:19:35',NULL,'public'),(291,0,'icon-build','icon-build',9,'image/png',1144,'general/icon-build.png','[]','2025-05-03 11:19:35','2025-05-03 11:19:35',NULL,'public'),(292,0,'icon-business','icon-business',9,'image/png',1291,'general/icon-business.png','[]','2025-05-03 11:19:35','2025-05-03 11:19:35',NULL,'public'),(293,0,'icon-complete','icon-complete',9,'image/png',2206,'general/icon-complete.png','[]','2025-05-03 11:19:36','2025-05-03 11:19:36',NULL,'public'),(294,0,'icon-connect','icon-connect',9,'image/png',2366,'general/icon-connect.png','[]','2025-05-03 11:19:36','2025-05-03 11:19:36',NULL,'public'),(295,0,'icon-constant','icon-constant',9,'image/png',2387,'general/icon-constant.png','[]','2025-05-03 11:19:36','2025-05-03 11:19:36',NULL,'public'),(296,0,'icon-design','icon-design',9,'image/png',1888,'general/icon-design.png','[]','2025-05-03 11:19:36','2025-05-03 11:19:36',NULL,'public'),(297,0,'icon-match','icon-match',9,'image/png',2485,'general/icon-match.png','[]','2025-05-03 11:19:36','2025-05-03 11:19:36',NULL,'public'),(298,0,'icon-officer','icon-officer',9,'image/png',2100,'general/icon-officer.png','[]','2025-05-03 11:19:36','2025-05-03 11:19:36',NULL,'public'),(299,0,'icon-product','icon-product',9,'image/png',1298,'general/icon-product.png','[]','2025-05-03 11:19:36','2025-05-03 11:19:36',NULL,'public'),(300,0,'icon-project-done','icon-project-done',9,'image/png',1782,'general/icon-project-done.png','[]','2025-05-03 11:19:36','2025-05-03 11:19:36',NULL,'public'),(301,0,'icon-retent','icon-retent',9,'image/png',1858,'general/icon-retent.png','[]','2025-05-03 11:19:36','2025-05-03 11:19:36',NULL,'public'),(302,0,'icon-review','icon-review',9,'image/png',2274,'general/icon-review.png','[]','2025-05-03 11:19:36','2025-05-03 11:19:36',NULL,'public'),(303,0,'icon-share','icon-share',9,'image/png',1108,'general/icon-share.png','[]','2025-05-03 11:19:36','2025-05-03 11:19:36',NULL,'public'),(304,0,'icon-start-plan','icon-start-plan',9,'image/png',2363,'general/icon-start-plan.png','[]','2025-05-03 11:19:37','2025-05-03 11:19:37',NULL,'public'),(305,0,'icon-support','icon-support',9,'image/png',1121,'general/icon-support.png','[]','2025-05-03 11:19:37','2025-05-03 11:19:37',NULL,'public'),(306,0,'icon-team','icon-team',9,'image/png',1036,'general/icon-team.png','[]','2025-05-03 11:19:37','2025-05-03 11:19:37',NULL,'public'),(307,0,'icon-web','icon-web',9,'image/png',1563,'general/icon-web.png','[]','2025-05-03 11:19:37','2025-05-03 11:19:37',NULL,'public'),(308,0,'icon-work','icon-work',9,'image/png',1326,'general/icon-work.png','[]','2025-05-03 11:19:37','2025-05-03 11:19:37',NULL,'public'),(309,0,'img-1','img-1',9,'image/png',4799,'general/img-1.png','[]','2025-05-03 11:19:37','2025-05-03 11:19:37',NULL,'public'),(310,0,'img-10','img-10',9,'image/png',52795,'general/img-10.png','[]','2025-05-03 11:19:37','2025-05-03 11:19:37',NULL,'public'),(311,0,'img-11','img-11',9,'image/png',73462,'general/img-11.png','[]','2025-05-03 11:19:38','2025-05-03 11:19:38',NULL,'public'),(312,0,'img-12','img-12',9,'image/png',72426,'general/img-12.png','[]','2025-05-03 11:19:38','2025-05-03 11:19:38',NULL,'public'),(313,0,'img-2','img-2',9,'image/png',51984,'general/img-2.png','[]','2025-05-03 11:19:39','2025-05-03 11:19:39',NULL,'public'),(314,0,'img-3','img-3',9,'image/png',8796,'general/img-3.png','[]','2025-05-03 11:19:39','2025-05-03 11:19:39',NULL,'public'),(315,0,'img-4','img-4',9,'image/png',4964,'general/img-4.png','[]','2025-05-03 11:19:40','2025-05-03 11:19:40',NULL,'public'),(316,0,'img-5','img-5',9,'image/png',6140,'general/img-5.png','[]','2025-05-03 11:19:40','2025-05-03 11:19:40',NULL,'public'),(317,0,'img-6','img-6',9,'image/png',41129,'general/img-6.png','[]','2025-05-03 11:19:40','2025-05-03 11:19:40',NULL,'public'),(318,0,'img-7','img-7',9,'image/png',10751,'general/img-7.png','[]','2025-05-03 11:19:40','2025-05-03 11:19:40',NULL,'public'),(319,0,'img-8','img-8',9,'image/png',10751,'general/img-8.png','[]','2025-05-03 11:19:40','2025-05-03 11:19:40',NULL,'public'),(320,0,'img-9','img-9',9,'image/png',11594,'general/img-9.png','[]','2025-05-03 11:19:40','2025-05-03 11:19:40',NULL,'public'),(321,0,'img-built-2','img-built-2',9,'image/png',23401,'general/img-built-2.png','[]','2025-05-03 11:19:41','2025-05-03 11:19:41',NULL,'public'),(322,0,'img-built','img-built',9,'image/png',55753,'general/img-built.png','[]','2025-05-03 11:19:41','2025-05-03 11:19:41',NULL,'public'),(323,0,'img-newsletter','img-newsletter',9,'image/png',24832,'general/img-newsletter.png','[]','2025-05-03 11:19:41','2025-05-03 11:19:41',NULL,'public'),(324,0,'instagram','instagram',9,'image/png',1300,'general/instagram.png','[]','2025-05-03 11:19:41','2025-05-03 11:19:41',NULL,'public'),(325,0,'line-chart','line-chart',9,'image/png',1007,'general/line-chart.png','[]','2025-05-03 11:19:41','2025-05-03 11:19:41',NULL,'public'),(326,0,'linkedin','linkedin',9,'image/png',973,'general/linkedin.png','[]','2025-05-03 11:19:42','2025-05-03 11:19:42',NULL,'public'),(327,0,'login','login',9,'image/png',105798,'general/login.png','[]','2025-05-03 11:19:42','2025-05-03 11:19:42',NULL,'public'),(328,0,'logo-light','logo-light',9,'image/png',2764,'general/logo-light.png','[]','2025-05-03 11:19:43','2025-05-03 11:19:43',NULL,'public'),(329,0,'logo','logo',9,'image/png',3453,'general/logo.png','[]','2025-05-03 11:19:43','2025-05-03 11:19:43',NULL,'public'),(330,0,'open-graph-image','open-graph-image',9,'image/png',26193,'general/open-graph-image.png','[]','2025-05-03 11:19:43','2025-05-03 11:19:43',NULL,'public'),(331,0,'payment','payment',9,'image/png',10293,'general/payment.png','[]','2025-05-03 11:19:43','2025-05-03 11:19:43',NULL,'public'),(332,0,'register-1','register-1',9,'image/png',4799,'general/register-1.png','[]','2025-05-03 11:19:43','2025-05-03 11:19:43',NULL,'public'),(333,0,'register-2','register-2',9,'image/png',5911,'general/register-2.png','[]','2025-05-03 11:19:43','2025-05-03 11:19:43',NULL,'public'),(334,0,'register-3','register-3',9,'image/png',8796,'general/register-3.png','[]','2025-05-03 11:19:43','2025-05-03 11:19:43',NULL,'public'),(335,0,'register-4','register-4',9,'image/png',4964,'general/register-4.png','[]','2025-05-03 11:19:43','2025-05-03 11:19:43',NULL,'public'),(336,0,'register-5','register-5',9,'image/png',6140,'general/register-5.png','[]','2025-05-03 11:19:44','2025-05-03 11:19:44',NULL,'public'),(337,0,'safety','safety',9,'image/png',14112,'general/safety.png','[]','2025-05-03 11:19:44','2025-05-03 11:19:44',NULL,'public'),(338,0,'team-1','team-1',9,'image/png',21461,'general/team-1.png','[]','2025-05-03 11:19:44','2025-05-03 11:19:44',NULL,'public'),(339,0,'team-2','team-2',9,'image/png',21461,'general/team-2.png','[]','2025-05-03 11:19:44','2025-05-03 11:19:44',NULL,'public'),(340,0,'team-3','team-3',9,'image/png',21461,'general/team-3.png','[]','2025-05-03 11:19:44','2025-05-03 11:19:44',NULL,'public'),(341,0,'team-4','team-4',9,'image/png',21461,'general/team-4.png','[]','2025-05-03 11:19:44','2025-05-03 11:19:44',NULL,'public'),(342,0,'team-5','team-5',9,'image/png',21461,'general/team-5.png','[]','2025-05-03 11:19:45','2025-05-03 11:19:45',NULL,'public'),(343,0,'team-6','team-6',9,'image/png',21461,'general/team-6.png','[]','2025-05-03 11:19:45','2025-05-03 11:19:45',NULL,'public'),(344,0,'team-7','team-7',9,'image/png',21461,'general/team-7.png','[]','2025-05-03 11:19:45','2025-05-03 11:19:45',NULL,'public'),(345,0,'team-8','team-8',9,'image/png',21461,'general/team-8.png','[]','2025-05-03 11:19:45','2025-05-03 11:19:45',NULL,'public'),(346,0,'temp-1','temp-1',9,'image/png',28735,'general/temp-1.png','[]','2025-05-03 11:19:45','2025-05-03 11:19:45',NULL,'public'),(347,0,'temp-2','temp-2',9,'image/png',28735,'general/temp-2.png','[]','2025-05-03 11:19:46','2025-05-03 11:19:46',NULL,'public'),(348,0,'trip','trip',9,'image/png',611,'general/trip.png','[]','2025-05-03 11:19:46','2025-05-03 11:19:46',NULL,'public'),(349,0,'twitter','twitter',9,'image/png',721,'general/twitter.png','[]','2025-05-03 11:19:46','2025-05-03 11:19:46',NULL,'public'),(350,0,'user','user',9,'image/png',588,'general/user.png','[]','2025-05-03 11:19:46','2025-05-03 11:19:46',NULL,'public');

--
-- Table structure for table `media_folders`
--

CREATE TABLE `media_folders` (
  `id` bigint unsigned NOT NULL AUTO_INCREMENT,
  `user_id` bigint unsigned NOT NULL,
  `name` varchar(191) COLLATE utf8mb4_unicode_ci DEFAULT NULL,
  `color` varchar(191) COLLATE utf8mb4_unicode_ci DEFAULT NULL,
  `slug` varchar(191) COLLATE utf8mb4_unicode_ci DEFAULT NULL,
  `parent_id` bigint unsigned NOT NULL DEFAULT '0',
  `created_at` timestamp NULL DEFAULT NULL,
  `updated_at` timestamp NULL DEFAULT NULL,
  `deleted_at` timestamp NULL DEFAULT NULL,
  PRIMARY KEY (`id`),
  KEY `media_folders_user_id_index` (`user_id`),
  KEY `media_folders_index` (`parent_id`,`user_id`,`created_at`)
) ENGINE=InnoDB AUTO_INCREMENT=10 DEFAULT CHARSET=utf8mb4 COLLATE=utf8mb4_unicode_ci;

--
-- Dumping data for table `media_folders`
--

INSERT INTO `media_folders` VALUES (1,0,'homepage1',NULL,'homepage1',0,'2025-05-03 11:18:26','2025-05-03 11:18:26',NULL),(2,0,'company',NULL,'company',0,'2025-05-03 11:18:30','2025-05-03 11:18:30',NULL),(3,0,'news',NULL,'news',0,'2025-05-03 11:18:32','2025-05-03 11:18:32',NULL),(4,0,'testimonials',NULL,'testimonials',0,'2025-05-03 11:18:35','2025-05-03 11:18:35',NULL),(5,0,'brands',NULL,'brands',0,'2025-05-03 11:18:36','2025-05-03 11:18:36',NULL),(6,0,'product-categories',NULL,'product-categories',0,'2025-05-03 11:18:37','2025-05-03 11:18:37',NULL),(7,0,'products',NULL,'products',0,'2025-05-03 11:18:38','2025-05-03 11:18:38',NULL),(8,0,'customers',NULL,'customers',0,'2025-05-03 11:19:19','2025-05-03 11:19:19',NULL),(9,0,'general',NULL,'general',0,'2025-05-03 11:19:26','2025-05-03 11:19:26',NULL);

--
-- Table structure for table `media_settings`
--

CREATE TABLE `media_settings` (
  `id` bigint unsigned NOT NULL AUTO_INCREMENT,
  `key` varchar(120) COLLATE utf8mb4_unicode_ci NOT NULL,
  `value` text COLLATE utf8mb4_unicode_ci,
  `media_id` bigint unsigned DEFAULT NULL,
  `user_id` bigint unsigned DEFAULT NULL,
  `created_at` timestamp NULL DEFAULT NULL,
  `updated_at` timestamp NULL DEFAULT NULL,
  PRIMARY KEY (`id`)
) ENGINE=InnoDB DEFAULT CHARSET=utf8mb4 COLLATE=utf8mb4_unicode_ci;

--
-- Dumping data for table `media_settings`
--


--
-- Table structure for table `menu_locations`
--

CREATE TABLE `menu_locations` (
  `id` bigint unsigned NOT NULL AUTO_INCREMENT,
  `menu_id` bigint unsigned NOT NULL,
  `location` varchar(191) COLLATE utf8mb4_unicode_ci NOT NULL,
  `created_at` timestamp NULL DEFAULT NULL,
  `updated_at` timestamp NULL DEFAULT NULL,
  PRIMARY KEY (`id`),
  KEY `menu_locations_menu_id_created_at_index` (`menu_id`,`created_at`)
) ENGINE=InnoDB AUTO_INCREMENT=3 DEFAULT CHARSET=utf8mb4 COLLATE=utf8mb4_unicode_ci;

--
-- Dumping data for table `menu_locations`
--

INSERT INTO `menu_locations` VALUES (1,1,'main-menu','2025-05-03 11:19:46','2025-05-03 11:19:46'),(2,6,'footer-bottom-menu','2025-05-03 11:19:47','2025-05-03 11:19:47');

--
-- Table structure for table `menu_nodes`
--

CREATE TABLE `menu_nodes` (
  `id` bigint unsigned NOT NULL AUTO_INCREMENT,
  `menu_id` bigint unsigned NOT NULL,
  `parent_id` bigint unsigned NOT NULL DEFAULT '0',
  `reference_id` bigint unsigned DEFAULT NULL,
  `reference_type` varchar(191) COLLATE utf8mb4_unicode_ci DEFAULT NULL,
  `url` varchar(191) COLLATE utf8mb4_unicode_ci DEFAULT NULL,
  `icon_font` varchar(191) COLLATE utf8mb4_unicode_ci DEFAULT NULL,
  `position` tinyint unsigned NOT NULL DEFAULT '0',
  `title` varchar(191) COLLATE utf8mb4_unicode_ci DEFAULT NULL,
  `css_class` varchar(191) COLLATE utf8mb4_unicode_ci DEFAULT NULL,
  `target` varchar(20) COLLATE utf8mb4_unicode_ci NOT NULL DEFAULT '_self',
  `has_child` tinyint unsigned NOT NULL DEFAULT '0',
  `created_at` timestamp NULL DEFAULT NULL,
  `updated_at` timestamp NULL DEFAULT NULL,
  PRIMARY KEY (`id`),
  KEY `menu_nodes_menu_id_index` (`menu_id`),
  KEY `menu_nodes_parent_id_index` (`parent_id`),
  KEY `reference_id` (`reference_id`),
  KEY `reference_type` (`reference_type`)
) ENGINE=InnoDB AUTO_INCREMENT=64 DEFAULT CHARSET=utf8mb4 COLLATE=utf8mb4_unicode_ci;

--
-- Dumping data for table `menu_nodes`
--

INSERT INTO `menu_nodes` VALUES (1,1,0,NULL,NULL,'/',NULL,0,'Home',NULL,'_self',1,'2025-05-03 11:19:46','2025-05-03 11:19:46'),(2,1,1,NULL,NULL,'/','fi fi-rr-home',0,'Homepage 1',NULL,'_self',0,'2025-05-03 11:19:46','2025-05-03 11:19:46'),(3,1,1,9,'Botble\\Page\\Models\\Page','/homepage-2','fi fi-rr-home',0,'Homepage 2',NULL,'_self',0,'2025-05-03 11:19:46','2025-05-03 11:19:47'),(4,1,1,10,'Botble\\Page\\Models\\Page','/homepage-3','fi fi-rr-home',0,'Homepage 3',NULL,'_self',0,'2025-05-03 11:19:46','2025-05-03 11:19:47'),(5,1,1,11,'Botble\\Page\\Models\\Page','/homepage-4','fi fi-rr-home',0,'Homepage 4',NULL,'_self',0,'2025-05-03 11:19:46','2025-05-03 11:19:47'),(6,1,1,12,'Botble\\Page\\Models\\Page','/homepage-5','fi fi-rr-home',0,'Homepage 5',NULL,'_self',0,'2025-05-03 11:19:46','2025-05-03 11:19:47'),(7,1,1,13,'Botble\\Page\\Models\\Page','/homepage-6','fi fi-rr-home',0,'Homepage 6',NULL,'_self',0,'2025-05-03 11:19:46','2025-05-03 11:19:47'),(8,1,1,14,'Botble\\Page\\Models\\Page','/homepage-7','fi fi-rr-home',0,'Homepage 7',NULL,'_self',0,'2025-05-03 11:19:46','2025-05-03 11:19:47'),(9,1,1,15,'Botble\\Page\\Models\\Page','/homepage-8','fi fi-rr-home',0,'Homepage 8',NULL,'_self',0,'2025-05-03 11:19:46','2025-05-03 11:19:47'),(10,1,0,NULL,NULL,'#',NULL,0,'Company',NULL,'_self',1,'2025-05-03 11:19:46','2025-05-03 11:19:46'),(11,1,10,6,'Botble\\Page\\Models\\Page','/service','fi fi-rr-gem',0,'Service',NULL,'_self',0,'2025-05-03 11:19:46','2025-05-03 11:19:47'),(12,1,10,16,'Botble\\Page\\Models\\Page','/service-2','fi fi-rr-headset',0,'Service - 2',NULL,'_self',0,'2025-05-03 11:19:46','2025-05-03 11:19:47'),(13,1,10,7,'Botble\\Page\\Models\\Page','/pricing','fi fi-rr-database',0,'Pricing',NULL,'_self',0,'2025-05-03 11:19:46','2025-05-03 11:19:47'),(14,1,10,17,'Botble\\Page\\Models\\Page','/pricing-2','fi fi-rr-database',0,'Pricing - 2',NULL,'_self',0,'2025-05-03 11:19:46','2025-05-03 11:19:47'),(15,1,10,8,'Botble\\Page\\Models\\Page','/faqs','fi fi-rr-headset',0,'FAQs',NULL,'_self',0,'2025-05-03 11:19:46','2025-05-03 11:19:47'),(16,1,10,18,'Botble\\Page\\Models\\Page','/faqs-2','fi fi-rr-headset',0,'FAQs - 2',NULL,'_self',0,'2025-05-03 11:19:46','2025-05-03 11:19:47'),(17,1,10,19,'Botble\\Page\\Models\\Page','/career','fi fi-rr-briefcase',0,'Career',NULL,'_self',0,'2025-05-03 11:19:47','2025-05-03 11:19:47'),(18,1,10,NULL,NULL,'','fi fi-rr-briefcase',0,'Career Details',NULL,'_self',0,'2025-05-03 11:19:47','2025-05-03 11:19:47'),(19,1,0,NULL,NULL,'#',NULL,0,'Pages',NULL,'_self',1,'2025-05-03 11:19:47','2025-05-03 11:19:47'),(20,1,19,3,'Botble\\Page\\Models\\Page','/contact','fi fi-rr-paper-plane',0,'Contact',NULL,'_self',0,'2025-05-03 11:19:47','2025-05-03 11:19:47'),(21,1,19,5,'Botble\\Page\\Models\\Page','/about-us','fi fi-rr-star',0,'About Us - 1',NULL,'_self',0,'2025-05-03 11:19:47','2025-05-03 11:19:47'),(22,1,19,21,'Botble\\Page\\Models\\Page','/about-us-2','fi fi-rr-star',0,'About Us - 2',NULL,'_self',0,'2025-05-03 11:19:47','2025-05-03 11:19:47'),(23,1,19,22,'Botble\\Page\\Models\\Page','/about-us-3','fi fi-rr-star',0,'About Us - 3',NULL,'_self',0,'2025-05-03 11:19:47','2025-05-03 11:19:47'),(24,1,19,NULL,NULL,'/register','fi fi-rr-user-add',0,'Sign Up',NULL,'_self',0,'2025-05-03 11:19:47','2025-05-03 11:19:47'),(25,1,19,NULL,NULL,'/login','fi fi-rr-fingerprint',0,'Log In',NULL,'_self',0,'2025-05-03 11:19:47','2025-05-03 11:19:47'),(26,1,19,NULL,NULL,'/password/reset','fi fi-rr-settings',0,'Reset Password',NULL,'_self',0,'2025-05-03 11:19:47','2025-05-03 11:19:47'),(27,1,19,NULL,NULL,'404','fi fi-rr-exclamation',0,'Error 404',NULL,'_self',0,'2025-05-03 11:19:47','2025-05-03 11:19:47'),(28,1,0,2,'Botble\\Page\\Models\\Page','/blog',NULL,0,'Blog',NULL,'_self',1,'2025-05-03 11:19:47','2025-05-03 11:19:47'),(29,1,28,2,'Botble\\Page\\Models\\Page','/blog','fi fi-rr-edit',0,'Blog Archive - 1',NULL,'_self',0,'2025-05-03 11:19:47','2025-05-03 11:19:47'),(30,1,28,23,'Botble\\Page\\Models\\Page','/blog-2','fi fi-rr-edit',0,'Blog Archive - 2',NULL,'_self',0,'2025-05-03 11:19:47','2025-05-03 11:19:47'),(31,1,28,NULL,NULL,'','fi fi-rr-document-signed',0,'Post Details',NULL,'_self',0,'2025-05-03 11:19:47','2025-05-03 11:19:47'),(32,1,0,NULL,NULL,'#',NULL,0,'Shop',NULL,'_self',1,'2025-05-03 11:19:47','2025-05-03 11:19:47'),(33,1,32,NULL,NULL,'/products','fi fi-rr-edit',0,'Shop Grid - 1',NULL,'_self',0,'2025-05-03 11:19:47','2025-05-03 11:19:47'),(34,1,32,NULL,NULL,'/products?layout=grid-2','fi fi-rr-edit',0,'Shop Grid - 2',NULL,'_self',0,'2025-05-03 11:19:47','2025-05-03 11:19:47'),(35,1,32,NULL,NULL,'','fi fi-rr-edit',0,'Product Details',NULL,'_self',0,'2025-05-03 11:19:47','2025-05-03 11:19:47'),(36,1,32,NULL,NULL,'/wishlist','fi fi-rr-heart',0,'Wishlist',NULL,'_self',0,'2025-05-03 11:19:47','2025-05-03 11:19:47'),(37,1,32,NULL,NULL,'/compare','fi fi-rr-shuffle',0,'Compare',NULL,'_self',0,'2025-05-03 11:19:47','2025-05-03 11:19:47'),(38,2,0,NULL,NULL,'/',NULL,0,'Mission & Vision',NULL,'_self',0,'2025-05-03 11:19:47','2025-05-03 11:19:47'),(39,2,0,NULL,NULL,'/',NULL,0,'Our Team',NULL,'_self',0,'2025-05-03 11:19:47','2025-05-03 11:19:47'),(40,2,0,19,'Botble\\Page\\Models\\Page','/career',NULL,0,'Careers',NULL,'_self',0,'2025-05-03 11:19:47','2025-05-03 11:19:47'),(41,2,0,NULL,NULL,'/',NULL,0,'Press & Media',NULL,'_self',0,'2025-05-03 11:19:47','2025-05-03 11:19:47'),(42,2,0,NULL,NULL,'/',NULL,0,'Advertising',NULL,'_self',0,'2025-05-03 11:19:47','2025-05-03 11:19:47'),(43,2,0,NULL,NULL,'/',NULL,0,'Testimonials',NULL,'_self',0,'2025-05-03 11:19:47','2025-05-03 11:19:47'),(44,3,0,2,'Botble\\Page\\Models\\Page','/blog',NULL,0,'Our Blog',NULL,'_self',0,'2025-05-03 11:19:47','2025-05-03 11:19:47'),(45,3,0,7,'Botble\\Page\\Models\\Page','/pricing',NULL,0,'Plans & Pricing',NULL,'_self',0,'2025-05-03 11:19:47','2025-05-03 11:19:47'),(46,3,0,NULL,NULL,'/',NULL,0,'Knowledge Base',NULL,'_self',0,'2025-05-03 11:19:47','2025-05-03 11:19:47'),(47,3,0,4,'Botble\\Page\\Models\\Page','/cookie-policy',NULL,0,'Cookie Policy',NULL,'_self',0,'2025-05-03 11:19:47','2025-05-03 11:19:47'),(48,3,0,NULL,NULL,'/',NULL,0,'Office Center',NULL,'_self',0,'2025-05-03 11:19:47','2025-05-03 11:19:47'),(49,3,0,NULL,NULL,'/',NULL,0,'News & Events',NULL,'_self',0,'2025-05-03 11:19:47','2025-05-03 11:19:47'),(50,4,0,8,'Botble\\Page\\Models\\Page','/faqs',NULL,0,'FAQs',NULL,'_self',0,'2025-05-03 11:19:47','2025-05-03 11:19:47'),(51,4,0,NULL,NULL,'/',NULL,0,'Editor Help',NULL,'_self',0,'2025-05-03 11:19:47','2025-05-03 11:19:47'),(52,4,0,NULL,NULL,'/',NULL,0,'Community',NULL,'_self',0,'2025-05-03 11:19:47','2025-05-03 11:19:47'),(53,4,0,NULL,NULL,'/',NULL,0,'Live Chatting',NULL,'_self',0,'2025-05-03 11:19:47','2025-05-03 11:19:47'),(54,4,0,3,'Botble\\Page\\Models\\Page','/contact',NULL,0,'Contact Us',NULL,'_self',0,'2025-05-03 11:19:47','2025-05-03 11:19:47'),(55,4,0,NULL,NULL,'/',NULL,0,'Support Center',NULL,'_self',0,'2025-05-03 11:19:47','2025-05-03 11:19:47'),(56,5,0,NULL,NULL,'/',NULL,0,'Request an offer',NULL,'_self',0,'2025-05-03 11:19:47','2025-05-03 11:19:47'),(57,5,0,NULL,NULL,'/',NULL,0,'How it works',NULL,'_self',0,'2025-05-03 11:19:47','2025-05-03 11:19:47'),(58,5,0,17,'Botble\\Page\\Models\\Page','/pricing-2',NULL,0,'Pricing',NULL,'_self',0,'2025-05-03 11:19:47','2025-05-03 11:19:47'),(59,5,0,NULL,NULL,'/',NULL,0,'Reviews',NULL,'_self',0,'2025-05-03 11:19:47','2025-05-03 11:19:47'),(60,5,0,NULL,NULL,'/',NULL,0,'Stories',NULL,'_self',0,'2025-05-03 11:19:47','2025-05-03 11:19:47'),(61,6,0,4,'Botble\\Page\\Models\\Page','/cookie-policy',NULL,0,'Privacy policy',NULL,'_self',0,'2025-05-03 11:19:47','2025-05-03 11:19:47'),(62,6,0,4,'Botble\\Page\\Models\\Page','/cookie-policy',NULL,0,'Cookies',NULL,'_self',0,'2025-05-03 11:19:47','2025-05-03 11:19:47'),(63,6,0,4,'Botble\\Page\\Models\\Page','/cookie-policy',NULL,0,'Terms of service',NULL,'_self',0,'2025-05-03 11:19:47','2025-05-03 11:19:47');

--
-- Table structure for table `menus`
--

CREATE TABLE `menus` (
  `id` bigint unsigned NOT NULL AUTO_INCREMENT,
  `name` varchar(120) COLLATE utf8mb4_unicode_ci NOT NULL,
  `slug` varchar(120) COLLATE utf8mb4_unicode_ci DEFAULT NULL,
  `status` varchar(60) COLLATE utf8mb4_unicode_ci NOT NULL DEFAULT 'published',
  `created_at` timestamp NULL DEFAULT NULL,
  `updated_at` timestamp NULL DEFAULT NULL,
  PRIMARY KEY (`id`),
  UNIQUE KEY `menus_slug_unique` (`slug`)
) ENGINE=InnoDB AUTO_INCREMENT=7 DEFAULT CHARSET=utf8mb4 COLLATE=utf8mb4_unicode_ci;

--
-- Dumping data for table `menus`
--

INSERT INTO `menus` VALUES (1,'Main menu','main-menu','published','2025-05-03 11:19:46','2025-05-03 11:19:46'),(2,'About Us','about-us','published','2025-05-03 11:19:47','2025-05-03 11:19:47'),(3,'Discover','discover','published','2025-05-03 11:19:47','2025-05-03 11:19:47'),(4,'Support','support','published','2025-05-03 11:19:47','2025-05-03 11:19:47'),(5,'Useful links','useful-links','published','2025-05-03 11:19:47','2025-05-03 11:19:47'),(6,'Footer bottom menu','footer-bottom-menu','published','2025-05-03 11:19:47','2025-05-03 11:19:47');

--
-- Table structure for table `meta_boxes`
--

CREATE TABLE `meta_boxes` (
  `id` bigint unsigned NOT NULL AUTO_INCREMENT,
  `meta_key` varchar(191) COLLATE utf8mb4_unicode_ci NOT NULL,
  `meta_value` text COLLATE utf8mb4_unicode_ci,
  `reference_id` bigint unsigned NOT NULL,
  `reference_type` varchar(120) COLLATE utf8mb4_unicode_ci NOT NULL,
  `created_at` timestamp NULL DEFAULT NULL,
  `updated_at` timestamp NULL DEFAULT NULL,
  PRIMARY KEY (`id`),
  KEY `meta_boxes_reference_id_index` (`reference_id`)
) ENGINE=InnoDB AUTO_INCREMENT=82 DEFAULT CHARSET=utf8mb4 COLLATE=utf8mb4_unicode_ci;

--
-- Dumping data for table `meta_boxes`
--

INSERT INTO `meta_boxes` VALUES (1,'header_css_class','[\"header-style-5\"]',8,'Botble\\Page\\Models\\Page','2025-05-03 11:18:31','2025-05-03 11:18:31'),(2,'header_css_class','[\"header-style-2\"]',11,'Botble\\Page\\Models\\Page','2025-05-03 11:18:31','2025-05-03 11:18:31'),(3,'header_css_class','[\"header-style-3\"]',21,'Botble\\Page\\Models\\Page','2025-05-03 11:18:32','2025-05-03 11:18:32'),(4,'title','[\"Satisfied client testimonial\"]',1,'Botble\\Testimonial\\Models\\Testimonial','2025-05-03 11:18:36','2025-05-03 11:18:36'),(5,'title','[\"98% of residents recommend us\"]',2,'Botble\\Testimonial\\Models\\Testimonial','2025-05-03 11:18:36','2025-05-03 11:18:36'),(6,'title','[\"Our success stories\"]',3,'Botble\\Testimonial\\Models\\Testimonial','2025-05-03 11:18:36','2025-05-03 11:18:36'),(7,'title','[\"This is simply unbelievable\"]',4,'Botble\\Testimonial\\Models\\Testimonial','2025-05-03 11:18:36','2025-05-03 11:18:36'),(8,'faq_schema_config','[[[{\"key\":\"question\",\"value\":\"What Shipping Methods Are Available?\"},{\"key\":\"answer\",\"value\":\"Ex Portland Pitchfork irure mustache. Eutra fap before they sold out literally. Aliquip ugh bicycle rights actually mlkshk, seitan squid craft beer tempor.\"}],[{\"key\":\"question\",\"value\":\"Do You Ship Internationally?\"},{\"key\":\"answer\",\"value\":\"Hoodie tote bag mixtape tofu. Typewriter jean shorts wolf quinoa, messenger bag organic freegan cray.\"}],[{\"key\":\"question\",\"value\":\"How Long Will It Take To Get My Package?\"},{\"key\":\"answer\",\"value\":\"Swag slow-carb quinoa VHS typewriter pork belly brunch, paleo single-origin coffee Wes Anderson. Flexitarian Pitchfork forage, literally paleo fap pour-over. Wes Anderson Pinterest YOLO fanny pack meggings, deep v XOXO chambray sustainable slow-carb raw denim church-key fap chillwave Etsy. +1 typewriter kitsch, American Apparel tofu Banksy Vice.\"}],[{\"key\":\"question\",\"value\":\"What Payment Methods Are Accepted?\"},{\"key\":\"answer\",\"value\":\"Fashion axe DIY jean shorts, swag kale chips meh polaroid kogi butcher Wes Anderson chambray next level semiotics gentrify yr. Voluptate photo booth fugiat Vice. Austin sed Williamsburg, ea labore raw denim voluptate cred proident mixtape excepteur mustache. Twee chia photo booth readymade food truck, hoodie roof party swag keytar PBR DIY.\"}],[{\"key\":\"question\",\"value\":\"Is Buying On-Line Safe?\"},{\"key\":\"answer\",\"value\":\"Art party authentic freegan semiotics jean shorts chia cred. Neutra Austin roof party Brooklyn, synth Thundercats swag 8-bit photo booth. Plaid letterpress leggings craft beer meh ethical Pinterest.\"}]]]',1,'Botble\\Ecommerce\\Models\\Product','2025-05-03 11:19:04','2025-05-03 11:19:04'),(9,'faq_schema_config','[[[{\"key\":\"question\",\"value\":\"What Shipping Methods Are Available?\"},{\"key\":\"answer\",\"value\":\"Ex Portland Pitchfork irure mustache. Eutra fap before they sold out literally. Aliquip ugh bicycle rights actually mlkshk, seitan squid craft beer tempor.\"}],[{\"key\":\"question\",\"value\":\"Do You Ship Internationally?\"},{\"key\":\"answer\",\"value\":\"Hoodie tote bag mixtape tofu. Typewriter jean shorts wolf quinoa, messenger bag organic freegan cray.\"}],[{\"key\":\"question\",\"value\":\"How Long Will It Take To Get My Package?\"},{\"key\":\"answer\",\"value\":\"Swag slow-carb quinoa VHS typewriter pork belly brunch, paleo single-origin coffee Wes Anderson. Flexitarian Pitchfork forage, literally paleo fap pour-over. Wes Anderson Pinterest YOLO fanny pack meggings, deep v XOXO chambray sustainable slow-carb raw denim church-key fap chillwave Etsy. +1 typewriter kitsch, American Apparel tofu Banksy Vice.\"}],[{\"key\":\"question\",\"value\":\"What Payment Methods Are Accepted?\"},{\"key\":\"answer\",\"value\":\"Fashion axe DIY jean shorts, swag kale chips meh polaroid kogi butcher Wes Anderson chambray next level semiotics gentrify yr. Voluptate photo booth fugiat Vice. Austin sed Williamsburg, ea labore raw denim voluptate cred proident mixtape excepteur mustache. Twee chia photo booth readymade food truck, hoodie roof party swag keytar PBR DIY.\"}],[{\"key\":\"question\",\"value\":\"Is Buying On-Line Safe?\"},{\"key\":\"answer\",\"value\":\"Art party authentic freegan semiotics jean shorts chia cred. Neutra Austin roof party Brooklyn, synth Thundercats swag 8-bit photo booth. Plaid letterpress leggings craft beer meh ethical Pinterest.\"}]]]',2,'Botble\\Ecommerce\\Models\\Product','2025-05-03 11:19:04','2025-05-03 11:19:04'),(10,'faq_schema_config','[[[{\"key\":\"question\",\"value\":\"What Shipping Methods Are Available?\"},{\"key\":\"answer\",\"value\":\"Ex Portland Pitchfork irure mustache. Eutra fap before they sold out literally. Aliquip ugh bicycle rights actually mlkshk, seitan squid craft beer tempor.\"}],[{\"key\":\"question\",\"value\":\"Do You Ship Internationally?\"},{\"key\":\"answer\",\"value\":\"Hoodie tote bag mixtape tofu. Typewriter jean shorts wolf quinoa, messenger bag organic freegan cray.\"}],[{\"key\":\"question\",\"value\":\"How Long Will It Take To Get My Package?\"},{\"key\":\"answer\",\"value\":\"Swag slow-carb quinoa VHS typewriter pork belly brunch, paleo single-origin coffee Wes Anderson. Flexitarian Pitchfork forage, literally paleo fap pour-over. Wes Anderson Pinterest YOLO fanny pack meggings, deep v XOXO chambray sustainable slow-carb raw denim church-key fap chillwave Etsy. +1 typewriter kitsch, American Apparel tofu Banksy Vice.\"}],[{\"key\":\"question\",\"value\":\"What Payment Methods Are Accepted?\"},{\"key\":\"answer\",\"value\":\"Fashion axe DIY jean shorts, swag kale chips meh polaroid kogi butcher Wes Anderson chambray next level semiotics gentrify yr. Voluptate photo booth fugiat Vice. Austin sed Williamsburg, ea labore raw denim voluptate cred proident mixtape excepteur mustache. Twee chia photo booth readymade food truck, hoodie roof party swag keytar PBR DIY.\"}],[{\"key\":\"question\",\"value\":\"Is Buying On-Line Safe?\"},{\"key\":\"answer\",\"value\":\"Art party authentic freegan semiotics jean shorts chia cred. Neutra Austin roof party Brooklyn, synth Thundercats swag 8-bit photo booth. Plaid letterpress leggings craft beer meh ethical Pinterest.\"}]]]',3,'Botble\\Ecommerce\\Models\\Product','2025-05-03 11:19:04','2025-05-03 11:19:04'),(11,'faq_schema_config','[[[{\"key\":\"question\",\"value\":\"What Shipping Methods Are Available?\"},{\"key\":\"answer\",\"value\":\"Ex Portland Pitchfork irure mustache. Eutra fap before they sold out literally. Aliquip ugh bicycle rights actually mlkshk, seitan squid craft beer tempor.\"}],[{\"key\":\"question\",\"value\":\"Do You Ship Internationally?\"},{\"key\":\"answer\",\"value\":\"Hoodie tote bag mixtape tofu. Typewriter jean shorts wolf quinoa, messenger bag organic freegan cray.\"}],[{\"key\":\"question\",\"value\":\"How Long Will It Take To Get My Package?\"},{\"key\":\"answer\",\"value\":\"Swag slow-carb quinoa VHS typewriter pork belly brunch, paleo single-origin coffee Wes Anderson. Flexitarian Pitchfork forage, literally paleo fap pour-over. Wes Anderson Pinterest YOLO fanny pack meggings, deep v XOXO chambray sustainable slow-carb raw denim church-key fap chillwave Etsy. +1 typewriter kitsch, American Apparel tofu Banksy Vice.\"}],[{\"key\":\"question\",\"value\":\"What Payment Methods Are Accepted?\"},{\"key\":\"answer\",\"value\":\"Fashion axe DIY jean shorts, swag kale chips meh polaroid kogi butcher Wes Anderson chambray next level semiotics gentrify yr. Voluptate photo booth fugiat Vice. Austin sed Williamsburg, ea labore raw denim voluptate cred proident mixtape excepteur mustache. Twee chia photo booth readymade food truck, hoodie roof party swag keytar PBR DIY.\"}],[{\"key\":\"question\",\"value\":\"Is Buying On-Line Safe?\"},{\"key\":\"answer\",\"value\":\"Art party authentic freegan semiotics jean shorts chia cred. Neutra Austin roof party Brooklyn, synth Thundercats swag 8-bit photo booth. Plaid letterpress leggings craft beer meh ethical Pinterest.\"}]]]',4,'Botble\\Ecommerce\\Models\\Product','2025-05-03 11:19:04','2025-05-03 11:19:04'),(12,'faq_schema_config','[[[{\"key\":\"question\",\"value\":\"What Shipping Methods Are Available?\"},{\"key\":\"answer\",\"value\":\"Ex Portland Pitchfork irure mustache. Eutra fap before they sold out literally. Aliquip ugh bicycle rights actually mlkshk, seitan squid craft beer tempor.\"}],[{\"key\":\"question\",\"value\":\"Do You Ship Internationally?\"},{\"key\":\"answer\",\"value\":\"Hoodie tote bag mixtape tofu. Typewriter jean shorts wolf quinoa, messenger bag organic freegan cray.\"}],[{\"key\":\"question\",\"value\":\"How Long Will It Take To Get My Package?\"},{\"key\":\"answer\",\"value\":\"Swag slow-carb quinoa VHS typewriter pork belly brunch, paleo single-origin coffee Wes Anderson. Flexitarian Pitchfork forage, literally paleo fap pour-over. Wes Anderson Pinterest YOLO fanny pack meggings, deep v XOXO chambray sustainable slow-carb raw denim church-key fap chillwave Etsy. +1 typewriter kitsch, American Apparel tofu Banksy Vice.\"}],[{\"key\":\"question\",\"value\":\"What Payment Methods Are Accepted?\"},{\"key\":\"answer\",\"value\":\"Fashion axe DIY jean shorts, swag kale chips meh polaroid kogi butcher Wes Anderson chambray next level semiotics gentrify yr. Voluptate photo booth fugiat Vice. Austin sed Williamsburg, ea labore raw denim voluptate cred proident mixtape excepteur mustache. Twee chia photo booth readymade food truck, hoodie roof party swag keytar PBR DIY.\"}],[{\"key\":\"question\",\"value\":\"Is Buying On-Line Safe?\"},{\"key\":\"answer\",\"value\":\"Art party authentic freegan semiotics jean shorts chia cred. Neutra Austin roof party Brooklyn, synth Thundercats swag 8-bit photo booth. Plaid letterpress leggings craft beer meh ethical Pinterest.\"}]]]',5,'Botble\\Ecommerce\\Models\\Product','2025-05-03 11:19:04','2025-05-03 11:19:04'),(13,'faq_schema_config','[[[{\"key\":\"question\",\"value\":\"What Shipping Methods Are Available?\"},{\"key\":\"answer\",\"value\":\"Ex Portland Pitchfork irure mustache. Eutra fap before they sold out literally. Aliquip ugh bicycle rights actually mlkshk, seitan squid craft beer tempor.\"}],[{\"key\":\"question\",\"value\":\"Do You Ship Internationally?\"},{\"key\":\"answer\",\"value\":\"Hoodie tote bag mixtape tofu. Typewriter jean shorts wolf quinoa, messenger bag organic freegan cray.\"}],[{\"key\":\"question\",\"value\":\"How Long Will It Take To Get My Package?\"},{\"key\":\"answer\",\"value\":\"Swag slow-carb quinoa VHS typewriter pork belly brunch, paleo single-origin coffee Wes Anderson. Flexitarian Pitchfork forage, literally paleo fap pour-over. Wes Anderson Pinterest YOLO fanny pack meggings, deep v XOXO chambray sustainable slow-carb raw denim church-key fap chillwave Etsy. +1 typewriter kitsch, American Apparel tofu Banksy Vice.\"}],[{\"key\":\"question\",\"value\":\"What Payment Methods Are Accepted?\"},{\"key\":\"answer\",\"value\":\"Fashion axe DIY jean shorts, swag kale chips meh polaroid kogi butcher Wes Anderson chambray next level semiotics gentrify yr. Voluptate photo booth fugiat Vice. Austin sed Williamsburg, ea labore raw denim voluptate cred proident mixtape excepteur mustache. Twee chia photo booth readymade food truck, hoodie roof party swag keytar PBR DIY.\"}],[{\"key\":\"question\",\"value\":\"Is Buying On-Line Safe?\"},{\"key\":\"answer\",\"value\":\"Art party authentic freegan semiotics jean shorts chia cred. Neutra Austin roof party Brooklyn, synth Thundercats swag 8-bit photo booth. Plaid letterpress leggings craft beer meh ethical Pinterest.\"}]]]',6,'Botble\\Ecommerce\\Models\\Product','2025-05-03 11:19:04','2025-05-03 11:19:04'),(14,'faq_schema_config','[[[{\"key\":\"question\",\"value\":\"What Shipping Methods Are Available?\"},{\"key\":\"answer\",\"value\":\"Ex Portland Pitchfork irure mustache. Eutra fap before they sold out literally. Aliquip ugh bicycle rights actually mlkshk, seitan squid craft beer tempor.\"}],[{\"key\":\"question\",\"value\":\"Do You Ship Internationally?\"},{\"key\":\"answer\",\"value\":\"Hoodie tote bag mixtape tofu. Typewriter jean shorts wolf quinoa, messenger bag organic freegan cray.\"}],[{\"key\":\"question\",\"value\":\"How Long Will It Take To Get My Package?\"},{\"key\":\"answer\",\"value\":\"Swag slow-carb quinoa VHS typewriter pork belly brunch, paleo single-origin coffee Wes Anderson. Flexitarian Pitchfork forage, literally paleo fap pour-over. Wes Anderson Pinterest YOLO fanny pack meggings, deep v XOXO chambray sustainable slow-carb raw denim church-key fap chillwave Etsy. +1 typewriter kitsch, American Apparel tofu Banksy Vice.\"}],[{\"key\":\"question\",\"value\":\"What Payment Methods Are Accepted?\"},{\"key\":\"answer\",\"value\":\"Fashion axe DIY jean shorts, swag kale chips meh polaroid kogi butcher Wes Anderson chambray next level semiotics gentrify yr. Voluptate photo booth fugiat Vice. Austin sed Williamsburg, ea labore raw denim voluptate cred proident mixtape excepteur mustache. Twee chia photo booth readymade food truck, hoodie roof party swag keytar PBR DIY.\"}],[{\"key\":\"question\",\"value\":\"Is Buying On-Line Safe?\"},{\"key\":\"answer\",\"value\":\"Art party authentic freegan semiotics jean shorts chia cred. Neutra Austin roof party Brooklyn, synth Thundercats swag 8-bit photo booth. Plaid letterpress leggings craft beer meh ethical Pinterest.\"}]]]',7,'Botble\\Ecommerce\\Models\\Product','2025-05-03 11:19:04','2025-05-03 11:19:04'),(15,'faq_schema_config','[[[{\"key\":\"question\",\"value\":\"What Shipping Methods Are Available?\"},{\"key\":\"answer\",\"value\":\"Ex Portland Pitchfork irure mustache. Eutra fap before they sold out literally. Aliquip ugh bicycle rights actually mlkshk, seitan squid craft beer tempor.\"}],[{\"key\":\"question\",\"value\":\"Do You Ship Internationally?\"},{\"key\":\"answer\",\"value\":\"Hoodie tote bag mixtape tofu. Typewriter jean shorts wolf quinoa, messenger bag organic freegan cray.\"}],[{\"key\":\"question\",\"value\":\"How Long Will It Take To Get My Package?\"},{\"key\":\"answer\",\"value\":\"Swag slow-carb quinoa VHS typewriter pork belly brunch, paleo single-origin coffee Wes Anderson. Flexitarian Pitchfork forage, literally paleo fap pour-over. Wes Anderson Pinterest YOLO fanny pack meggings, deep v XOXO chambray sustainable slow-carb raw denim church-key fap chillwave Etsy. +1 typewriter kitsch, American Apparel tofu Banksy Vice.\"}],[{\"key\":\"question\",\"value\":\"What Payment Methods Are Accepted?\"},{\"key\":\"answer\",\"value\":\"Fashion axe DIY jean shorts, swag kale chips meh polaroid kogi butcher Wes Anderson chambray next level semiotics gentrify yr. Voluptate photo booth fugiat Vice. Austin sed Williamsburg, ea labore raw denim voluptate cred proident mixtape excepteur mustache. Twee chia photo booth readymade food truck, hoodie roof party swag keytar PBR DIY.\"}],[{\"key\":\"question\",\"value\":\"Is Buying On-Line Safe?\"},{\"key\":\"answer\",\"value\":\"Art party authentic freegan semiotics jean shorts chia cred. Neutra Austin roof party Brooklyn, synth Thundercats swag 8-bit photo booth. Plaid letterpress leggings craft beer meh ethical Pinterest.\"}]]]',8,'Botble\\Ecommerce\\Models\\Product','2025-05-03 11:19:04','2025-05-03 11:19:04'),(16,'faq_schema_config','[[[{\"key\":\"question\",\"value\":\"What Shipping Methods Are Available?\"},{\"key\":\"answer\",\"value\":\"Ex Portland Pitchfork irure mustache. Eutra fap before they sold out literally. Aliquip ugh bicycle rights actually mlkshk, seitan squid craft beer tempor.\"}],[{\"key\":\"question\",\"value\":\"Do You Ship Internationally?\"},{\"key\":\"answer\",\"value\":\"Hoodie tote bag mixtape tofu. Typewriter jean shorts wolf quinoa, messenger bag organic freegan cray.\"}],[{\"key\":\"question\",\"value\":\"How Long Will It Take To Get My Package?\"},{\"key\":\"answer\",\"value\":\"Swag slow-carb quinoa VHS typewriter pork belly brunch, paleo single-origin coffee Wes Anderson. Flexitarian Pitchfork forage, literally paleo fap pour-over. Wes Anderson Pinterest YOLO fanny pack meggings, deep v XOXO chambray sustainable slow-carb raw denim church-key fap chillwave Etsy. +1 typewriter kitsch, American Apparel tofu Banksy Vice.\"}],[{\"key\":\"question\",\"value\":\"What Payment Methods Are Accepted?\"},{\"key\":\"answer\",\"value\":\"Fashion axe DIY jean shorts, swag kale chips meh polaroid kogi butcher Wes Anderson chambray next level semiotics gentrify yr. Voluptate photo booth fugiat Vice. Austin sed Williamsburg, ea labore raw denim voluptate cred proident mixtape excepteur mustache. Twee chia photo booth readymade food truck, hoodie roof party swag keytar PBR DIY.\"}],[{\"key\":\"question\",\"value\":\"Is Buying On-Line Safe?\"},{\"key\":\"answer\",\"value\":\"Art party authentic freegan semiotics jean shorts chia cred. Neutra Austin roof party Brooklyn, synth Thundercats swag 8-bit photo booth. Plaid letterpress leggings craft beer meh ethical Pinterest.\"}]]]',9,'Botble\\Ecommerce\\Models\\Product','2025-05-03 11:19:04','2025-05-03 11:19:04'),(17,'faq_schema_config','[[[{\"key\":\"question\",\"value\":\"What Shipping Methods Are Available?\"},{\"key\":\"answer\",\"value\":\"Ex Portland Pitchfork irure mustache. Eutra fap before they sold out literally. Aliquip ugh bicycle rights actually mlkshk, seitan squid craft beer tempor.\"}],[{\"key\":\"question\",\"value\":\"Do You Ship Internationally?\"},{\"key\":\"answer\",\"value\":\"Hoodie tote bag mixtape tofu. Typewriter jean shorts wolf quinoa, messenger bag organic freegan cray.\"}],[{\"key\":\"question\",\"value\":\"How Long Will It Take To Get My Package?\"},{\"key\":\"answer\",\"value\":\"Swag slow-carb quinoa VHS typewriter pork belly brunch, paleo single-origin coffee Wes Anderson. Flexitarian Pitchfork forage, literally paleo fap pour-over. Wes Anderson Pinterest YOLO fanny pack meggings, deep v XOXO chambray sustainable slow-carb raw denim church-key fap chillwave Etsy. +1 typewriter kitsch, American Apparel tofu Banksy Vice.\"}],[{\"key\":\"question\",\"value\":\"What Payment Methods Are Accepted?\"},{\"key\":\"answer\",\"value\":\"Fashion axe DIY jean shorts, swag kale chips meh polaroid kogi butcher Wes Anderson chambray next level semiotics gentrify yr. Voluptate photo booth fugiat Vice. Austin sed Williamsburg, ea labore raw denim voluptate cred proident mixtape excepteur mustache. Twee chia photo booth readymade food truck, hoodie roof party swag keytar PBR DIY.\"}],[{\"key\":\"question\",\"value\":\"Is Buying On-Line Safe?\"},{\"key\":\"answer\",\"value\":\"Art party authentic freegan semiotics jean shorts chia cred. Neutra Austin roof party Brooklyn, synth Thundercats swag 8-bit photo booth. Plaid letterpress leggings craft beer meh ethical Pinterest.\"}]]]',10,'Botble\\Ecommerce\\Models\\Product','2025-05-03 11:19:05','2025-05-03 11:19:05'),(18,'faq_schema_config','[[[{\"key\":\"question\",\"value\":\"What Shipping Methods Are Available?\"},{\"key\":\"answer\",\"value\":\"Ex Portland Pitchfork irure mustache. Eutra fap before they sold out literally. Aliquip ugh bicycle rights actually mlkshk, seitan squid craft beer tempor.\"}],[{\"key\":\"question\",\"value\":\"Do You Ship Internationally?\"},{\"key\":\"answer\",\"value\":\"Hoodie tote bag mixtape tofu. Typewriter jean shorts wolf quinoa, messenger bag organic freegan cray.\"}],[{\"key\":\"question\",\"value\":\"How Long Will It Take To Get My Package?\"},{\"key\":\"answer\",\"value\":\"Swag slow-carb quinoa VHS typewriter pork belly brunch, paleo single-origin coffee Wes Anderson. Flexitarian Pitchfork forage, literally paleo fap pour-over. Wes Anderson Pinterest YOLO fanny pack meggings, deep v XOXO chambray sustainable slow-carb raw denim church-key fap chillwave Etsy. +1 typewriter kitsch, American Apparel tofu Banksy Vice.\"}],[{\"key\":\"question\",\"value\":\"What Payment Methods Are Accepted?\"},{\"key\":\"answer\",\"value\":\"Fashion axe DIY jean shorts, swag kale chips meh polaroid kogi butcher Wes Anderson chambray next level semiotics gentrify yr. Voluptate photo booth fugiat Vice. Austin sed Williamsburg, ea labore raw denim voluptate cred proident mixtape excepteur mustache. Twee chia photo booth readymade food truck, hoodie roof party swag keytar PBR DIY.\"}],[{\"key\":\"question\",\"value\":\"Is Buying On-Line Safe?\"},{\"key\":\"answer\",\"value\":\"Art party authentic freegan semiotics jean shorts chia cred. Neutra Austin roof party Brooklyn, synth Thundercats swag 8-bit photo booth. Plaid letterpress leggings craft beer meh ethical Pinterest.\"}]]]',11,'Botble\\Ecommerce\\Models\\Product','2025-05-03 11:19:05','2025-05-03 11:19:05'),(19,'faq_schema_config','[[[{\"key\":\"question\",\"value\":\"What Shipping Methods Are Available?\"},{\"key\":\"answer\",\"value\":\"Ex Portland Pitchfork irure mustache. Eutra fap before they sold out literally. Aliquip ugh bicycle rights actually mlkshk, seitan squid craft beer tempor.\"}],[{\"key\":\"question\",\"value\":\"Do You Ship Internationally?\"},{\"key\":\"answer\",\"value\":\"Hoodie tote bag mixtape tofu. Typewriter jean shorts wolf quinoa, messenger bag organic freegan cray.\"}],[{\"key\":\"question\",\"value\":\"How Long Will It Take To Get My Package?\"},{\"key\":\"answer\",\"value\":\"Swag slow-carb quinoa VHS typewriter pork belly brunch, paleo single-origin coffee Wes Anderson. Flexitarian Pitchfork forage, literally paleo fap pour-over. Wes Anderson Pinterest YOLO fanny pack meggings, deep v XOXO chambray sustainable slow-carb raw denim church-key fap chillwave Etsy. +1 typewriter kitsch, American Apparel tofu Banksy Vice.\"}],[{\"key\":\"question\",\"value\":\"What Payment Methods Are Accepted?\"},{\"key\":\"answer\",\"value\":\"Fashion axe DIY jean shorts, swag kale chips meh polaroid kogi butcher Wes Anderson chambray next level semiotics gentrify yr. Voluptate photo booth fugiat Vice. Austin sed Williamsburg, ea labore raw denim voluptate cred proident mixtape excepteur mustache. Twee chia photo booth readymade food truck, hoodie roof party swag keytar PBR DIY.\"}],[{\"key\":\"question\",\"value\":\"Is Buying On-Line Safe?\"},{\"key\":\"answer\",\"value\":\"Art party authentic freegan semiotics jean shorts chia cred. Neutra Austin roof party Brooklyn, synth Thundercats swag 8-bit photo booth. Plaid letterpress leggings craft beer meh ethical Pinterest.\"}]]]',12,'Botble\\Ecommerce\\Models\\Product','2025-05-03 11:19:05','2025-05-03 11:19:05'),(20,'faq_schema_config','[[[{\"key\":\"question\",\"value\":\"What Shipping Methods Are Available?\"},{\"key\":\"answer\",\"value\":\"Ex Portland Pitchfork irure mustache. Eutra fap before they sold out literally. Aliquip ugh bicycle rights actually mlkshk, seitan squid craft beer tempor.\"}],[{\"key\":\"question\",\"value\":\"Do You Ship Internationally?\"},{\"key\":\"answer\",\"value\":\"Hoodie tote bag mixtape tofu. Typewriter jean shorts wolf quinoa, messenger bag organic freegan cray.\"}],[{\"key\":\"question\",\"value\":\"How Long Will It Take To Get My Package?\"},{\"key\":\"answer\",\"value\":\"Swag slow-carb quinoa VHS typewriter pork belly brunch, paleo single-origin coffee Wes Anderson. Flexitarian Pitchfork forage, literally paleo fap pour-over. Wes Anderson Pinterest YOLO fanny pack meggings, deep v XOXO chambray sustainable slow-carb raw denim church-key fap chillwave Etsy. +1 typewriter kitsch, American Apparel tofu Banksy Vice.\"}],[{\"key\":\"question\",\"value\":\"What Payment Methods Are Accepted?\"},{\"key\":\"answer\",\"value\":\"Fashion axe DIY jean shorts, swag kale chips meh polaroid kogi butcher Wes Anderson chambray next level semiotics gentrify yr. Voluptate photo booth fugiat Vice. Austin sed Williamsburg, ea labore raw denim voluptate cred proident mixtape excepteur mustache. Twee chia photo booth readymade food truck, hoodie roof party swag keytar PBR DIY.\"}],[{\"key\":\"question\",\"value\":\"Is Buying On-Line Safe?\"},{\"key\":\"answer\",\"value\":\"Art party authentic freegan semiotics jean shorts chia cred. Neutra Austin roof party Brooklyn, synth Thundercats swag 8-bit photo booth. Plaid letterpress leggings craft beer meh ethical Pinterest.\"}]]]',13,'Botble\\Ecommerce\\Models\\Product','2025-05-03 11:19:05','2025-05-03 11:19:05'),(21,'faq_schema_config','[[[{\"key\":\"question\",\"value\":\"What Shipping Methods Are Available?\"},{\"key\":\"answer\",\"value\":\"Ex Portland Pitchfork irure mustache. Eutra fap before they sold out literally. Aliquip ugh bicycle rights actually mlkshk, seitan squid craft beer tempor.\"}],[{\"key\":\"question\",\"value\":\"Do You Ship Internationally?\"},{\"key\":\"answer\",\"value\":\"Hoodie tote bag mixtape tofu. Typewriter jean shorts wolf quinoa, messenger bag organic freegan cray.\"}],[{\"key\":\"question\",\"value\":\"How Long Will It Take To Get My Package?\"},{\"key\":\"answer\",\"value\":\"Swag slow-carb quinoa VHS typewriter pork belly brunch, paleo single-origin coffee Wes Anderson. Flexitarian Pitchfork forage, literally paleo fap pour-over. Wes Anderson Pinterest YOLO fanny pack meggings, deep v XOXO chambray sustainable slow-carb raw denim church-key fap chillwave Etsy. +1 typewriter kitsch, American Apparel tofu Banksy Vice.\"}],[{\"key\":\"question\",\"value\":\"What Payment Methods Are Accepted?\"},{\"key\":\"answer\",\"value\":\"Fashion axe DIY jean shorts, swag kale chips meh polaroid kogi butcher Wes Anderson chambray next level semiotics gentrify yr. Voluptate photo booth fugiat Vice. Austin sed Williamsburg, ea labore raw denim voluptate cred proident mixtape excepteur mustache. Twee chia photo booth readymade food truck, hoodie roof party swag keytar PBR DIY.\"}],[{\"key\":\"question\",\"value\":\"Is Buying On-Line Safe?\"},{\"key\":\"answer\",\"value\":\"Art party authentic freegan semiotics jean shorts chia cred. Neutra Austin roof party Brooklyn, synth Thundercats swag 8-bit photo booth. Plaid letterpress leggings craft beer meh ethical Pinterest.\"}]]]',14,'Botble\\Ecommerce\\Models\\Product','2025-05-03 11:19:05','2025-05-03 11:19:05'),(22,'faq_schema_config','[[[{\"key\":\"question\",\"value\":\"What Shipping Methods Are Available?\"},{\"key\":\"answer\",\"value\":\"Ex Portland Pitchfork irure mustache. Eutra fap before they sold out literally. Aliquip ugh bicycle rights actually mlkshk, seitan squid craft beer tempor.\"}],[{\"key\":\"question\",\"value\":\"Do You Ship Internationally?\"},{\"key\":\"answer\",\"value\":\"Hoodie tote bag mixtape tofu. Typewriter jean shorts wolf quinoa, messenger bag organic freegan cray.\"}],[{\"key\":\"question\",\"value\":\"How Long Will It Take To Get My Package?\"},{\"key\":\"answer\",\"value\":\"Swag slow-carb quinoa VHS typewriter pork belly brunch, paleo single-origin coffee Wes Anderson. Flexitarian Pitchfork forage, literally paleo fap pour-over. Wes Anderson Pinterest YOLO fanny pack meggings, deep v XOXO chambray sustainable slow-carb raw denim church-key fap chillwave Etsy. +1 typewriter kitsch, American Apparel tofu Banksy Vice.\"}],[{\"key\":\"question\",\"value\":\"What Payment Methods Are Accepted?\"},{\"key\":\"answer\",\"value\":\"Fashion axe DIY jean shorts, swag kale chips meh polaroid kogi butcher Wes Anderson chambray next level semiotics gentrify yr. Voluptate photo booth fugiat Vice. Austin sed Williamsburg, ea labore raw denim voluptate cred proident mixtape excepteur mustache. Twee chia photo booth readymade food truck, hoodie roof party swag keytar PBR DIY.\"}],[{\"key\":\"question\",\"value\":\"Is Buying On-Line Safe?\"},{\"key\":\"answer\",\"value\":\"Art party authentic freegan semiotics jean shorts chia cred. Neutra Austin roof party Brooklyn, synth Thundercats swag 8-bit photo booth. Plaid letterpress leggings craft beer meh ethical Pinterest.\"}]]]',15,'Botble\\Ecommerce\\Models\\Product','2025-05-03 11:19:05','2025-05-03 11:19:05'),(23,'faq_schema_config','[[[{\"key\":\"question\",\"value\":\"What Shipping Methods Are Available?\"},{\"key\":\"answer\",\"value\":\"Ex Portland Pitchfork irure mustache. Eutra fap before they sold out literally. Aliquip ugh bicycle rights actually mlkshk, seitan squid craft beer tempor.\"}],[{\"key\":\"question\",\"value\":\"Do You Ship Internationally?\"},{\"key\":\"answer\",\"value\":\"Hoodie tote bag mixtape tofu. Typewriter jean shorts wolf quinoa, messenger bag organic freegan cray.\"}],[{\"key\":\"question\",\"value\":\"How Long Will It Take To Get My Package?\"},{\"key\":\"answer\",\"value\":\"Swag slow-carb quinoa VHS typewriter pork belly brunch, paleo single-origin coffee Wes Anderson. Flexitarian Pitchfork forage, literally paleo fap pour-over. Wes Anderson Pinterest YOLO fanny pack meggings, deep v XOXO chambray sustainable slow-carb raw denim church-key fap chillwave Etsy. +1 typewriter kitsch, American Apparel tofu Banksy Vice.\"}],[{\"key\":\"question\",\"value\":\"What Payment Methods Are Accepted?\"},{\"key\":\"answer\",\"value\":\"Fashion axe DIY jean shorts, swag kale chips meh polaroid kogi butcher Wes Anderson chambray next level semiotics gentrify yr. Voluptate photo booth fugiat Vice. Austin sed Williamsburg, ea labore raw denim voluptate cred proident mixtape excepteur mustache. Twee chia photo booth readymade food truck, hoodie roof party swag keytar PBR DIY.\"}],[{\"key\":\"question\",\"value\":\"Is Buying On-Line Safe?\"},{\"key\":\"answer\",\"value\":\"Art party authentic freegan semiotics jean shorts chia cred. Neutra Austin roof party Brooklyn, synth Thundercats swag 8-bit photo booth. Plaid letterpress leggings craft beer meh ethical Pinterest.\"}]]]',16,'Botble\\Ecommerce\\Models\\Product','2025-05-03 11:19:05','2025-05-03 11:19:05'),(24,'faq_schema_config','[[[{\"key\":\"question\",\"value\":\"What Shipping Methods Are Available?\"},{\"key\":\"answer\",\"value\":\"Ex Portland Pitchfork irure mustache. Eutra fap before they sold out literally. Aliquip ugh bicycle rights actually mlkshk, seitan squid craft beer tempor.\"}],[{\"key\":\"question\",\"value\":\"Do You Ship Internationally?\"},{\"key\":\"answer\",\"value\":\"Hoodie tote bag mixtape tofu. Typewriter jean shorts wolf quinoa, messenger bag organic freegan cray.\"}],[{\"key\":\"question\",\"value\":\"How Long Will It Take To Get My Package?\"},{\"key\":\"answer\",\"value\":\"Swag slow-carb quinoa VHS typewriter pork belly brunch, paleo single-origin coffee Wes Anderson. Flexitarian Pitchfork forage, literally paleo fap pour-over. Wes Anderson Pinterest YOLO fanny pack meggings, deep v XOXO chambray sustainable slow-carb raw denim church-key fap chillwave Etsy. +1 typewriter kitsch, American Apparel tofu Banksy Vice.\"}],[{\"key\":\"question\",\"value\":\"What Payment Methods Are Accepted?\"},{\"key\":\"answer\",\"value\":\"Fashion axe DIY jean shorts, swag kale chips meh polaroid kogi butcher Wes Anderson chambray next level semiotics gentrify yr. Voluptate photo booth fugiat Vice. Austin sed Williamsburg, ea labore raw denim voluptate cred proident mixtape excepteur mustache. Twee chia photo booth readymade food truck, hoodie roof party swag keytar PBR DIY.\"}],[{\"key\":\"question\",\"value\":\"Is Buying On-Line Safe?\"},{\"key\":\"answer\",\"value\":\"Art party authentic freegan semiotics jean shorts chia cred. Neutra Austin roof party Brooklyn, synth Thundercats swag 8-bit photo booth. Plaid letterpress leggings craft beer meh ethical Pinterest.\"}]]]',17,'Botble\\Ecommerce\\Models\\Product','2025-05-03 11:19:05','2025-05-03 11:19:05'),(25,'faq_schema_config','[[[{\"key\":\"question\",\"value\":\"What Shipping Methods Are Available?\"},{\"key\":\"answer\",\"value\":\"Ex Portland Pitchfork irure mustache. Eutra fap before they sold out literally. Aliquip ugh bicycle rights actually mlkshk, seitan squid craft beer tempor.\"}],[{\"key\":\"question\",\"value\":\"Do You Ship Internationally?\"},{\"key\":\"answer\",\"value\":\"Hoodie tote bag mixtape tofu. Typewriter jean shorts wolf quinoa, messenger bag organic freegan cray.\"}],[{\"key\":\"question\",\"value\":\"How Long Will It Take To Get My Package?\"},{\"key\":\"answer\",\"value\":\"Swag slow-carb quinoa VHS typewriter pork belly brunch, paleo single-origin coffee Wes Anderson. Flexitarian Pitchfork forage, literally paleo fap pour-over. Wes Anderson Pinterest YOLO fanny pack meggings, deep v XOXO chambray sustainable slow-carb raw denim church-key fap chillwave Etsy. +1 typewriter kitsch, American Apparel tofu Banksy Vice.\"}],[{\"key\":\"question\",\"value\":\"What Payment Methods Are Accepted?\"},{\"key\":\"answer\",\"value\":\"Fashion axe DIY jean shorts, swag kale chips meh polaroid kogi butcher Wes Anderson chambray next level semiotics gentrify yr. Voluptate photo booth fugiat Vice. Austin sed Williamsburg, ea labore raw denim voluptate cred proident mixtape excepteur mustache. Twee chia photo booth readymade food truck, hoodie roof party swag keytar PBR DIY.\"}],[{\"key\":\"question\",\"value\":\"Is Buying On-Line Safe?\"},{\"key\":\"answer\",\"value\":\"Art party authentic freegan semiotics jean shorts chia cred. Neutra Austin roof party Brooklyn, synth Thundercats swag 8-bit photo booth. Plaid letterpress leggings craft beer meh ethical Pinterest.\"}]]]',18,'Botble\\Ecommerce\\Models\\Product','2025-05-03 11:19:05','2025-05-03 11:19:05'),(26,'faq_schema_config','[[[{\"key\":\"question\",\"value\":\"What Shipping Methods Are Available?\"},{\"key\":\"answer\",\"value\":\"Ex Portland Pitchfork irure mustache. Eutra fap before they sold out literally. Aliquip ugh bicycle rights actually mlkshk, seitan squid craft beer tempor.\"}],[{\"key\":\"question\",\"value\":\"Do You Ship Internationally?\"},{\"key\":\"answer\",\"value\":\"Hoodie tote bag mixtape tofu. Typewriter jean shorts wolf quinoa, messenger bag organic freegan cray.\"}],[{\"key\":\"question\",\"value\":\"How Long Will It Take To Get My Package?\"},{\"key\":\"answer\",\"value\":\"Swag slow-carb quinoa VHS typewriter pork belly brunch, paleo single-origin coffee Wes Anderson. Flexitarian Pitchfork forage, literally paleo fap pour-over. Wes Anderson Pinterest YOLO fanny pack meggings, deep v XOXO chambray sustainable slow-carb raw denim church-key fap chillwave Etsy. +1 typewriter kitsch, American Apparel tofu Banksy Vice.\"}],[{\"key\":\"question\",\"value\":\"What Payment Methods Are Accepted?\"},{\"key\":\"answer\",\"value\":\"Fashion axe DIY jean shorts, swag kale chips meh polaroid kogi butcher Wes Anderson chambray next level semiotics gentrify yr. Voluptate photo booth fugiat Vice. Austin sed Williamsburg, ea labore raw denim voluptate cred proident mixtape excepteur mustache. Twee chia photo booth readymade food truck, hoodie roof party swag keytar PBR DIY.\"}],[{\"key\":\"question\",\"value\":\"Is Buying On-Line Safe?\"},{\"key\":\"answer\",\"value\":\"Art party authentic freegan semiotics jean shorts chia cred. Neutra Austin roof party Brooklyn, synth Thundercats swag 8-bit photo booth. Plaid letterpress leggings craft beer meh ethical Pinterest.\"}]]]',19,'Botble\\Ecommerce\\Models\\Product','2025-05-03 11:19:05','2025-05-03 11:19:05'),(27,'faq_schema_config','[[[{\"key\":\"question\",\"value\":\"What Shipping Methods Are Available?\"},{\"key\":\"answer\",\"value\":\"Ex Portland Pitchfork irure mustache. Eutra fap before they sold out literally. Aliquip ugh bicycle rights actually mlkshk, seitan squid craft beer tempor.\"}],[{\"key\":\"question\",\"value\":\"Do You Ship Internationally?\"},{\"key\":\"answer\",\"value\":\"Hoodie tote bag mixtape tofu. Typewriter jean shorts wolf quinoa, messenger bag organic freegan cray.\"}],[{\"key\":\"question\",\"value\":\"How Long Will It Take To Get My Package?\"},{\"key\":\"answer\",\"value\":\"Swag slow-carb quinoa VHS typewriter pork belly brunch, paleo single-origin coffee Wes Anderson. Flexitarian Pitchfork forage, literally paleo fap pour-over. Wes Anderson Pinterest YOLO fanny pack meggings, deep v XOXO chambray sustainable slow-carb raw denim church-key fap chillwave Etsy. +1 typewriter kitsch, American Apparel tofu Banksy Vice.\"}],[{\"key\":\"question\",\"value\":\"What Payment Methods Are Accepted?\"},{\"key\":\"answer\",\"value\":\"Fashion axe DIY jean shorts, swag kale chips meh polaroid kogi butcher Wes Anderson chambray next level semiotics gentrify yr. Voluptate photo booth fugiat Vice. Austin sed Williamsburg, ea labore raw denim voluptate cred proident mixtape excepteur mustache. Twee chia photo booth readymade food truck, hoodie roof party swag keytar PBR DIY.\"}],[{\"key\":\"question\",\"value\":\"Is Buying On-Line Safe?\"},{\"key\":\"answer\",\"value\":\"Art party authentic freegan semiotics jean shorts chia cred. Neutra Austin roof party Brooklyn, synth Thundercats swag 8-bit photo booth. Plaid letterpress leggings craft beer meh ethical Pinterest.\"}]]]',20,'Botble\\Ecommerce\\Models\\Product','2025-05-03 11:19:05','2025-05-03 11:19:05'),(28,'faq_schema_config','[[[{\"key\":\"question\",\"value\":\"What Shipping Methods Are Available?\"},{\"key\":\"answer\",\"value\":\"Ex Portland Pitchfork irure mustache. Eutra fap before they sold out literally. Aliquip ugh bicycle rights actually mlkshk, seitan squid craft beer tempor.\"}],[{\"key\":\"question\",\"value\":\"Do You Ship Internationally?\"},{\"key\":\"answer\",\"value\":\"Hoodie tote bag mixtape tofu. Typewriter jean shorts wolf quinoa, messenger bag organic freegan cray.\"}],[{\"key\":\"question\",\"value\":\"How Long Will It Take To Get My Package?\"},{\"key\":\"answer\",\"value\":\"Swag slow-carb quinoa VHS typewriter pork belly brunch, paleo single-origin coffee Wes Anderson. Flexitarian Pitchfork forage, literally paleo fap pour-over. Wes Anderson Pinterest YOLO fanny pack meggings, deep v XOXO chambray sustainable slow-carb raw denim church-key fap chillwave Etsy. +1 typewriter kitsch, American Apparel tofu Banksy Vice.\"}],[{\"key\":\"question\",\"value\":\"What Payment Methods Are Accepted?\"},{\"key\":\"answer\",\"value\":\"Fashion axe DIY jean shorts, swag kale chips meh polaroid kogi butcher Wes Anderson chambray next level semiotics gentrify yr. Voluptate photo booth fugiat Vice. Austin sed Williamsburg, ea labore raw denim voluptate cred proident mixtape excepteur mustache. Twee chia photo booth readymade food truck, hoodie roof party swag keytar PBR DIY.\"}],[{\"key\":\"question\",\"value\":\"Is Buying On-Line Safe?\"},{\"key\":\"answer\",\"value\":\"Art party authentic freegan semiotics jean shorts chia cred. Neutra Austin roof party Brooklyn, synth Thundercats swag 8-bit photo booth. Plaid letterpress leggings craft beer meh ethical Pinterest.\"}]]]',21,'Botble\\Ecommerce\\Models\\Product','2025-05-03 11:19:05','2025-05-03 11:19:05'),(29,'faq_schema_config','[[[{\"key\":\"question\",\"value\":\"What Shipping Methods Are Available?\"},{\"key\":\"answer\",\"value\":\"Ex Portland Pitchfork irure mustache. Eutra fap before they sold out literally. Aliquip ugh bicycle rights actually mlkshk, seitan squid craft beer tempor.\"}],[{\"key\":\"question\",\"value\":\"Do You Ship Internationally?\"},{\"key\":\"answer\",\"value\":\"Hoodie tote bag mixtape tofu. Typewriter jean shorts wolf quinoa, messenger bag organic freegan cray.\"}],[{\"key\":\"question\",\"value\":\"How Long Will It Take To Get My Package?\"},{\"key\":\"answer\",\"value\":\"Swag slow-carb quinoa VHS typewriter pork belly brunch, paleo single-origin coffee Wes Anderson. Flexitarian Pitchfork forage, literally paleo fap pour-over. Wes Anderson Pinterest YOLO fanny pack meggings, deep v XOXO chambray sustainable slow-carb raw denim church-key fap chillwave Etsy. +1 typewriter kitsch, American Apparel tofu Banksy Vice.\"}],[{\"key\":\"question\",\"value\":\"What Payment Methods Are Accepted?\"},{\"key\":\"answer\",\"value\":\"Fashion axe DIY jean shorts, swag kale chips meh polaroid kogi butcher Wes Anderson chambray next level semiotics gentrify yr. Voluptate photo booth fugiat Vice. Austin sed Williamsburg, ea labore raw denim voluptate cred proident mixtape excepteur mustache. Twee chia photo booth readymade food truck, hoodie roof party swag keytar PBR DIY.\"}],[{\"key\":\"question\",\"value\":\"Is Buying On-Line Safe?\"},{\"key\":\"answer\",\"value\":\"Art party authentic freegan semiotics jean shorts chia cred. Neutra Austin roof party Brooklyn, synth Thundercats swag 8-bit photo booth. Plaid letterpress leggings craft beer meh ethical Pinterest.\"}]]]',22,'Botble\\Ecommerce\\Models\\Product','2025-05-03 11:19:05','2025-05-03 11:19:05'),(30,'faq_schema_config','[[[{\"key\":\"question\",\"value\":\"What Shipping Methods Are Available?\"},{\"key\":\"answer\",\"value\":\"Ex Portland Pitchfork irure mustache. Eutra fap before they sold out literally. Aliquip ugh bicycle rights actually mlkshk, seitan squid craft beer tempor.\"}],[{\"key\":\"question\",\"value\":\"Do You Ship Internationally?\"},{\"key\":\"answer\",\"value\":\"Hoodie tote bag mixtape tofu. Typewriter jean shorts wolf quinoa, messenger bag organic freegan cray.\"}],[{\"key\":\"question\",\"value\":\"How Long Will It Take To Get My Package?\"},{\"key\":\"answer\",\"value\":\"Swag slow-carb quinoa VHS typewriter pork belly brunch, paleo single-origin coffee Wes Anderson. Flexitarian Pitchfork forage, literally paleo fap pour-over. Wes Anderson Pinterest YOLO fanny pack meggings, deep v XOXO chambray sustainable slow-carb raw denim church-key fap chillwave Etsy. +1 typewriter kitsch, American Apparel tofu Banksy Vice.\"}],[{\"key\":\"question\",\"value\":\"What Payment Methods Are Accepted?\"},{\"key\":\"answer\",\"value\":\"Fashion axe DIY jean shorts, swag kale chips meh polaroid kogi butcher Wes Anderson chambray next level semiotics gentrify yr. Voluptate photo booth fugiat Vice. Austin sed Williamsburg, ea labore raw denim voluptate cred proident mixtape excepteur mustache. Twee chia photo booth readymade food truck, hoodie roof party swag keytar PBR DIY.\"}],[{\"key\":\"question\",\"value\":\"Is Buying On-Line Safe?\"},{\"key\":\"answer\",\"value\":\"Art party authentic freegan semiotics jean shorts chia cred. Neutra Austin roof party Brooklyn, synth Thundercats swag 8-bit photo booth. Plaid letterpress leggings craft beer meh ethical Pinterest.\"}]]]',23,'Botble\\Ecommerce\\Models\\Product','2025-05-03 11:19:05','2025-05-03 11:19:05'),(31,'faq_schema_config','[[[{\"key\":\"question\",\"value\":\"What Shipping Methods Are Available?\"},{\"key\":\"answer\",\"value\":\"Ex Portland Pitchfork irure mustache. Eutra fap before they sold out literally. Aliquip ugh bicycle rights actually mlkshk, seitan squid craft beer tempor.\"}],[{\"key\":\"question\",\"value\":\"Do You Ship Internationally?\"},{\"key\":\"answer\",\"value\":\"Hoodie tote bag mixtape tofu. Typewriter jean shorts wolf quinoa, messenger bag organic freegan cray.\"}],[{\"key\":\"question\",\"value\":\"How Long Will It Take To Get My Package?\"},{\"key\":\"answer\",\"value\":\"Swag slow-carb quinoa VHS typewriter pork belly brunch, paleo single-origin coffee Wes Anderson. Flexitarian Pitchfork forage, literally paleo fap pour-over. Wes Anderson Pinterest YOLO fanny pack meggings, deep v XOXO chambray sustainable slow-carb raw denim church-key fap chillwave Etsy. +1 typewriter kitsch, American Apparel tofu Banksy Vice.\"}],[{\"key\":\"question\",\"value\":\"What Payment Methods Are Accepted?\"},{\"key\":\"answer\",\"value\":\"Fashion axe DIY jean shorts, swag kale chips meh polaroid kogi butcher Wes Anderson chambray next level semiotics gentrify yr. Voluptate photo booth fugiat Vice. Austin sed Williamsburg, ea labore raw denim voluptate cred proident mixtape excepteur mustache. Twee chia photo booth readymade food truck, hoodie roof party swag keytar PBR DIY.\"}],[{\"key\":\"question\",\"value\":\"Is Buying On-Line Safe?\"},{\"key\":\"answer\",\"value\":\"Art party authentic freegan semiotics jean shorts chia cred. Neutra Austin roof party Brooklyn, synth Thundercats swag 8-bit photo booth. Plaid letterpress leggings craft beer meh ethical Pinterest.\"}]]]',24,'Botble\\Ecommerce\\Models\\Product','2025-05-03 11:19:06','2025-05-03 11:19:06'),(32,'faq_schema_config','[[[{\"key\":\"question\",\"value\":\"What Shipping Methods Are Available?\"},{\"key\":\"answer\",\"value\":\"Ex Portland Pitchfork irure mustache. Eutra fap before they sold out literally. Aliquip ugh bicycle rights actually mlkshk, seitan squid craft beer tempor.\"}],[{\"key\":\"question\",\"value\":\"Do You Ship Internationally?\"},{\"key\":\"answer\",\"value\":\"Hoodie tote bag mixtape tofu. Typewriter jean shorts wolf quinoa, messenger bag organic freegan cray.\"}],[{\"key\":\"question\",\"value\":\"How Long Will It Take To Get My Package?\"},{\"key\":\"answer\",\"value\":\"Swag slow-carb quinoa VHS typewriter pork belly brunch, paleo single-origin coffee Wes Anderson. Flexitarian Pitchfork forage, literally paleo fap pour-over. Wes Anderson Pinterest YOLO fanny pack meggings, deep v XOXO chambray sustainable slow-carb raw denim church-key fap chillwave Etsy. +1 typewriter kitsch, American Apparel tofu Banksy Vice.\"}],[{\"key\":\"question\",\"value\":\"What Payment Methods Are Accepted?\"},{\"key\":\"answer\",\"value\":\"Fashion axe DIY jean shorts, swag kale chips meh polaroid kogi butcher Wes Anderson chambray next level semiotics gentrify yr. Voluptate photo booth fugiat Vice. Austin sed Williamsburg, ea labore raw denim voluptate cred proident mixtape excepteur mustache. Twee chia photo booth readymade food truck, hoodie roof party swag keytar PBR DIY.\"}],[{\"key\":\"question\",\"value\":\"Is Buying On-Line Safe?\"},{\"key\":\"answer\",\"value\":\"Art party authentic freegan semiotics jean shorts chia cred. Neutra Austin roof party Brooklyn, synth Thundercats swag 8-bit photo booth. Plaid letterpress leggings craft beer meh ethical Pinterest.\"}]]]',25,'Botble\\Ecommerce\\Models\\Product','2025-05-03 11:19:06','2025-05-03 11:19:06'),(33,'faq_schema_config','[[[{\"key\":\"question\",\"value\":\"What Shipping Methods Are Available?\"},{\"key\":\"answer\",\"value\":\"Ex Portland Pitchfork irure mustache. Eutra fap before they sold out literally. Aliquip ugh bicycle rights actually mlkshk, seitan squid craft beer tempor.\"}],[{\"key\":\"question\",\"value\":\"Do You Ship Internationally?\"},{\"key\":\"answer\",\"value\":\"Hoodie tote bag mixtape tofu. Typewriter jean shorts wolf quinoa, messenger bag organic freegan cray.\"}],[{\"key\":\"question\",\"value\":\"How Long Will It Take To Get My Package?\"},{\"key\":\"answer\",\"value\":\"Swag slow-carb quinoa VHS typewriter pork belly brunch, paleo single-origin coffee Wes Anderson. Flexitarian Pitchfork forage, literally paleo fap pour-over. Wes Anderson Pinterest YOLO fanny pack meggings, deep v XOXO chambray sustainable slow-carb raw denim church-key fap chillwave Etsy. +1 typewriter kitsch, American Apparel tofu Banksy Vice.\"}],[{\"key\":\"question\",\"value\":\"What Payment Methods Are Accepted?\"},{\"key\":\"answer\",\"value\":\"Fashion axe DIY jean shorts, swag kale chips meh polaroid kogi butcher Wes Anderson chambray next level semiotics gentrify yr. Voluptate photo booth fugiat Vice. Austin sed Williamsburg, ea labore raw denim voluptate cred proident mixtape excepteur mustache. Twee chia photo booth readymade food truck, hoodie roof party swag keytar PBR DIY.\"}],[{\"key\":\"question\",\"value\":\"Is Buying On-Line Safe?\"},{\"key\":\"answer\",\"value\":\"Art party authentic freegan semiotics jean shorts chia cred. Neutra Austin roof party Brooklyn, synth Thundercats swag 8-bit photo booth. Plaid letterpress leggings craft beer meh ethical Pinterest.\"}]]]',26,'Botble\\Ecommerce\\Models\\Product','2025-05-03 11:19:06','2025-05-03 11:19:06'),(34,'faq_schema_config','[[[{\"key\":\"question\",\"value\":\"What Shipping Methods Are Available?\"},{\"key\":\"answer\",\"value\":\"Ex Portland Pitchfork irure mustache. Eutra fap before they sold out literally. Aliquip ugh bicycle rights actually mlkshk, seitan squid craft beer tempor.\"}],[{\"key\":\"question\",\"value\":\"Do You Ship Internationally?\"},{\"key\":\"answer\",\"value\":\"Hoodie tote bag mixtape tofu. Typewriter jean shorts wolf quinoa, messenger bag organic freegan cray.\"}],[{\"key\":\"question\",\"value\":\"How Long Will It Take To Get My Package?\"},{\"key\":\"answer\",\"value\":\"Swag slow-carb quinoa VHS typewriter pork belly brunch, paleo single-origin coffee Wes Anderson. Flexitarian Pitchfork forage, literally paleo fap pour-over. Wes Anderson Pinterest YOLO fanny pack meggings, deep v XOXO chambray sustainable slow-carb raw denim church-key fap chillwave Etsy. +1 typewriter kitsch, American Apparel tofu Banksy Vice.\"}],[{\"key\":\"question\",\"value\":\"What Payment Methods Are Accepted?\"},{\"key\":\"answer\",\"value\":\"Fashion axe DIY jean shorts, swag kale chips meh polaroid kogi butcher Wes Anderson chambray next level semiotics gentrify yr. Voluptate photo booth fugiat Vice. Austin sed Williamsburg, ea labore raw denim voluptate cred proident mixtape excepteur mustache. Twee chia photo booth readymade food truck, hoodie roof party swag keytar PBR DIY.\"}],[{\"key\":\"question\",\"value\":\"Is Buying On-Line Safe?\"},{\"key\":\"answer\",\"value\":\"Art party authentic freegan semiotics jean shorts chia cred. Neutra Austin roof party Brooklyn, synth Thundercats swag 8-bit photo booth. Plaid letterpress leggings craft beer meh ethical Pinterest.\"}]]]',27,'Botble\\Ecommerce\\Models\\Product','2025-05-03 11:19:06','2025-05-03 11:19:06'),(35,'faq_schema_config','[[[{\"key\":\"question\",\"value\":\"What Shipping Methods Are Available?\"},{\"key\":\"answer\",\"value\":\"Ex Portland Pitchfork irure mustache. Eutra fap before they sold out literally. Aliquip ugh bicycle rights actually mlkshk, seitan squid craft beer tempor.\"}],[{\"key\":\"question\",\"value\":\"Do You Ship Internationally?\"},{\"key\":\"answer\",\"value\":\"Hoodie tote bag mixtape tofu. Typewriter jean shorts wolf quinoa, messenger bag organic freegan cray.\"}],[{\"key\":\"question\",\"value\":\"How Long Will It Take To Get My Package?\"},{\"key\":\"answer\",\"value\":\"Swag slow-carb quinoa VHS typewriter pork belly brunch, paleo single-origin coffee Wes Anderson. Flexitarian Pitchfork forage, literally paleo fap pour-over. Wes Anderson Pinterest YOLO fanny pack meggings, deep v XOXO chambray sustainable slow-carb raw denim church-key fap chillwave Etsy. +1 typewriter kitsch, American Apparel tofu Banksy Vice.\"}],[{\"key\":\"question\",\"value\":\"What Payment Methods Are Accepted?\"},{\"key\":\"answer\",\"value\":\"Fashion axe DIY jean shorts, swag kale chips meh polaroid kogi butcher Wes Anderson chambray next level semiotics gentrify yr. Voluptate photo booth fugiat Vice. Austin sed Williamsburg, ea labore raw denim voluptate cred proident mixtape excepteur mustache. Twee chia photo booth readymade food truck, hoodie roof party swag keytar PBR DIY.\"}],[{\"key\":\"question\",\"value\":\"Is Buying On-Line Safe?\"},{\"key\":\"answer\",\"value\":\"Art party authentic freegan semiotics jean shorts chia cred. Neutra Austin roof party Brooklyn, synth Thundercats swag 8-bit photo booth. Plaid letterpress leggings craft beer meh ethical Pinterest.\"}]]]',28,'Botble\\Ecommerce\\Models\\Product','2025-05-03 11:19:06','2025-05-03 11:19:06'),(36,'faq_schema_config','[[[{\"key\":\"question\",\"value\":\"What Shipping Methods Are Available?\"},{\"key\":\"answer\",\"value\":\"Ex Portland Pitchfork irure mustache. Eutra fap before they sold out literally. Aliquip ugh bicycle rights actually mlkshk, seitan squid craft beer tempor.\"}],[{\"key\":\"question\",\"value\":\"Do You Ship Internationally?\"},{\"key\":\"answer\",\"value\":\"Hoodie tote bag mixtape tofu. Typewriter jean shorts wolf quinoa, messenger bag organic freegan cray.\"}],[{\"key\":\"question\",\"value\":\"How Long Will It Take To Get My Package?\"},{\"key\":\"answer\",\"value\":\"Swag slow-carb quinoa VHS typewriter pork belly brunch, paleo single-origin coffee Wes Anderson. Flexitarian Pitchfork forage, literally paleo fap pour-over. Wes Anderson Pinterest YOLO fanny pack meggings, deep v XOXO chambray sustainable slow-carb raw denim church-key fap chillwave Etsy. +1 typewriter kitsch, American Apparel tofu Banksy Vice.\"}],[{\"key\":\"question\",\"value\":\"What Payment Methods Are Accepted?\"},{\"key\":\"answer\",\"value\":\"Fashion axe DIY jean shorts, swag kale chips meh polaroid kogi butcher Wes Anderson chambray next level semiotics gentrify yr. Voluptate photo booth fugiat Vice. Austin sed Williamsburg, ea labore raw denim voluptate cred proident mixtape excepteur mustache. Twee chia photo booth readymade food truck, hoodie roof party swag keytar PBR DIY.\"}],[{\"key\":\"question\",\"value\":\"Is Buying On-Line Safe?\"},{\"key\":\"answer\",\"value\":\"Art party authentic freegan semiotics jean shorts chia cred. Neutra Austin roof party Brooklyn, synth Thundercats swag 8-bit photo booth. Plaid letterpress leggings craft beer meh ethical Pinterest.\"}]]]',29,'Botble\\Ecommerce\\Models\\Product','2025-05-03 11:19:06','2025-05-03 11:19:06'),(37,'faq_schema_config','[[[{\"key\":\"question\",\"value\":\"What Shipping Methods Are Available?\"},{\"key\":\"answer\",\"value\":\"Ex Portland Pitchfork irure mustache. Eutra fap before they sold out literally. Aliquip ugh bicycle rights actually mlkshk, seitan squid craft beer tempor.\"}],[{\"key\":\"question\",\"value\":\"Do You Ship Internationally?\"},{\"key\":\"answer\",\"value\":\"Hoodie tote bag mixtape tofu. Typewriter jean shorts wolf quinoa, messenger bag organic freegan cray.\"}],[{\"key\":\"question\",\"value\":\"How Long Will It Take To Get My Package?\"},{\"key\":\"answer\",\"value\":\"Swag slow-carb quinoa VHS typewriter pork belly brunch, paleo single-origin coffee Wes Anderson. Flexitarian Pitchfork forage, literally paleo fap pour-over. Wes Anderson Pinterest YOLO fanny pack meggings, deep v XOXO chambray sustainable slow-carb raw denim church-key fap chillwave Etsy. +1 typewriter kitsch, American Apparel tofu Banksy Vice.\"}],[{\"key\":\"question\",\"value\":\"What Payment Methods Are Accepted?\"},{\"key\":\"answer\",\"value\":\"Fashion axe DIY jean shorts, swag kale chips meh polaroid kogi butcher Wes Anderson chambray next level semiotics gentrify yr. Voluptate photo booth fugiat Vice. Austin sed Williamsburg, ea labore raw denim voluptate cred proident mixtape excepteur mustache. Twee chia photo booth readymade food truck, hoodie roof party swag keytar PBR DIY.\"}],[{\"key\":\"question\",\"value\":\"Is Buying On-Line Safe?\"},{\"key\":\"answer\",\"value\":\"Art party authentic freegan semiotics jean shorts chia cred. Neutra Austin roof party Brooklyn, synth Thundercats swag 8-bit photo booth. Plaid letterpress leggings craft beer meh ethical Pinterest.\"}]]]',30,'Botble\\Ecommerce\\Models\\Product','2025-05-03 11:19:06','2025-05-03 11:19:06'),(38,'faq_schema_config','[[[{\"key\":\"question\",\"value\":\"What Shipping Methods Are Available?\"},{\"key\":\"answer\",\"value\":\"Ex Portland Pitchfork irure mustache. Eutra fap before they sold out literally. Aliquip ugh bicycle rights actually mlkshk, seitan squid craft beer tempor.\"}],[{\"key\":\"question\",\"value\":\"Do You Ship Internationally?\"},{\"key\":\"answer\",\"value\":\"Hoodie tote bag mixtape tofu. Typewriter jean shorts wolf quinoa, messenger bag organic freegan cray.\"}],[{\"key\":\"question\",\"value\":\"How Long Will It Take To Get My Package?\"},{\"key\":\"answer\",\"value\":\"Swag slow-carb quinoa VHS typewriter pork belly brunch, paleo single-origin coffee Wes Anderson. Flexitarian Pitchfork forage, literally paleo fap pour-over. Wes Anderson Pinterest YOLO fanny pack meggings, deep v XOXO chambray sustainable slow-carb raw denim church-key fap chillwave Etsy. +1 typewriter kitsch, American Apparel tofu Banksy Vice.\"}],[{\"key\":\"question\",\"value\":\"What Payment Methods Are Accepted?\"},{\"key\":\"answer\",\"value\":\"Fashion axe DIY jean shorts, swag kale chips meh polaroid kogi butcher Wes Anderson chambray next level semiotics gentrify yr. Voluptate photo booth fugiat Vice. Austin sed Williamsburg, ea labore raw denim voluptate cred proident mixtape excepteur mustache. Twee chia photo booth readymade food truck, hoodie roof party swag keytar PBR DIY.\"}],[{\"key\":\"question\",\"value\":\"Is Buying On-Line Safe?\"},{\"key\":\"answer\",\"value\":\"Art party authentic freegan semiotics jean shorts chia cred. Neutra Austin roof party Brooklyn, synth Thundercats swag 8-bit photo booth. Plaid letterpress leggings craft beer meh ethical Pinterest.\"}]]]',31,'Botble\\Ecommerce\\Models\\Product','2025-05-03 11:19:06','2025-05-03 11:19:06'),(39,'faq_schema_config','[[[{\"key\":\"question\",\"value\":\"What Shipping Methods Are Available?\"},{\"key\":\"answer\",\"value\":\"Ex Portland Pitchfork irure mustache. Eutra fap before they sold out literally. Aliquip ugh bicycle rights actually mlkshk, seitan squid craft beer tempor.\"}],[{\"key\":\"question\",\"value\":\"Do You Ship Internationally?\"},{\"key\":\"answer\",\"value\":\"Hoodie tote bag mixtape tofu. Typewriter jean shorts wolf quinoa, messenger bag organic freegan cray.\"}],[{\"key\":\"question\",\"value\":\"How Long Will It Take To Get My Package?\"},{\"key\":\"answer\",\"value\":\"Swag slow-carb quinoa VHS typewriter pork belly brunch, paleo single-origin coffee Wes Anderson. Flexitarian Pitchfork forage, literally paleo fap pour-over. Wes Anderson Pinterest YOLO fanny pack meggings, deep v XOXO chambray sustainable slow-carb raw denim church-key fap chillwave Etsy. +1 typewriter kitsch, American Apparel tofu Banksy Vice.\"}],[{\"key\":\"question\",\"value\":\"What Payment Methods Are Accepted?\"},{\"key\":\"answer\",\"value\":\"Fashion axe DIY jean shorts, swag kale chips meh polaroid kogi butcher Wes Anderson chambray next level semiotics gentrify yr. Voluptate photo booth fugiat Vice. Austin sed Williamsburg, ea labore raw denim voluptate cred proident mixtape excepteur mustache. Twee chia photo booth readymade food truck, hoodie roof party swag keytar PBR DIY.\"}],[{\"key\":\"question\",\"value\":\"Is Buying On-Line Safe?\"},{\"key\":\"answer\",\"value\":\"Art party authentic freegan semiotics jean shorts chia cred. Neutra Austin roof party Brooklyn, synth Thundercats swag 8-bit photo booth. Plaid letterpress leggings craft beer meh ethical Pinterest.\"}]]]',32,'Botble\\Ecommerce\\Models\\Product','2025-05-03 11:19:06','2025-05-03 11:19:06'),(40,'faq_schema_config','[[[{\"key\":\"question\",\"value\":\"What Shipping Methods Are Available?\"},{\"key\":\"answer\",\"value\":\"Ex Portland Pitchfork irure mustache. Eutra fap before they sold out literally. Aliquip ugh bicycle rights actually mlkshk, seitan squid craft beer tempor.\"}],[{\"key\":\"question\",\"value\":\"Do You Ship Internationally?\"},{\"key\":\"answer\",\"value\":\"Hoodie tote bag mixtape tofu. Typewriter jean shorts wolf quinoa, messenger bag organic freegan cray.\"}],[{\"key\":\"question\",\"value\":\"How Long Will It Take To Get My Package?\"},{\"key\":\"answer\",\"value\":\"Swag slow-carb quinoa VHS typewriter pork belly brunch, paleo single-origin coffee Wes Anderson. Flexitarian Pitchfork forage, literally paleo fap pour-over. Wes Anderson Pinterest YOLO fanny pack meggings, deep v XOXO chambray sustainable slow-carb raw denim church-key fap chillwave Etsy. +1 typewriter kitsch, American Apparel tofu Banksy Vice.\"}],[{\"key\":\"question\",\"value\":\"What Payment Methods Are Accepted?\"},{\"key\":\"answer\",\"value\":\"Fashion axe DIY jean shorts, swag kale chips meh polaroid kogi butcher Wes Anderson chambray next level semiotics gentrify yr. Voluptate photo booth fugiat Vice. Austin sed Williamsburg, ea labore raw denim voluptate cred proident mixtape excepteur mustache. Twee chia photo booth readymade food truck, hoodie roof party swag keytar PBR DIY.\"}],[{\"key\":\"question\",\"value\":\"Is Buying On-Line Safe?\"},{\"key\":\"answer\",\"value\":\"Art party authentic freegan semiotics jean shorts chia cred. Neutra Austin roof party Brooklyn, synth Thundercats swag 8-bit photo booth. Plaid letterpress leggings craft beer meh ethical Pinterest.\"}]]]',33,'Botble\\Ecommerce\\Models\\Product','2025-05-03 11:19:06','2025-05-03 11:19:06'),(41,'faq_schema_config','[[[{\"key\":\"question\",\"value\":\"What Shipping Methods Are Available?\"},{\"key\":\"answer\",\"value\":\"Ex Portland Pitchfork irure mustache. Eutra fap before they sold out literally. Aliquip ugh bicycle rights actually mlkshk, seitan squid craft beer tempor.\"}],[{\"key\":\"question\",\"value\":\"Do You Ship Internationally?\"},{\"key\":\"answer\",\"value\":\"Hoodie tote bag mixtape tofu. Typewriter jean shorts wolf quinoa, messenger bag organic freegan cray.\"}],[{\"key\":\"question\",\"value\":\"How Long Will It Take To Get My Package?\"},{\"key\":\"answer\",\"value\":\"Swag slow-carb quinoa VHS typewriter pork belly brunch, paleo single-origin coffee Wes Anderson. Flexitarian Pitchfork forage, literally paleo fap pour-over. Wes Anderson Pinterest YOLO fanny pack meggings, deep v XOXO chambray sustainable slow-carb raw denim church-key fap chillwave Etsy. +1 typewriter kitsch, American Apparel tofu Banksy Vice.\"}],[{\"key\":\"question\",\"value\":\"What Payment Methods Are Accepted?\"},{\"key\":\"answer\",\"value\":\"Fashion axe DIY jean shorts, swag kale chips meh polaroid kogi butcher Wes Anderson chambray next level semiotics gentrify yr. Voluptate photo booth fugiat Vice. Austin sed Williamsburg, ea labore raw denim voluptate cred proident mixtape excepteur mustache. Twee chia photo booth readymade food truck, hoodie roof party swag keytar PBR DIY.\"}],[{\"key\":\"question\",\"value\":\"Is Buying On-Line Safe?\"},{\"key\":\"answer\",\"value\":\"Art party authentic freegan semiotics jean shorts chia cred. Neutra Austin roof party Brooklyn, synth Thundercats swag 8-bit photo booth. Plaid letterpress leggings craft beer meh ethical Pinterest.\"}]]]',34,'Botble\\Ecommerce\\Models\\Product','2025-05-03 11:19:06','2025-05-03 11:19:06'),(42,'faq_schema_config','[[[{\"key\":\"question\",\"value\":\"What Shipping Methods Are Available?\"},{\"key\":\"answer\",\"value\":\"Ex Portland Pitchfork irure mustache. Eutra fap before they sold out literally. Aliquip ugh bicycle rights actually mlkshk, seitan squid craft beer tempor.\"}],[{\"key\":\"question\",\"value\":\"Do You Ship Internationally?\"},{\"key\":\"answer\",\"value\":\"Hoodie tote bag mixtape tofu. Typewriter jean shorts wolf quinoa, messenger bag organic freegan cray.\"}],[{\"key\":\"question\",\"value\":\"How Long Will It Take To Get My Package?\"},{\"key\":\"answer\",\"value\":\"Swag slow-carb quinoa VHS typewriter pork belly brunch, paleo single-origin coffee Wes Anderson. Flexitarian Pitchfork forage, literally paleo fap pour-over. Wes Anderson Pinterest YOLO fanny pack meggings, deep v XOXO chambray sustainable slow-carb raw denim church-key fap chillwave Etsy. +1 typewriter kitsch, American Apparel tofu Banksy Vice.\"}],[{\"key\":\"question\",\"value\":\"What Payment Methods Are Accepted?\"},{\"key\":\"answer\",\"value\":\"Fashion axe DIY jean shorts, swag kale chips meh polaroid kogi butcher Wes Anderson chambray next level semiotics gentrify yr. Voluptate photo booth fugiat Vice. Austin sed Williamsburg, ea labore raw denim voluptate cred proident mixtape excepteur mustache. Twee chia photo booth readymade food truck, hoodie roof party swag keytar PBR DIY.\"}],[{\"key\":\"question\",\"value\":\"Is Buying On-Line Safe?\"},{\"key\":\"answer\",\"value\":\"Art party authentic freegan semiotics jean shorts chia cred. Neutra Austin roof party Brooklyn, synth Thundercats swag 8-bit photo booth. Plaid letterpress leggings craft beer meh ethical Pinterest.\"}]]]',35,'Botble\\Ecommerce\\Models\\Product','2025-05-03 11:19:06','2025-05-03 11:19:06'),(43,'faq_schema_config','[[[{\"key\":\"question\",\"value\":\"What Shipping Methods Are Available?\"},{\"key\":\"answer\",\"value\":\"Ex Portland Pitchfork irure mustache. Eutra fap before they sold out literally. Aliquip ugh bicycle rights actually mlkshk, seitan squid craft beer tempor.\"}],[{\"key\":\"question\",\"value\":\"Do You Ship Internationally?\"},{\"key\":\"answer\",\"value\":\"Hoodie tote bag mixtape tofu. Typewriter jean shorts wolf quinoa, messenger bag organic freegan cray.\"}],[{\"key\":\"question\",\"value\":\"How Long Will It Take To Get My Package?\"},{\"key\":\"answer\",\"value\":\"Swag slow-carb quinoa VHS typewriter pork belly brunch, paleo single-origin coffee Wes Anderson. Flexitarian Pitchfork forage, literally paleo fap pour-over. Wes Anderson Pinterest YOLO fanny pack meggings, deep v XOXO chambray sustainable slow-carb raw denim church-key fap chillwave Etsy. +1 typewriter kitsch, American Apparel tofu Banksy Vice.\"}],[{\"key\":\"question\",\"value\":\"What Payment Methods Are Accepted?\"},{\"key\":\"answer\",\"value\":\"Fashion axe DIY jean shorts, swag kale chips meh polaroid kogi butcher Wes Anderson chambray next level semiotics gentrify yr. Voluptate photo booth fugiat Vice. Austin sed Williamsburg, ea labore raw denim voluptate cred proident mixtape excepteur mustache. Twee chia photo booth readymade food truck, hoodie roof party swag keytar PBR DIY.\"}],[{\"key\":\"question\",\"value\":\"Is Buying On-Line Safe?\"},{\"key\":\"answer\",\"value\":\"Art party authentic freegan semiotics jean shorts chia cred. Neutra Austin roof party Brooklyn, synth Thundercats swag 8-bit photo booth. Plaid letterpress leggings craft beer meh ethical Pinterest.\"}]]]',36,'Botble\\Ecommerce\\Models\\Product','2025-05-03 11:19:06','2025-05-03 11:19:06'),(44,'faq_schema_config','[[[{\"key\":\"question\",\"value\":\"What Shipping Methods Are Available?\"},{\"key\":\"answer\",\"value\":\"Ex Portland Pitchfork irure mustache. Eutra fap before they sold out literally. Aliquip ugh bicycle rights actually mlkshk, seitan squid craft beer tempor.\"}],[{\"key\":\"question\",\"value\":\"Do You Ship Internationally?\"},{\"key\":\"answer\",\"value\":\"Hoodie tote bag mixtape tofu. Typewriter jean shorts wolf quinoa, messenger bag organic freegan cray.\"}],[{\"key\":\"question\",\"value\":\"How Long Will It Take To Get My Package?\"},{\"key\":\"answer\",\"value\":\"Swag slow-carb quinoa VHS typewriter pork belly brunch, paleo single-origin coffee Wes Anderson. Flexitarian Pitchfork forage, literally paleo fap pour-over. Wes Anderson Pinterest YOLO fanny pack meggings, deep v XOXO chambray sustainable slow-carb raw denim church-key fap chillwave Etsy. +1 typewriter kitsch, American Apparel tofu Banksy Vice.\"}],[{\"key\":\"question\",\"value\":\"What Payment Methods Are Accepted?\"},{\"key\":\"answer\",\"value\":\"Fashion axe DIY jean shorts, swag kale chips meh polaroid kogi butcher Wes Anderson chambray next level semiotics gentrify yr. Voluptate photo booth fugiat Vice. Austin sed Williamsburg, ea labore raw denim voluptate cred proident mixtape excepteur mustache. Twee chia photo booth readymade food truck, hoodie roof party swag keytar PBR DIY.\"}],[{\"key\":\"question\",\"value\":\"Is Buying On-Line Safe?\"},{\"key\":\"answer\",\"value\":\"Art party authentic freegan semiotics jean shorts chia cred. Neutra Austin roof party Brooklyn, synth Thundercats swag 8-bit photo booth. Plaid letterpress leggings craft beer meh ethical Pinterest.\"}]]]',37,'Botble\\Ecommerce\\Models\\Product','2025-05-03 11:19:06','2025-05-03 11:19:06'),(45,'faq_schema_config','[[[{\"key\":\"question\",\"value\":\"What Shipping Methods Are Available?\"},{\"key\":\"answer\",\"value\":\"Ex Portland Pitchfork irure mustache. Eutra fap before they sold out literally. Aliquip ugh bicycle rights actually mlkshk, seitan squid craft beer tempor.\"}],[{\"key\":\"question\",\"value\":\"Do You Ship Internationally?\"},{\"key\":\"answer\",\"value\":\"Hoodie tote bag mixtape tofu. Typewriter jean shorts wolf quinoa, messenger bag organic freegan cray.\"}],[{\"key\":\"question\",\"value\":\"How Long Will It Take To Get My Package?\"},{\"key\":\"answer\",\"value\":\"Swag slow-carb quinoa VHS typewriter pork belly brunch, paleo single-origin coffee Wes Anderson. Flexitarian Pitchfork forage, literally paleo fap pour-over. Wes Anderson Pinterest YOLO fanny pack meggings, deep v XOXO chambray sustainable slow-carb raw denim church-key fap chillwave Etsy. +1 typewriter kitsch, American Apparel tofu Banksy Vice.\"}],[{\"key\":\"question\",\"value\":\"What Payment Methods Are Accepted?\"},{\"key\":\"answer\",\"value\":\"Fashion axe DIY jean shorts, swag kale chips meh polaroid kogi butcher Wes Anderson chambray next level semiotics gentrify yr. Voluptate photo booth fugiat Vice. Austin sed Williamsburg, ea labore raw denim voluptate cred proident mixtape excepteur mustache. Twee chia photo booth readymade food truck, hoodie roof party swag keytar PBR DIY.\"}],[{\"key\":\"question\",\"value\":\"Is Buying On-Line Safe?\"},{\"key\":\"answer\",\"value\":\"Art party authentic freegan semiotics jean shorts chia cred. Neutra Austin roof party Brooklyn, synth Thundercats swag 8-bit photo booth. Plaid letterpress leggings craft beer meh ethical Pinterest.\"}]]]',38,'Botble\\Ecommerce\\Models\\Product','2025-05-03 11:19:06','2025-05-03 11:19:06'),(46,'faq_schema_config','[[[{\"key\":\"question\",\"value\":\"What Shipping Methods Are Available?\"},{\"key\":\"answer\",\"value\":\"Ex Portland Pitchfork irure mustache. Eutra fap before they sold out literally. Aliquip ugh bicycle rights actually mlkshk, seitan squid craft beer tempor.\"}],[{\"key\":\"question\",\"value\":\"Do You Ship Internationally?\"},{\"key\":\"answer\",\"value\":\"Hoodie tote bag mixtape tofu. Typewriter jean shorts wolf quinoa, messenger bag organic freegan cray.\"}],[{\"key\":\"question\",\"value\":\"How Long Will It Take To Get My Package?\"},{\"key\":\"answer\",\"value\":\"Swag slow-carb quinoa VHS typewriter pork belly brunch, paleo single-origin coffee Wes Anderson. Flexitarian Pitchfork forage, literally paleo fap pour-over. Wes Anderson Pinterest YOLO fanny pack meggings, deep v XOXO chambray sustainable slow-carb raw denim church-key fap chillwave Etsy. +1 typewriter kitsch, American Apparel tofu Banksy Vice.\"}],[{\"key\":\"question\",\"value\":\"What Payment Methods Are Accepted?\"},{\"key\":\"answer\",\"value\":\"Fashion axe DIY jean shorts, swag kale chips meh polaroid kogi butcher Wes Anderson chambray next level semiotics gentrify yr. Voluptate photo booth fugiat Vice. Austin sed Williamsburg, ea labore raw denim voluptate cred proident mixtape excepteur mustache. Twee chia photo booth readymade food truck, hoodie roof party swag keytar PBR DIY.\"}],[{\"key\":\"question\",\"value\":\"Is Buying On-Line Safe?\"},{\"key\":\"answer\",\"value\":\"Art party authentic freegan semiotics jean shorts chia cred. Neutra Austin roof party Brooklyn, synth Thundercats swag 8-bit photo booth. Plaid letterpress leggings craft beer meh ethical Pinterest.\"}]]]',39,'Botble\\Ecommerce\\Models\\Product','2025-05-03 11:19:07','2025-05-03 11:19:07'),(47,'faq_schema_config','[[[{\"key\":\"question\",\"value\":\"What Shipping Methods Are Available?\"},{\"key\":\"answer\",\"value\":\"Ex Portland Pitchfork irure mustache. Eutra fap before they sold out literally. Aliquip ugh bicycle rights actually mlkshk, seitan squid craft beer tempor.\"}],[{\"key\":\"question\",\"value\":\"Do You Ship Internationally?\"},{\"key\":\"answer\",\"value\":\"Hoodie tote bag mixtape tofu. Typewriter jean shorts wolf quinoa, messenger bag organic freegan cray.\"}],[{\"key\":\"question\",\"value\":\"How Long Will It Take To Get My Package?\"},{\"key\":\"answer\",\"value\":\"Swag slow-carb quinoa VHS typewriter pork belly brunch, paleo single-origin coffee Wes Anderson. Flexitarian Pitchfork forage, literally paleo fap pour-over. Wes Anderson Pinterest YOLO fanny pack meggings, deep v XOXO chambray sustainable slow-carb raw denim church-key fap chillwave Etsy. +1 typewriter kitsch, American Apparel tofu Banksy Vice.\"}],[{\"key\":\"question\",\"value\":\"What Payment Methods Are Accepted?\"},{\"key\":\"answer\",\"value\":\"Fashion axe DIY jean shorts, swag kale chips meh polaroid kogi butcher Wes Anderson chambray next level semiotics gentrify yr. Voluptate photo booth fugiat Vice. Austin sed Williamsburg, ea labore raw denim voluptate cred proident mixtape excepteur mustache. Twee chia photo booth readymade food truck, hoodie roof party swag keytar PBR DIY.\"}],[{\"key\":\"question\",\"value\":\"Is Buying On-Line Safe?\"},{\"key\":\"answer\",\"value\":\"Art party authentic freegan semiotics jean shorts chia cred. Neutra Austin roof party Brooklyn, synth Thundercats swag 8-bit photo booth. Plaid letterpress leggings craft beer meh ethical Pinterest.\"}]]]',40,'Botble\\Ecommerce\\Models\\Product','2025-05-03 11:19:07','2025-05-03 11:19:07'),(48,'faq_schema_config','[[[{\"key\":\"question\",\"value\":\"What Shipping Methods Are Available?\"},{\"key\":\"answer\",\"value\":\"Ex Portland Pitchfork irure mustache. Eutra fap before they sold out literally. Aliquip ugh bicycle rights actually mlkshk, seitan squid craft beer tempor.\"}],[{\"key\":\"question\",\"value\":\"Do You Ship Internationally?\"},{\"key\":\"answer\",\"value\":\"Hoodie tote bag mixtape tofu. Typewriter jean shorts wolf quinoa, messenger bag organic freegan cray.\"}],[{\"key\":\"question\",\"value\":\"How Long Will It Take To Get My Package?\"},{\"key\":\"answer\",\"value\":\"Swag slow-carb quinoa VHS typewriter pork belly brunch, paleo single-origin coffee Wes Anderson. Flexitarian Pitchfork forage, literally paleo fap pour-over. Wes Anderson Pinterest YOLO fanny pack meggings, deep v XOXO chambray sustainable slow-carb raw denim church-key fap chillwave Etsy. +1 typewriter kitsch, American Apparel tofu Banksy Vice.\"}],[{\"key\":\"question\",\"value\":\"What Payment Methods Are Accepted?\"},{\"key\":\"answer\",\"value\":\"Fashion axe DIY jean shorts, swag kale chips meh polaroid kogi butcher Wes Anderson chambray next level semiotics gentrify yr. Voluptate photo booth fugiat Vice. Austin sed Williamsburg, ea labore raw denim voluptate cred proident mixtape excepteur mustache. Twee chia photo booth readymade food truck, hoodie roof party swag keytar PBR DIY.\"}],[{\"key\":\"question\",\"value\":\"Is Buying On-Line Safe?\"},{\"key\":\"answer\",\"value\":\"Art party authentic freegan semiotics jean shorts chia cred. Neutra Austin roof party Brooklyn, synth Thundercats swag 8-bit photo booth. Plaid letterpress leggings craft beer meh ethical Pinterest.\"}]]]',41,'Botble\\Ecommerce\\Models\\Product','2025-05-03 11:19:07','2025-05-03 11:19:07'),(49,'faq_schema_config','[[[{\"key\":\"question\",\"value\":\"What Shipping Methods Are Available?\"},{\"key\":\"answer\",\"value\":\"Ex Portland Pitchfork irure mustache. Eutra fap before they sold out literally. Aliquip ugh bicycle rights actually mlkshk, seitan squid craft beer tempor.\"}],[{\"key\":\"question\",\"value\":\"Do You Ship Internationally?\"},{\"key\":\"answer\",\"value\":\"Hoodie tote bag mixtape tofu. Typewriter jean shorts wolf quinoa, messenger bag organic freegan cray.\"}],[{\"key\":\"question\",\"value\":\"How Long Will It Take To Get My Package?\"},{\"key\":\"answer\",\"value\":\"Swag slow-carb quinoa VHS typewriter pork belly brunch, paleo single-origin coffee Wes Anderson. Flexitarian Pitchfork forage, literally paleo fap pour-over. Wes Anderson Pinterest YOLO fanny pack meggings, deep v XOXO chambray sustainable slow-carb raw denim church-key fap chillwave Etsy. +1 typewriter kitsch, American Apparel tofu Banksy Vice.\"}],[{\"key\":\"question\",\"value\":\"What Payment Methods Are Accepted?\"},{\"key\":\"answer\",\"value\":\"Fashion axe DIY jean shorts, swag kale chips meh polaroid kogi butcher Wes Anderson chambray next level semiotics gentrify yr. Voluptate photo booth fugiat Vice. Austin sed Williamsburg, ea labore raw denim voluptate cred proident mixtape excepteur mustache. Twee chia photo booth readymade food truck, hoodie roof party swag keytar PBR DIY.\"}],[{\"key\":\"question\",\"value\":\"Is Buying On-Line Safe?\"},{\"key\":\"answer\",\"value\":\"Art party authentic freegan semiotics jean shorts chia cred. Neutra Austin roof party Brooklyn, synth Thundercats swag 8-bit photo booth. Plaid letterpress leggings craft beer meh ethical Pinterest.\"}]]]',42,'Botble\\Ecommerce\\Models\\Product','2025-05-03 11:19:07','2025-05-03 11:19:07'),(50,'faq_schema_config','[[[{\"key\":\"question\",\"value\":\"What Shipping Methods Are Available?\"},{\"key\":\"answer\",\"value\":\"Ex Portland Pitchfork irure mustache. Eutra fap before they sold out literally. Aliquip ugh bicycle rights actually mlkshk, seitan squid craft beer tempor.\"}],[{\"key\":\"question\",\"value\":\"Do You Ship Internationally?\"},{\"key\":\"answer\",\"value\":\"Hoodie tote bag mixtape tofu. Typewriter jean shorts wolf quinoa, messenger bag organic freegan cray.\"}],[{\"key\":\"question\",\"value\":\"How Long Will It Take To Get My Package?\"},{\"key\":\"answer\",\"value\":\"Swag slow-carb quinoa VHS typewriter pork belly brunch, paleo single-origin coffee Wes Anderson. Flexitarian Pitchfork forage, literally paleo fap pour-over. Wes Anderson Pinterest YOLO fanny pack meggings, deep v XOXO chambray sustainable slow-carb raw denim church-key fap chillwave Etsy. +1 typewriter kitsch, American Apparel tofu Banksy Vice.\"}],[{\"key\":\"question\",\"value\":\"What Payment Methods Are Accepted?\"},{\"key\":\"answer\",\"value\":\"Fashion axe DIY jean shorts, swag kale chips meh polaroid kogi butcher Wes Anderson chambray next level semiotics gentrify yr. Voluptate photo booth fugiat Vice. Austin sed Williamsburg, ea labore raw denim voluptate cred proident mixtape excepteur mustache. Twee chia photo booth readymade food truck, hoodie roof party swag keytar PBR DIY.\"}],[{\"key\":\"question\",\"value\":\"Is Buying On-Line Safe?\"},{\"key\":\"answer\",\"value\":\"Art party authentic freegan semiotics jean shorts chia cred. Neutra Austin roof party Brooklyn, synth Thundercats swag 8-bit photo booth. Plaid letterpress leggings craft beer meh ethical Pinterest.\"}]]]',43,'Botble\\Ecommerce\\Models\\Product','2025-05-03 11:19:07','2025-05-03 11:19:07'),(51,'faq_schema_config','[[[{\"key\":\"question\",\"value\":\"What Shipping Methods Are Available?\"},{\"key\":\"answer\",\"value\":\"Ex Portland Pitchfork irure mustache. Eutra fap before they sold out literally. Aliquip ugh bicycle rights actually mlkshk, seitan squid craft beer tempor.\"}],[{\"key\":\"question\",\"value\":\"Do You Ship Internationally?\"},{\"key\":\"answer\",\"value\":\"Hoodie tote bag mixtape tofu. Typewriter jean shorts wolf quinoa, messenger bag organic freegan cray.\"}],[{\"key\":\"question\",\"value\":\"How Long Will It Take To Get My Package?\"},{\"key\":\"answer\",\"value\":\"Swag slow-carb quinoa VHS typewriter pork belly brunch, paleo single-origin coffee Wes Anderson. Flexitarian Pitchfork forage, literally paleo fap pour-over. Wes Anderson Pinterest YOLO fanny pack meggings, deep v XOXO chambray sustainable slow-carb raw denim church-key fap chillwave Etsy. +1 typewriter kitsch, American Apparel tofu Banksy Vice.\"}],[{\"key\":\"question\",\"value\":\"What Payment Methods Are Accepted?\"},{\"key\":\"answer\",\"value\":\"Fashion axe DIY jean shorts, swag kale chips meh polaroid kogi butcher Wes Anderson chambray next level semiotics gentrify yr. Voluptate photo booth fugiat Vice. Austin sed Williamsburg, ea labore raw denim voluptate cred proident mixtape excepteur mustache. Twee chia photo booth readymade food truck, hoodie roof party swag keytar PBR DIY.\"}],[{\"key\":\"question\",\"value\":\"Is Buying On-Line Safe?\"},{\"key\":\"answer\",\"value\":\"Art party authentic freegan semiotics jean shorts chia cred. Neutra Austin roof party Brooklyn, synth Thundercats swag 8-bit photo booth. Plaid letterpress leggings craft beer meh ethical Pinterest.\"}]]]',44,'Botble\\Ecommerce\\Models\\Product','2025-05-03 11:19:07','2025-05-03 11:19:07'),(52,'faq_schema_config','[[[{\"key\":\"question\",\"value\":\"What Shipping Methods Are Available?\"},{\"key\":\"answer\",\"value\":\"Ex Portland Pitchfork irure mustache. Eutra fap before they sold out literally. Aliquip ugh bicycle rights actually mlkshk, seitan squid craft beer tempor.\"}],[{\"key\":\"question\",\"value\":\"Do You Ship Internationally?\"},{\"key\":\"answer\",\"value\":\"Hoodie tote bag mixtape tofu. Typewriter jean shorts wolf quinoa, messenger bag organic freegan cray.\"}],[{\"key\":\"question\",\"value\":\"How Long Will It Take To Get My Package?\"},{\"key\":\"answer\",\"value\":\"Swag slow-carb quinoa VHS typewriter pork belly brunch, paleo single-origin coffee Wes Anderson. Flexitarian Pitchfork forage, literally paleo fap pour-over. Wes Anderson Pinterest YOLO fanny pack meggings, deep v XOXO chambray sustainable slow-carb raw denim church-key fap chillwave Etsy. +1 typewriter kitsch, American Apparel tofu Banksy Vice.\"}],[{\"key\":\"question\",\"value\":\"What Payment Methods Are Accepted?\"},{\"key\":\"answer\",\"value\":\"Fashion axe DIY jean shorts, swag kale chips meh polaroid kogi butcher Wes Anderson chambray next level semiotics gentrify yr. Voluptate photo booth fugiat Vice. Austin sed Williamsburg, ea labore raw denim voluptate cred proident mixtape excepteur mustache. Twee chia photo booth readymade food truck, hoodie roof party swag keytar PBR DIY.\"}],[{\"key\":\"question\",\"value\":\"Is Buying On-Line Safe?\"},{\"key\":\"answer\",\"value\":\"Art party authentic freegan semiotics jean shorts chia cred. Neutra Austin roof party Brooklyn, synth Thundercats swag 8-bit photo booth. Plaid letterpress leggings craft beer meh ethical Pinterest.\"}]]]',45,'Botble\\Ecommerce\\Models\\Product','2025-05-03 11:19:07','2025-05-03 11:19:07'),(53,'faq_schema_config','[[[{\"key\":\"question\",\"value\":\"What Shipping Methods Are Available?\"},{\"key\":\"answer\",\"value\":\"Ex Portland Pitchfork irure mustache. Eutra fap before they sold out literally. Aliquip ugh bicycle rights actually mlkshk, seitan squid craft beer tempor.\"}],[{\"key\":\"question\",\"value\":\"Do You Ship Internationally?\"},{\"key\":\"answer\",\"value\":\"Hoodie tote bag mixtape tofu. Typewriter jean shorts wolf quinoa, messenger bag organic freegan cray.\"}],[{\"key\":\"question\",\"value\":\"How Long Will It Take To Get My Package?\"},{\"key\":\"answer\",\"value\":\"Swag slow-carb quinoa VHS typewriter pork belly brunch, paleo single-origin coffee Wes Anderson. Flexitarian Pitchfork forage, literally paleo fap pour-over. Wes Anderson Pinterest YOLO fanny pack meggings, deep v XOXO chambray sustainable slow-carb raw denim church-key fap chillwave Etsy. +1 typewriter kitsch, American Apparel tofu Banksy Vice.\"}],[{\"key\":\"question\",\"value\":\"What Payment Methods Are Accepted?\"},{\"key\":\"answer\",\"value\":\"Fashion axe DIY jean shorts, swag kale chips meh polaroid kogi butcher Wes Anderson chambray next level semiotics gentrify yr. Voluptate photo booth fugiat Vice. Austin sed Williamsburg, ea labore raw denim voluptate cred proident mixtape excepteur mustache. Twee chia photo booth readymade food truck, hoodie roof party swag keytar PBR DIY.\"}],[{\"key\":\"question\",\"value\":\"Is Buying On-Line Safe?\"},{\"key\":\"answer\",\"value\":\"Art party authentic freegan semiotics jean shorts chia cred. Neutra Austin roof party Brooklyn, synth Thundercats swag 8-bit photo booth. Plaid letterpress leggings craft beer meh ethical Pinterest.\"}]]]',46,'Botble\\Ecommerce\\Models\\Product','2025-05-03 11:19:07','2025-05-03 11:19:07'),(54,'faq_schema_config','[[[{\"key\":\"question\",\"value\":\"What Shipping Methods Are Available?\"},{\"key\":\"answer\",\"value\":\"Ex Portland Pitchfork irure mustache. Eutra fap before they sold out literally. Aliquip ugh bicycle rights actually mlkshk, seitan squid craft beer tempor.\"}],[{\"key\":\"question\",\"value\":\"Do You Ship Internationally?\"},{\"key\":\"answer\",\"value\":\"Hoodie tote bag mixtape tofu. Typewriter jean shorts wolf quinoa, messenger bag organic freegan cray.\"}],[{\"key\":\"question\",\"value\":\"How Long Will It Take To Get My Package?\"},{\"key\":\"answer\",\"value\":\"Swag slow-carb quinoa VHS typewriter pork belly brunch, paleo single-origin coffee Wes Anderson. Flexitarian Pitchfork forage, literally paleo fap pour-over. Wes Anderson Pinterest YOLO fanny pack meggings, deep v XOXO chambray sustainable slow-carb raw denim church-key fap chillwave Etsy. +1 typewriter kitsch, American Apparel tofu Banksy Vice.\"}],[{\"key\":\"question\",\"value\":\"What Payment Methods Are Accepted?\"},{\"key\":\"answer\",\"value\":\"Fashion axe DIY jean shorts, swag kale chips meh polaroid kogi butcher Wes Anderson chambray next level semiotics gentrify yr. Voluptate photo booth fugiat Vice. Austin sed Williamsburg, ea labore raw denim voluptate cred proident mixtape excepteur mustache. Twee chia photo booth readymade food truck, hoodie roof party swag keytar PBR DIY.\"}],[{\"key\":\"question\",\"value\":\"Is Buying On-Line Safe?\"},{\"key\":\"answer\",\"value\":\"Art party authentic freegan semiotics jean shorts chia cred. Neutra Austin roof party Brooklyn, synth Thundercats swag 8-bit photo booth. Plaid letterpress leggings craft beer meh ethical Pinterest.\"}]]]',47,'Botble\\Ecommerce\\Models\\Product','2025-05-03 11:19:07','2025-05-03 11:19:07'),(55,'faq_schema_config','[[[{\"key\":\"question\",\"value\":\"What Shipping Methods Are Available?\"},{\"key\":\"answer\",\"value\":\"Ex Portland Pitchfork irure mustache. Eutra fap before they sold out literally. Aliquip ugh bicycle rights actually mlkshk, seitan squid craft beer tempor.\"}],[{\"key\":\"question\",\"value\":\"Do You Ship Internationally?\"},{\"key\":\"answer\",\"value\":\"Hoodie tote bag mixtape tofu. Typewriter jean shorts wolf quinoa, messenger bag organic freegan cray.\"}],[{\"key\":\"question\",\"value\":\"How Long Will It Take To Get My Package?\"},{\"key\":\"answer\",\"value\":\"Swag slow-carb quinoa VHS typewriter pork belly brunch, paleo single-origin coffee Wes Anderson. Flexitarian Pitchfork forage, literally paleo fap pour-over. Wes Anderson Pinterest YOLO fanny pack meggings, deep v XOXO chambray sustainable slow-carb raw denim church-key fap chillwave Etsy. +1 typewriter kitsch, American Apparel tofu Banksy Vice.\"}],[{\"key\":\"question\",\"value\":\"What Payment Methods Are Accepted?\"},{\"key\":\"answer\",\"value\":\"Fashion axe DIY jean shorts, swag kale chips meh polaroid kogi butcher Wes Anderson chambray next level semiotics gentrify yr. Voluptate photo booth fugiat Vice. Austin sed Williamsburg, ea labore raw denim voluptate cred proident mixtape excepteur mustache. Twee chia photo booth readymade food truck, hoodie roof party swag keytar PBR DIY.\"}],[{\"key\":\"question\",\"value\":\"Is Buying On-Line Safe?\"},{\"key\":\"answer\",\"value\":\"Art party authentic freegan semiotics jean shorts chia cred. Neutra Austin roof party Brooklyn, synth Thundercats swag 8-bit photo booth. Plaid letterpress leggings craft beer meh ethical Pinterest.\"}]]]',48,'Botble\\Ecommerce\\Models\\Product','2025-05-03 11:19:07','2025-05-03 11:19:07'),(56,'faq_schema_config','[[[{\"key\":\"question\",\"value\":\"What Shipping Methods Are Available?\"},{\"key\":\"answer\",\"value\":\"Ex Portland Pitchfork irure mustache. Eutra fap before they sold out literally. Aliquip ugh bicycle rights actually mlkshk, seitan squid craft beer tempor.\"}],[{\"key\":\"question\",\"value\":\"Do You Ship Internationally?\"},{\"key\":\"answer\",\"value\":\"Hoodie tote bag mixtape tofu. Typewriter jean shorts wolf quinoa, messenger bag organic freegan cray.\"}],[{\"key\":\"question\",\"value\":\"How Long Will It Take To Get My Package?\"},{\"key\":\"answer\",\"value\":\"Swag slow-carb quinoa VHS typewriter pork belly brunch, paleo single-origin coffee Wes Anderson. Flexitarian Pitchfork forage, literally paleo fap pour-over. Wes Anderson Pinterest YOLO fanny pack meggings, deep v XOXO chambray sustainable slow-carb raw denim church-key fap chillwave Etsy. +1 typewriter kitsch, American Apparel tofu Banksy Vice.\"}],[{\"key\":\"question\",\"value\":\"What Payment Methods Are Accepted?\"},{\"key\":\"answer\",\"value\":\"Fashion axe DIY jean shorts, swag kale chips meh polaroid kogi butcher Wes Anderson chambray next level semiotics gentrify yr. Voluptate photo booth fugiat Vice. Austin sed Williamsburg, ea labore raw denim voluptate cred proident mixtape excepteur mustache. Twee chia photo booth readymade food truck, hoodie roof party swag keytar PBR DIY.\"}],[{\"key\":\"question\",\"value\":\"Is Buying On-Line Safe?\"},{\"key\":\"answer\",\"value\":\"Art party authentic freegan semiotics jean shorts chia cred. Neutra Austin roof party Brooklyn, synth Thundercats swag 8-bit photo booth. Plaid letterpress leggings craft beer meh ethical Pinterest.\"}]]]',49,'Botble\\Ecommerce\\Models\\Product','2025-05-03 11:19:07','2025-05-03 11:19:07'),(57,'faq_schema_config','[[[{\"key\":\"question\",\"value\":\"What Shipping Methods Are Available?\"},{\"key\":\"answer\",\"value\":\"Ex Portland Pitchfork irure mustache. Eutra fap before they sold out literally. Aliquip ugh bicycle rights actually mlkshk, seitan squid craft beer tempor.\"}],[{\"key\":\"question\",\"value\":\"Do You Ship Internationally?\"},{\"key\":\"answer\",\"value\":\"Hoodie tote bag mixtape tofu. Typewriter jean shorts wolf quinoa, messenger bag organic freegan cray.\"}],[{\"key\":\"question\",\"value\":\"How Long Will It Take To Get My Package?\"},{\"key\":\"answer\",\"value\":\"Swag slow-carb quinoa VHS typewriter pork belly brunch, paleo single-origin coffee Wes Anderson. Flexitarian Pitchfork forage, literally paleo fap pour-over. Wes Anderson Pinterest YOLO fanny pack meggings, deep v XOXO chambray sustainable slow-carb raw denim church-key fap chillwave Etsy. +1 typewriter kitsch, American Apparel tofu Banksy Vice.\"}],[{\"key\":\"question\",\"value\":\"What Payment Methods Are Accepted?\"},{\"key\":\"answer\",\"value\":\"Fashion axe DIY jean shorts, swag kale chips meh polaroid kogi butcher Wes Anderson chambray next level semiotics gentrify yr. Voluptate photo booth fugiat Vice. Austin sed Williamsburg, ea labore raw denim voluptate cred proident mixtape excepteur mustache. Twee chia photo booth readymade food truck, hoodie roof party swag keytar PBR DIY.\"}],[{\"key\":\"question\",\"value\":\"Is Buying On-Line Safe?\"},{\"key\":\"answer\",\"value\":\"Art party authentic freegan semiotics jean shorts chia cred. Neutra Austin roof party Brooklyn, synth Thundercats swag 8-bit photo booth. Plaid letterpress leggings craft beer meh ethical Pinterest.\"}]]]',50,'Botble\\Ecommerce\\Models\\Product','2025-05-03 11:19:07','2025-05-03 11:19:07'),(58,'faq_schema_config','[[[{\"key\":\"question\",\"value\":\"What Shipping Methods Are Available?\"},{\"key\":\"answer\",\"value\":\"Ex Portland Pitchfork irure mustache. Eutra fap before they sold out literally. Aliquip ugh bicycle rights actually mlkshk, seitan squid craft beer tempor.\"}],[{\"key\":\"question\",\"value\":\"Do You Ship Internationally?\"},{\"key\":\"answer\",\"value\":\"Hoodie tote bag mixtape tofu. Typewriter jean shorts wolf quinoa, messenger bag organic freegan cray.\"}],[{\"key\":\"question\",\"value\":\"How Long Will It Take To Get My Package?\"},{\"key\":\"answer\",\"value\":\"Swag slow-carb quinoa VHS typewriter pork belly brunch, paleo single-origin coffee Wes Anderson. Flexitarian Pitchfork forage, literally paleo fap pour-over. Wes Anderson Pinterest YOLO fanny pack meggings, deep v XOXO chambray sustainable slow-carb raw denim church-key fap chillwave Etsy. +1 typewriter kitsch, American Apparel tofu Banksy Vice.\"}],[{\"key\":\"question\",\"value\":\"What Payment Methods Are Accepted?\"},{\"key\":\"answer\",\"value\":\"Fashion axe DIY jean shorts, swag kale chips meh polaroid kogi butcher Wes Anderson chambray next level semiotics gentrify yr. Voluptate photo booth fugiat Vice. Austin sed Williamsburg, ea labore raw denim voluptate cred proident mixtape excepteur mustache. Twee chia photo booth readymade food truck, hoodie roof party swag keytar PBR DIY.\"}],[{\"key\":\"question\",\"value\":\"Is Buying On-Line Safe?\"},{\"key\":\"answer\",\"value\":\"Art party authentic freegan semiotics jean shorts chia cred. Neutra Austin roof party Brooklyn, synth Thundercats swag 8-bit photo booth. Plaid letterpress leggings craft beer meh ethical Pinterest.\"}]]]',51,'Botble\\Ecommerce\\Models\\Product','2025-05-03 11:19:07','2025-05-03 11:19:07'),(59,'faq_schema_config','[[[{\"key\":\"question\",\"value\":\"What Shipping Methods Are Available?\"},{\"key\":\"answer\",\"value\":\"Ex Portland Pitchfork irure mustache. Eutra fap before they sold out literally. Aliquip ugh bicycle rights actually mlkshk, seitan squid craft beer tempor.\"}],[{\"key\":\"question\",\"value\":\"Do You Ship Internationally?\"},{\"key\":\"answer\",\"value\":\"Hoodie tote bag mixtape tofu. Typewriter jean shorts wolf quinoa, messenger bag organic freegan cray.\"}],[{\"key\":\"question\",\"value\":\"How Long Will It Take To Get My Package?\"},{\"key\":\"answer\",\"value\":\"Swag slow-carb quinoa VHS typewriter pork belly brunch, paleo single-origin coffee Wes Anderson. Flexitarian Pitchfork forage, literally paleo fap pour-over. Wes Anderson Pinterest YOLO fanny pack meggings, deep v XOXO chambray sustainable slow-carb raw denim church-key fap chillwave Etsy. +1 typewriter kitsch, American Apparel tofu Banksy Vice.\"}],[{\"key\":\"question\",\"value\":\"What Payment Methods Are Accepted?\"},{\"key\":\"answer\",\"value\":\"Fashion axe DIY jean shorts, swag kale chips meh polaroid kogi butcher Wes Anderson chambray next level semiotics gentrify yr. Voluptate photo booth fugiat Vice. Austin sed Williamsburg, ea labore raw denim voluptate cred proident mixtape excepteur mustache. Twee chia photo booth readymade food truck, hoodie roof party swag keytar PBR DIY.\"}],[{\"key\":\"question\",\"value\":\"Is Buying On-Line Safe?\"},{\"key\":\"answer\",\"value\":\"Art party authentic freegan semiotics jean shorts chia cred. Neutra Austin roof party Brooklyn, synth Thundercats swag 8-bit photo booth. Plaid letterpress leggings craft beer meh ethical Pinterest.\"}]]]',52,'Botble\\Ecommerce\\Models\\Product','2025-05-03 11:19:08','2025-05-03 11:19:08'),(60,'faq_schema_config','[[[{\"key\":\"question\",\"value\":\"What Shipping Methods Are Available?\"},{\"key\":\"answer\",\"value\":\"Ex Portland Pitchfork irure mustache. Eutra fap before they sold out literally. Aliquip ugh bicycle rights actually mlkshk, seitan squid craft beer tempor.\"}],[{\"key\":\"question\",\"value\":\"Do You Ship Internationally?\"},{\"key\":\"answer\",\"value\":\"Hoodie tote bag mixtape tofu. Typewriter jean shorts wolf quinoa, messenger bag organic freegan cray.\"}],[{\"key\":\"question\",\"value\":\"How Long Will It Take To Get My Package?\"},{\"key\":\"answer\",\"value\":\"Swag slow-carb quinoa VHS typewriter pork belly brunch, paleo single-origin coffee Wes Anderson. Flexitarian Pitchfork forage, literally paleo fap pour-over. Wes Anderson Pinterest YOLO fanny pack meggings, deep v XOXO chambray sustainable slow-carb raw denim church-key fap chillwave Etsy. +1 typewriter kitsch, American Apparel tofu Banksy Vice.\"}],[{\"key\":\"question\",\"value\":\"What Payment Methods Are Accepted?\"},{\"key\":\"answer\",\"value\":\"Fashion axe DIY jean shorts, swag kale chips meh polaroid kogi butcher Wes Anderson chambray next level semiotics gentrify yr. Voluptate photo booth fugiat Vice. Austin sed Williamsburg, ea labore raw denim voluptate cred proident mixtape excepteur mustache. Twee chia photo booth readymade food truck, hoodie roof party swag keytar PBR DIY.\"}],[{\"key\":\"question\",\"value\":\"Is Buying On-Line Safe?\"},{\"key\":\"answer\",\"value\":\"Art party authentic freegan semiotics jean shorts chia cred. Neutra Austin roof party Brooklyn, synth Thundercats swag 8-bit photo booth. Plaid letterpress leggings craft beer meh ethical Pinterest.\"}]]]',53,'Botble\\Ecommerce\\Models\\Product','2025-05-03 11:19:08','2025-05-03 11:19:08'),(61,'faq_schema_config','[[[{\"key\":\"question\",\"value\":\"What Shipping Methods Are Available?\"},{\"key\":\"answer\",\"value\":\"Ex Portland Pitchfork irure mustache. Eutra fap before they sold out literally. Aliquip ugh bicycle rights actually mlkshk, seitan squid craft beer tempor.\"}],[{\"key\":\"question\",\"value\":\"Do You Ship Internationally?\"},{\"key\":\"answer\",\"value\":\"Hoodie tote bag mixtape tofu. Typewriter jean shorts wolf quinoa, messenger bag organic freegan cray.\"}],[{\"key\":\"question\",\"value\":\"How Long Will It Take To Get My Package?\"},{\"key\":\"answer\",\"value\":\"Swag slow-carb quinoa VHS typewriter pork belly brunch, paleo single-origin coffee Wes Anderson. Flexitarian Pitchfork forage, literally paleo fap pour-over. Wes Anderson Pinterest YOLO fanny pack meggings, deep v XOXO chambray sustainable slow-carb raw denim church-key fap chillwave Etsy. +1 typewriter kitsch, American Apparel tofu Banksy Vice.\"}],[{\"key\":\"question\",\"value\":\"What Payment Methods Are Accepted?\"},{\"key\":\"answer\",\"value\":\"Fashion axe DIY jean shorts, swag kale chips meh polaroid kogi butcher Wes Anderson chambray next level semiotics gentrify yr. Voluptate photo booth fugiat Vice. Austin sed Williamsburg, ea labore raw denim voluptate cred proident mixtape excepteur mustache. Twee chia photo booth readymade food truck, hoodie roof party swag keytar PBR DIY.\"}],[{\"key\":\"question\",\"value\":\"Is Buying On-Line Safe?\"},{\"key\":\"answer\",\"value\":\"Art party authentic freegan semiotics jean shorts chia cred. Neutra Austin roof party Brooklyn, synth Thundercats swag 8-bit photo booth. Plaid letterpress leggings craft beer meh ethical Pinterest.\"}]]]',54,'Botble\\Ecommerce\\Models\\Product','2025-05-03 11:19:08','2025-05-03 11:19:08'),(62,'faq_schema_config','[[[{\"key\":\"question\",\"value\":\"What Shipping Methods Are Available?\"},{\"key\":\"answer\",\"value\":\"Ex Portland Pitchfork irure mustache. Eutra fap before they sold out literally. Aliquip ugh bicycle rights actually mlkshk, seitan squid craft beer tempor.\"}],[{\"key\":\"question\",\"value\":\"Do You Ship Internationally?\"},{\"key\":\"answer\",\"value\":\"Hoodie tote bag mixtape tofu. Typewriter jean shorts wolf quinoa, messenger bag organic freegan cray.\"}],[{\"key\":\"question\",\"value\":\"How Long Will It Take To Get My Package?\"},{\"key\":\"answer\",\"value\":\"Swag slow-carb quinoa VHS typewriter pork belly brunch, paleo single-origin coffee Wes Anderson. Flexitarian Pitchfork forage, literally paleo fap pour-over. Wes Anderson Pinterest YOLO fanny pack meggings, deep v XOXO chambray sustainable slow-carb raw denim church-key fap chillwave Etsy. +1 typewriter kitsch, American Apparel tofu Banksy Vice.\"}],[{\"key\":\"question\",\"value\":\"What Payment Methods Are Accepted?\"},{\"key\":\"answer\",\"value\":\"Fashion axe DIY jean shorts, swag kale chips meh polaroid kogi butcher Wes Anderson chambray next level semiotics gentrify yr. Voluptate photo booth fugiat Vice. Austin sed Williamsburg, ea labore raw denim voluptate cred proident mixtape excepteur mustache. Twee chia photo booth readymade food truck, hoodie roof party swag keytar PBR DIY.\"}],[{\"key\":\"question\",\"value\":\"Is Buying On-Line Safe?\"},{\"key\":\"answer\",\"value\":\"Art party authentic freegan semiotics jean shorts chia cred. Neutra Austin roof party Brooklyn, synth Thundercats swag 8-bit photo booth. Plaid letterpress leggings craft beer meh ethical Pinterest.\"}]]]',55,'Botble\\Ecommerce\\Models\\Product','2025-05-03 11:19:08','2025-05-03 11:19:08'),(63,'faq_schema_config','[[[{\"key\":\"question\",\"value\":\"What Shipping Methods Are Available?\"},{\"key\":\"answer\",\"value\":\"Ex Portland Pitchfork irure mustache. Eutra fap before they sold out literally. Aliquip ugh bicycle rights actually mlkshk, seitan squid craft beer tempor.\"}],[{\"key\":\"question\",\"value\":\"Do You Ship Internationally?\"},{\"key\":\"answer\",\"value\":\"Hoodie tote bag mixtape tofu. Typewriter jean shorts wolf quinoa, messenger bag organic freegan cray.\"}],[{\"key\":\"question\",\"value\":\"How Long Will It Take To Get My Package?\"},{\"key\":\"answer\",\"value\":\"Swag slow-carb quinoa VHS typewriter pork belly brunch, paleo single-origin coffee Wes Anderson. Flexitarian Pitchfork forage, literally paleo fap pour-over. Wes Anderson Pinterest YOLO fanny pack meggings, deep v XOXO chambray sustainable slow-carb raw denim church-key fap chillwave Etsy. +1 typewriter kitsch, American Apparel tofu Banksy Vice.\"}],[{\"key\":\"question\",\"value\":\"What Payment Methods Are Accepted?\"},{\"key\":\"answer\",\"value\":\"Fashion axe DIY jean shorts, swag kale chips meh polaroid kogi butcher Wes Anderson chambray next level semiotics gentrify yr. Voluptate photo booth fugiat Vice. Austin sed Williamsburg, ea labore raw denim voluptate cred proident mixtape excepteur mustache. Twee chia photo booth readymade food truck, hoodie roof party swag keytar PBR DIY.\"}],[{\"key\":\"question\",\"value\":\"Is Buying On-Line Safe?\"},{\"key\":\"answer\",\"value\":\"Art party authentic freegan semiotics jean shorts chia cred. Neutra Austin roof party Brooklyn, synth Thundercats swag 8-bit photo booth. Plaid letterpress leggings craft beer meh ethical Pinterest.\"}]]]',56,'Botble\\Ecommerce\\Models\\Product','2025-05-03 11:19:08','2025-05-03 11:19:08'),(64,'faq_schema_config','[[[{\"key\":\"question\",\"value\":\"What Shipping Methods Are Available?\"},{\"key\":\"answer\",\"value\":\"Ex Portland Pitchfork irure mustache. Eutra fap before they sold out literally. Aliquip ugh bicycle rights actually mlkshk, seitan squid craft beer tempor.\"}],[{\"key\":\"question\",\"value\":\"Do You Ship Internationally?\"},{\"key\":\"answer\",\"value\":\"Hoodie tote bag mixtape tofu. Typewriter jean shorts wolf quinoa, messenger bag organic freegan cray.\"}],[{\"key\":\"question\",\"value\":\"How Long Will It Take To Get My Package?\"},{\"key\":\"answer\",\"value\":\"Swag slow-carb quinoa VHS typewriter pork belly brunch, paleo single-origin coffee Wes Anderson. Flexitarian Pitchfork forage, literally paleo fap pour-over. Wes Anderson Pinterest YOLO fanny pack meggings, deep v XOXO chambray sustainable slow-carb raw denim church-key fap chillwave Etsy. +1 typewriter kitsch, American Apparel tofu Banksy Vice.\"}],[{\"key\":\"question\",\"value\":\"What Payment Methods Are Accepted?\"},{\"key\":\"answer\",\"value\":\"Fashion axe DIY jean shorts, swag kale chips meh polaroid kogi butcher Wes Anderson chambray next level semiotics gentrify yr. Voluptate photo booth fugiat Vice. Austin sed Williamsburg, ea labore raw denim voluptate cred proident mixtape excepteur mustache. Twee chia photo booth readymade food truck, hoodie roof party swag keytar PBR DIY.\"}],[{\"key\":\"question\",\"value\":\"Is Buying On-Line Safe?\"},{\"key\":\"answer\",\"value\":\"Art party authentic freegan semiotics jean shorts chia cred. Neutra Austin roof party Brooklyn, synth Thundercats swag 8-bit photo booth. Plaid letterpress leggings craft beer meh ethical Pinterest.\"}]]]',57,'Botble\\Ecommerce\\Models\\Product','2025-05-03 11:19:08','2025-05-03 11:19:08'),(65,'faq_schema_config','[[[{\"key\":\"question\",\"value\":\"What Shipping Methods Are Available?\"},{\"key\":\"answer\",\"value\":\"Ex Portland Pitchfork irure mustache. Eutra fap before they sold out literally. Aliquip ugh bicycle rights actually mlkshk, seitan squid craft beer tempor.\"}],[{\"key\":\"question\",\"value\":\"Do You Ship Internationally?\"},{\"key\":\"answer\",\"value\":\"Hoodie tote bag mixtape tofu. Typewriter jean shorts wolf quinoa, messenger bag organic freegan cray.\"}],[{\"key\":\"question\",\"value\":\"How Long Will It Take To Get My Package?\"},{\"key\":\"answer\",\"value\":\"Swag slow-carb quinoa VHS typewriter pork belly brunch, paleo single-origin coffee Wes Anderson. Flexitarian Pitchfork forage, literally paleo fap pour-over. Wes Anderson Pinterest YOLO fanny pack meggings, deep v XOXO chambray sustainable slow-carb raw denim church-key fap chillwave Etsy. +1 typewriter kitsch, American Apparel tofu Banksy Vice.\"}],[{\"key\":\"question\",\"value\":\"What Payment Methods Are Accepted?\"},{\"key\":\"answer\",\"value\":\"Fashion axe DIY jean shorts, swag kale chips meh polaroid kogi butcher Wes Anderson chambray next level semiotics gentrify yr. Voluptate photo booth fugiat Vice. Austin sed Williamsburg, ea labore raw denim voluptate cred proident mixtape excepteur mustache. Twee chia photo booth readymade food truck, hoodie roof party swag keytar PBR DIY.\"}],[{\"key\":\"question\",\"value\":\"Is Buying On-Line Safe?\"},{\"key\":\"answer\",\"value\":\"Art party authentic freegan semiotics jean shorts chia cred. Neutra Austin roof party Brooklyn, synth Thundercats swag 8-bit photo booth. Plaid letterpress leggings craft beer meh ethical Pinterest.\"}]]]',58,'Botble\\Ecommerce\\Models\\Product','2025-05-03 11:19:08','2025-05-03 11:19:08'),(66,'faq_schema_config','[[[{\"key\":\"question\",\"value\":\"What Shipping Methods Are Available?\"},{\"key\":\"answer\",\"value\":\"Ex Portland Pitchfork irure mustache. Eutra fap before they sold out literally. Aliquip ugh bicycle rights actually mlkshk, seitan squid craft beer tempor.\"}],[{\"key\":\"question\",\"value\":\"Do You Ship Internationally?\"},{\"key\":\"answer\",\"value\":\"Hoodie tote bag mixtape tofu. Typewriter jean shorts wolf quinoa, messenger bag organic freegan cray.\"}],[{\"key\":\"question\",\"value\":\"How Long Will It Take To Get My Package?\"},{\"key\":\"answer\",\"value\":\"Swag slow-carb quinoa VHS typewriter pork belly brunch, paleo single-origin coffee Wes Anderson. Flexitarian Pitchfork forage, literally paleo fap pour-over. Wes Anderson Pinterest YOLO fanny pack meggings, deep v XOXO chambray sustainable slow-carb raw denim church-key fap chillwave Etsy. +1 typewriter kitsch, American Apparel tofu Banksy Vice.\"}],[{\"key\":\"question\",\"value\":\"What Payment Methods Are Accepted?\"},{\"key\":\"answer\",\"value\":\"Fashion axe DIY jean shorts, swag kale chips meh polaroid kogi butcher Wes Anderson chambray next level semiotics gentrify yr. Voluptate photo booth fugiat Vice. Austin sed Williamsburg, ea labore raw denim voluptate cred proident mixtape excepteur mustache. Twee chia photo booth readymade food truck, hoodie roof party swag keytar PBR DIY.\"}],[{\"key\":\"question\",\"value\":\"Is Buying On-Line Safe?\"},{\"key\":\"answer\",\"value\":\"Art party authentic freegan semiotics jean shorts chia cred. Neutra Austin roof party Brooklyn, synth Thundercats swag 8-bit photo booth. Plaid letterpress leggings craft beer meh ethical Pinterest.\"}]]]',59,'Botble\\Ecommerce\\Models\\Product','2025-05-03 11:19:08','2025-05-03 11:19:08'),(67,'faq_schema_config','[[[{\"key\":\"question\",\"value\":\"What Shipping Methods Are Available?\"},{\"key\":\"answer\",\"value\":\"Ex Portland Pitchfork irure mustache. Eutra fap before they sold out literally. Aliquip ugh bicycle rights actually mlkshk, seitan squid craft beer tempor.\"}],[{\"key\":\"question\",\"value\":\"Do You Ship Internationally?\"},{\"key\":\"answer\",\"value\":\"Hoodie tote bag mixtape tofu. Typewriter jean shorts wolf quinoa, messenger bag organic freegan cray.\"}],[{\"key\":\"question\",\"value\":\"How Long Will It Take To Get My Package?\"},{\"key\":\"answer\",\"value\":\"Swag slow-carb quinoa VHS typewriter pork belly brunch, paleo single-origin coffee Wes Anderson. Flexitarian Pitchfork forage, literally paleo fap pour-over. Wes Anderson Pinterest YOLO fanny pack meggings, deep v XOXO chambray sustainable slow-carb raw denim church-key fap chillwave Etsy. +1 typewriter kitsch, American Apparel tofu Banksy Vice.\"}],[{\"key\":\"question\",\"value\":\"What Payment Methods Are Accepted?\"},{\"key\":\"answer\",\"value\":\"Fashion axe DIY jean shorts, swag kale chips meh polaroid kogi butcher Wes Anderson chambray next level semiotics gentrify yr. Voluptate photo booth fugiat Vice. Austin sed Williamsburg, ea labore raw denim voluptate cred proident mixtape excepteur mustache. Twee chia photo booth readymade food truck, hoodie roof party swag keytar PBR DIY.\"}],[{\"key\":\"question\",\"value\":\"Is Buying On-Line Safe?\"},{\"key\":\"answer\",\"value\":\"Art party authentic freegan semiotics jean shorts chia cred. Neutra Austin roof party Brooklyn, synth Thundercats swag 8-bit photo booth. Plaid letterpress leggings craft beer meh ethical Pinterest.\"}]]]',60,'Botble\\Ecommerce\\Models\\Product','2025-05-03 11:19:08','2025-05-03 11:19:08'),(68,'faq_schema_config','[[[{\"key\":\"question\",\"value\":\"What Shipping Methods Are Available?\"},{\"key\":\"answer\",\"value\":\"Ex Portland Pitchfork irure mustache. Eutra fap before they sold out literally. Aliquip ugh bicycle rights actually mlkshk, seitan squid craft beer tempor.\"}],[{\"key\":\"question\",\"value\":\"Do You Ship Internationally?\"},{\"key\":\"answer\",\"value\":\"Hoodie tote bag mixtape tofu. Typewriter jean shorts wolf quinoa, messenger bag organic freegan cray.\"}],[{\"key\":\"question\",\"value\":\"How Long Will It Take To Get My Package?\"},{\"key\":\"answer\",\"value\":\"Swag slow-carb quinoa VHS typewriter pork belly brunch, paleo single-origin coffee Wes Anderson. Flexitarian Pitchfork forage, literally paleo fap pour-over. Wes Anderson Pinterest YOLO fanny pack meggings, deep v XOXO chambray sustainable slow-carb raw denim church-key fap chillwave Etsy. +1 typewriter kitsch, American Apparel tofu Banksy Vice.\"}],[{\"key\":\"question\",\"value\":\"What Payment Methods Are Accepted?\"},{\"key\":\"answer\",\"value\":\"Fashion axe DIY jean shorts, swag kale chips meh polaroid kogi butcher Wes Anderson chambray next level semiotics gentrify yr. Voluptate photo booth fugiat Vice. Austin sed Williamsburg, ea labore raw denim voluptate cred proident mixtape excepteur mustache. Twee chia photo booth readymade food truck, hoodie roof party swag keytar PBR DIY.\"}],[{\"key\":\"question\",\"value\":\"Is Buying On-Line Safe?\"},{\"key\":\"answer\",\"value\":\"Art party authentic freegan semiotics jean shorts chia cred. Neutra Austin roof party Brooklyn, synth Thundercats swag 8-bit photo booth. Plaid letterpress leggings craft beer meh ethical Pinterest.\"}]]]',61,'Botble\\Ecommerce\\Models\\Product','2025-05-03 11:19:08','2025-05-03 11:19:08'),(69,'faq_schema_config','[[[{\"key\":\"question\",\"value\":\"What Shipping Methods Are Available?\"},{\"key\":\"answer\",\"value\":\"Ex Portland Pitchfork irure mustache. Eutra fap before they sold out literally. Aliquip ugh bicycle rights actually mlkshk, seitan squid craft beer tempor.\"}],[{\"key\":\"question\",\"value\":\"Do You Ship Internationally?\"},{\"key\":\"answer\",\"value\":\"Hoodie tote bag mixtape tofu. Typewriter jean shorts wolf quinoa, messenger bag organic freegan cray.\"}],[{\"key\":\"question\",\"value\":\"How Long Will It Take To Get My Package?\"},{\"key\":\"answer\",\"value\":\"Swag slow-carb quinoa VHS typewriter pork belly brunch, paleo single-origin coffee Wes Anderson. Flexitarian Pitchfork forage, literally paleo fap pour-over. Wes Anderson Pinterest YOLO fanny pack meggings, deep v XOXO chambray sustainable slow-carb raw denim church-key fap chillwave Etsy. +1 typewriter kitsch, American Apparel tofu Banksy Vice.\"}],[{\"key\":\"question\",\"value\":\"What Payment Methods Are Accepted?\"},{\"key\":\"answer\",\"value\":\"Fashion axe DIY jean shorts, swag kale chips meh polaroid kogi butcher Wes Anderson chambray next level semiotics gentrify yr. Voluptate photo booth fugiat Vice. Austin sed Williamsburg, ea labore raw denim voluptate cred proident mixtape excepteur mustache. Twee chia photo booth readymade food truck, hoodie roof party swag keytar PBR DIY.\"}],[{\"key\":\"question\",\"value\":\"Is Buying On-Line Safe?\"},{\"key\":\"answer\",\"value\":\"Art party authentic freegan semiotics jean shorts chia cred. Neutra Austin roof party Brooklyn, synth Thundercats swag 8-bit photo booth. Plaid letterpress leggings craft beer meh ethical Pinterest.\"}]]]',62,'Botble\\Ecommerce\\Models\\Product','2025-05-03 11:19:08','2025-05-03 11:19:08'),(70,'faq_schema_config','[[[{\"key\":\"question\",\"value\":\"What Shipping Methods Are Available?\"},{\"key\":\"answer\",\"value\":\"Ex Portland Pitchfork irure mustache. Eutra fap before they sold out literally. Aliquip ugh bicycle rights actually mlkshk, seitan squid craft beer tempor.\"}],[{\"key\":\"question\",\"value\":\"Do You Ship Internationally?\"},{\"key\":\"answer\",\"value\":\"Hoodie tote bag mixtape tofu. Typewriter jean shorts wolf quinoa, messenger bag organic freegan cray.\"}],[{\"key\":\"question\",\"value\":\"How Long Will It Take To Get My Package?\"},{\"key\":\"answer\",\"value\":\"Swag slow-carb quinoa VHS typewriter pork belly brunch, paleo single-origin coffee Wes Anderson. Flexitarian Pitchfork forage, literally paleo fap pour-over. Wes Anderson Pinterest YOLO fanny pack meggings, deep v XOXO chambray sustainable slow-carb raw denim church-key fap chillwave Etsy. +1 typewriter kitsch, American Apparel tofu Banksy Vice.\"}],[{\"key\":\"question\",\"value\":\"What Payment Methods Are Accepted?\"},{\"key\":\"answer\",\"value\":\"Fashion axe DIY jean shorts, swag kale chips meh polaroid kogi butcher Wes Anderson chambray next level semiotics gentrify yr. Voluptate photo booth fugiat Vice. Austin sed Williamsburg, ea labore raw denim voluptate cred proident mixtape excepteur mustache. Twee chia photo booth readymade food truck, hoodie roof party swag keytar PBR DIY.\"}],[{\"key\":\"question\",\"value\":\"Is Buying On-Line Safe?\"},{\"key\":\"answer\",\"value\":\"Art party authentic freegan semiotics jean shorts chia cred. Neutra Austin roof party Brooklyn, synth Thundercats swag 8-bit photo booth. Plaid letterpress leggings craft beer meh ethical Pinterest.\"}]]]',63,'Botble\\Ecommerce\\Models\\Product','2025-05-03 11:19:08','2025-05-03 11:19:08'),(71,'faq_schema_config','[[[{\"key\":\"question\",\"value\":\"What Shipping Methods Are Available?\"},{\"key\":\"answer\",\"value\":\"Ex Portland Pitchfork irure mustache. Eutra fap before they sold out literally. Aliquip ugh bicycle rights actually mlkshk, seitan squid craft beer tempor.\"}],[{\"key\":\"question\",\"value\":\"Do You Ship Internationally?\"},{\"key\":\"answer\",\"value\":\"Hoodie tote bag mixtape tofu. Typewriter jean shorts wolf quinoa, messenger bag organic freegan cray.\"}],[{\"key\":\"question\",\"value\":\"How Long Will It Take To Get My Package?\"},{\"key\":\"answer\",\"value\":\"Swag slow-carb quinoa VHS typewriter pork belly brunch, paleo single-origin coffee Wes Anderson. Flexitarian Pitchfork forage, literally paleo fap pour-over. Wes Anderson Pinterest YOLO fanny pack meggings, deep v XOXO chambray sustainable slow-carb raw denim church-key fap chillwave Etsy. +1 typewriter kitsch, American Apparel tofu Banksy Vice.\"}],[{\"key\":\"question\",\"value\":\"What Payment Methods Are Accepted?\"},{\"key\":\"answer\",\"value\":\"Fashion axe DIY jean shorts, swag kale chips meh polaroid kogi butcher Wes Anderson chambray next level semiotics gentrify yr. Voluptate photo booth fugiat Vice. Austin sed Williamsburg, ea labore raw denim voluptate cred proident mixtape excepteur mustache. Twee chia photo booth readymade food truck, hoodie roof party swag keytar PBR DIY.\"}],[{\"key\":\"question\",\"value\":\"Is Buying On-Line Safe?\"},{\"key\":\"answer\",\"value\":\"Art party authentic freegan semiotics jean shorts chia cred. Neutra Austin roof party Brooklyn, synth Thundercats swag 8-bit photo booth. Plaid letterpress leggings craft beer meh ethical Pinterest.\"}]]]',64,'Botble\\Ecommerce\\Models\\Product','2025-05-03 11:19:08','2025-05-03 11:19:08'),(72,'faq_schema_config','[[[{\"key\":\"question\",\"value\":\"What Shipping Methods Are Available?\"},{\"key\":\"answer\",\"value\":\"Ex Portland Pitchfork irure mustache. Eutra fap before they sold out literally. Aliquip ugh bicycle rights actually mlkshk, seitan squid craft beer tempor.\"}],[{\"key\":\"question\",\"value\":\"Do You Ship Internationally?\"},{\"key\":\"answer\",\"value\":\"Hoodie tote bag mixtape tofu. Typewriter jean shorts wolf quinoa, messenger bag organic freegan cray.\"}],[{\"key\":\"question\",\"value\":\"How Long Will It Take To Get My Package?\"},{\"key\":\"answer\",\"value\":\"Swag slow-carb quinoa VHS typewriter pork belly brunch, paleo single-origin coffee Wes Anderson. Flexitarian Pitchfork forage, literally paleo fap pour-over. Wes Anderson Pinterest YOLO fanny pack meggings, deep v XOXO chambray sustainable slow-carb raw denim church-key fap chillwave Etsy. +1 typewriter kitsch, American Apparel tofu Banksy Vice.\"}],[{\"key\":\"question\",\"value\":\"What Payment Methods Are Accepted?\"},{\"key\":\"answer\",\"value\":\"Fashion axe DIY jean shorts, swag kale chips meh polaroid kogi butcher Wes Anderson chambray next level semiotics gentrify yr. Voluptate photo booth fugiat Vice. Austin sed Williamsburg, ea labore raw denim voluptate cred proident mixtape excepteur mustache. Twee chia photo booth readymade food truck, hoodie roof party swag keytar PBR DIY.\"}],[{\"key\":\"question\",\"value\":\"Is Buying On-Line Safe?\"},{\"key\":\"answer\",\"value\":\"Art party authentic freegan semiotics jean shorts chia cred. Neutra Austin roof party Brooklyn, synth Thundercats swag 8-bit photo booth. Plaid letterpress leggings craft beer meh ethical Pinterest.\"}]]]',65,'Botble\\Ecommerce\\Models\\Product','2025-05-03 11:19:08','2025-05-03 11:19:08'),(73,'image','[\"general\\/icon-acquis.png\"]',1,'Botble\\Career\\Models\\Career','2025-05-03 11:19:46','2025-05-03 11:19:46'),(74,'image','[\"general\\/icon-active.png\"]',2,'Botble\\Career\\Models\\Career','2025-05-03 11:19:46','2025-05-03 11:19:46'),(75,'image','[\"general\\/icon-retent.png\"]',3,'Botble\\Career\\Models\\Career','2025-05-03 11:19:46','2025-05-03 11:19:46'),(76,'image','[\"general\\/icon-acquis.png\"]',4,'Botble\\Career\\Models\\Career','2025-05-03 11:19:46','2025-05-03 11:19:46'),(77,'image','[\"general\\/icon-retent.png\"]',5,'Botble\\Career\\Models\\Career','2025-05-03 11:19:46','2025-05-03 11:19:46'),(78,'image','[\"general\\/icon-acquis.png\"]',6,'Botble\\Career\\Models\\Career','2025-05-03 11:19:46','2025-05-03 11:19:46'),(79,'child_style','[\"two_col\"]',1,'Botble\\Menu\\Models\\MenuNode','2025-05-03 11:19:46','2025-05-03 11:19:46'),(80,'child_style','[\"hr_per_2_child\"]',10,'Botble\\Menu\\Models\\MenuNode','2025-05-03 11:19:46','2025-05-03 11:19:46'),(81,'child_style','[\"hr_per_2_child\"]',28,'Botble\\Menu\\Models\\MenuNode','2025-05-03 11:19:47','2025-05-03 11:19:47');

--
