--
-- Host: 127.0.0.1    Database: archi_agon
-- ------------------------------------------------------


--
-- Table structure for table `activations`
--

CREATE TABLE `activations` (
  `id` bigint unsigned NOT NULL AUTO_INCREMENT,
  `user_id` bigint unsigned NOT NULL,
  `code` varchar(120) COLLATE utf8mb4_unicode_ci NOT NULL,
  `completed` tinyint(1) NOT NULL DEFAULT '0',
  `completed_at` timestamp NULL DEFAULT NULL,
  `created_at` timestamp NULL DEFAULT NULL,
  `updated_at` timestamp NULL DEFAULT NULL,
  PRIMARY KEY (`id`),
  KEY `activations_user_id_index` (`user_id`)
) ENGINE=InnoDB AUTO_INCREMENT=2 DEFAULT CHARSET=utf8mb4 COLLATE=utf8mb4_unicode_ci;

--
-- Dumping data for table `activations`
--

INSERT INTO `activations` VALUES (1,1,'ipKIifL2ruoCgQgqgRCn8G3k96wfgiNl',1,'2025-05-03 11:18:26','2025-05-03 11:18:26','2025-05-03 11:18:26');

--
-- Table structure for table `admin_notifications`
--

CREATE TABLE `admin_notifications` (
  `id` bigint unsigned NOT NULL AUTO_INCREMENT,
  `title` varchar(191) COLLATE utf8mb4_unicode_ci NOT NULL,
  `action_label` varchar(191) COLLATE utf8mb4_unicode_ci DEFAULT NULL,
  `action_url` varchar(191) COLLATE utf8mb4_unicode_ci DEFAULT NULL,
  `description` varchar(400) COLLATE utf8mb4_unicode_ci DEFAULT NULL,
  `read_at` timestamp NULL DEFAULT NULL,
  `created_at` timestamp NULL DEFAULT NULL,
  `updated_at` timestamp NULL DEFAULT NULL,
  `permission` varchar(191) COLLATE utf8mb4_unicode_ci DEFAULT NULL,
  PRIMARY KEY (`id`)
) ENGINE=InnoDB DEFAULT CHARSET=utf8mb4 COLLATE=utf8mb4_unicode_ci;

--
-- Dumping data for table `admin_notifications`
--


--
-- Table structure for table `announcements`
--

CREATE TABLE `announcements` (
  `id` bigint unsigned NOT NULL AUTO_INCREMENT,
  `name` varchar(191) COLLATE utf8mb4_unicode_ci NOT NULL,
  `content` text COLLATE utf8mb4_unicode_ci NOT NULL,
  `has_action` tinyint(1) NOT NULL DEFAULT '0',
  `action_label` varchar(60) COLLATE utf8mb4_unicode_ci DEFAULT NULL,
  `action_url` varchar(400) COLLATE utf8mb4_unicode_ci DEFAULT NULL,
  `action_open_new_tab` tinyint(1) NOT NULL DEFAULT '0',
  `dismissible` tinyint(1) NOT NULL DEFAULT '0',
  `start_date` datetime DEFAULT NULL,
  `end_date` datetime DEFAULT NULL,
  `is_active` tinyint(1) NOT NULL DEFAULT '1',
  `created_at` timestamp NULL DEFAULT NULL,
  `updated_at` timestamp NULL DEFAULT NULL,
  PRIMARY KEY (`id`)
) ENGINE=InnoDB AUTO_INCREMENT=4 DEFAULT CHARSET=utf8mb4 COLLATE=utf8mb4_unicode_ci;

--
-- Dumping data for table `announcements`
--

INSERT INTO `announcements` VALUES (1,'Announcement 1','Cyber Monday: Save big on the Creative Cloud All Apps plan for individuals through 2 Dec',0,NULL,NULL,0,1,'2025-05-03 11:18:25',NULL,1,'2025-05-03 11:18:25','2025-05-03 11:18:25'),(2,'Announcement 2','Students and teachers save a massive 71% on Creative Cloud All Apps',0,NULL,NULL,0,1,'2025-05-03 11:18:25',NULL,1,'2025-05-03 11:18:25','2025-05-03 11:18:25'),(3,'Announcement 3','Black Friday and Cyber Monday 2023 Deals for Motion Designers, grab it now!',0,NULL,NULL,0,1,'2025-05-03 11:18:25',NULL,1,'2025-05-03 11:18:25','2025-05-03 11:18:25');

--
-- Table structure for table `announcements_translations`
--

CREATE TABLE `announcements_translations` (
  `lang_code` varchar(191) COLLATE utf8mb4_unicode_ci NOT NULL,
  `announcements_id` bigint unsigned NOT NULL,
  `content` text COLLATE utf8mb4_unicode_ci,
  PRIMARY KEY (`lang_code`,`announcements_id`)
) ENGINE=InnoDB DEFAULT CHARSET=utf8mb4 COLLATE=utf8mb4_unicode_ci;

--
-- Dumping data for table `announcements_translations`
--


--
-- Table structure for table `audit_histories`
--

CREATE TABLE `audit_histories` (
  `id` bigint unsigned NOT NULL AUTO_INCREMENT,
  `user_id` bigint unsigned NOT NULL,
  `user_type` varchar(191) COLLATE utf8mb4_unicode_ci DEFAULT 'Botble\\ACL\\Models\\User',
  `module` varchar(60) COLLATE utf8mb4_unicode_ci NOT NULL,
  `request` longtext COLLATE utf8mb4_unicode_ci,
  `action` varchar(120) COLLATE utf8mb4_unicode_ci NOT NULL,
  `user_agent` text COLLATE utf8mb4_unicode_ci,
  `ip_address` varchar(45) COLLATE utf8mb4_unicode_ci DEFAULT NULL,
  `actor_id` bigint unsigned NOT NULL,
  `actor_type` varchar(191) COLLATE utf8mb4_unicode_ci DEFAULT 'Botble\\ACL\\Models\\User',
  `reference_id` bigint unsigned NOT NULL,
  `reference_name` varchar(191) COLLATE utf8mb4_unicode_ci NOT NULL,
  `type` varchar(20) COLLATE utf8mb4_unicode_ci NOT NULL,
  `created_at` timestamp NULL DEFAULT NULL,
  `updated_at` timestamp NULL DEFAULT NULL,
  PRIMARY KEY (`id`),
  KEY `audit_histories_user_id_index` (`user_id`),
  KEY `audit_histories_module_index` (`module`)
) ENGINE=InnoDB DEFAULT CHARSET=utf8mb4 COLLATE=utf8mb4_unicode_ci;

--
-- Dumping data for table `audit_histories`
--


--
-- Table structure for table `cache`
--

CREATE TABLE `cache` (
  `key` varchar(191) COLLATE utf8mb4_unicode_ci NOT NULL,
  `value` mediumtext COLLATE utf8mb4_unicode_ci NOT NULL,
  `expiration` int NOT NULL,
  PRIMARY KEY (`key`)
) ENGINE=InnoDB DEFAULT CHARSET=utf8mb4 COLLATE=utf8mb4_unicode_ci;

--
-- Dumping data for table `cache`
--


--
-- Table structure for table `cache_locks`
--

CREATE TABLE `cache_locks` (
  `key` varchar(191) COLLATE utf8mb4_unicode_ci NOT NULL,
  `owner` varchar(191) COLLATE utf8mb4_unicode_ci NOT NULL,
  `expiration` int NOT NULL,
  PRIMARY KEY (`key`)
) ENGINE=InnoDB DEFAULT CHARSET=utf8mb4 COLLATE=utf8mb4_unicode_ci;

--
-- Dumping data for table `cache_locks`
--


--
-- Table structure for table `careers`
--

CREATE TABLE `careers` (
  `id` bigint unsigned NOT NULL AUTO_INCREMENT,
  `name` varchar(120) COLLATE utf8mb4_unicode_ci NOT NULL,
  `location` varchar(255) COLLATE utf8mb4_unicode_ci NOT NULL,
  `salary` varchar(255) COLLATE utf8mb4_unicode_ci NOT NULL,
  `description` varchar(400) COLLATE utf8mb4_unicode_ci DEFAULT NULL,
  `content` text COLLATE utf8mb4_unicode_ci,
  `status` varchar(60) COLLATE utf8mb4_unicode_ci NOT NULL DEFAULT 'published',
  `created_at` timestamp NULL DEFAULT NULL,
  `updated_at` timestamp NULL DEFAULT NULL,
  PRIMARY KEY (`id`)
) ENGINE=InnoDB AUTO_INCREMENT=7 DEFAULT CHARSET=utf8mb4 COLLATE=utf8mb4_unicode_ci;

--
-- Dumping data for table `careers`
--

INSERT INTO `careers` VALUES (1,'Senior Full Stack Engineer, Creator Success Full Time','Port Orlandoburgh, South Africa','$4,888.00','Constantly changing work patterns and norms, and the need for organizational resiliency','\n<div class=\"content-detail\">\n    <div class=\"row\">\n        <div class=\"col-lg-2\"></div>\n        <div class=\"col-lg-8\">\n            <h2 class=\"text-heading-4\">Job Description</h2>\n            <p class=\"text-body-text\">The AliStudio Design team has a vision to establish a trusted platform that enables productive and healthy enterprises in a world of digital and remote everything, constantly changing work patterns and norms, and the need for organizational resiliency.</p>\n            <p class=\"text-body-text\">The ideal candidate will have strong creative skills and a portfolio of work which demonstrates their passion for illustrative design and typography. This candidate will have experiences in working with numerous different design platforms such as digital and print forms.</p>\n            <p></p>\n        </div>\n    </div>\n    <div class=\"row\">\n        <div class=\"col-lg-1\"></div>\n        <div class=\"col-lg-10\">\n            <div class=\"box-image mt-30 mb-30\">\n                [youtube-video image=\"general/career-img.png\" with_container=\"no\"]https://www.youtube.com/watch?v=SlPhMPnQ58k[/youtube-video]\n            </div>\n        </div>\n    </div>\n    <div class=\"row\">\n        <div class=\"col-lg-2\"></div>\n        <div class=\"col-lg-8\">\n            <h2 class=\"text-heading-4\">Essential Knowledge, Skills, and Experience</h2>\n            <ul>\n                <li>A portfolio demonstrating well thought through and polished end to end customer journeys</li>\n                <li>5+ years of industry experience in interactive design and / or visual design</li>\n                <li>Excellent interpersonal skills </li>\n                <li>Aware of trends in mobile, communications, and collaboration</li>\n                <li>Ability to create highly polished design prototypes, mockups, and other communication artifacts</li>\n                <li>The ability to scope and estimate efforts accurately and prioritize tasks and goals independently</li>\n                <li>History of impacting shipping products with your work</li>\n                <li>A Bachelor’s Degree in Design (or related field) or equivalent professional experience</li>\n                <li>Proficiency in a variety of design tools such as Figma, Photoshop, Illustrator, and Sketch</li>\n            </ul>\n            <p></p>\n            <h2 class=\"text-heading-4\">Essential Knowledge, Skills, and Experience</h2>\n            <ul>\n                <li>Designing user experiences for enterprise software / services</li>\n                <li>Creating and applying established design principles and interaction patterns</li>\n                <li>Aligning or influencing design thinking with teams working in other geographies</li>\n            </ul>\n            <p></p>\n            <h2 class=\"text-heading-4\">Essential Knowledge, Skills, and Experience</h2>\n            <p>Product knowledge: Deeply understand the technology and features of the product area to which you are assigned.</p>\n            <p>Research: Provide human and business impact and insights for products.</p>\n            <p>Deliverables: Create deliverables for your product area (for example competitive analyses, user flows, low fidelity wireframes, high fidelity mockups, prototypes, etc.) that solve real user problems through the user experience.</p>\n            <p>Communication: Communicate the results of UX activities within your product area to the design team department, cross-functional partners within your product area, and other interested Superformula team members using clear language that simplifies complexity.</p>\n            <div class=\"border-bottom mt-50 mb-50\"></div>\n\n            [apply-now primary_url=\"/\" primary_title=\"Apply now\" secondary_url=\"/contact\" secondary_title=\"Contact\"][/apply-now]\n        </div>\n    </div>\n</div>\n\n[newsletter name=\"newsletter\" title=\"Subscribe our newsletter\" subtitle=\"By clicking the button, you are agreeing with our Term & Conditions\" link=\"/\" text_link=\"Term & Conditions\" image=\"general/img-newsletter.png\" mini_image=\"general/chart.png\"][/newsletter]\n','published','2025-05-03 11:19:46','2025-05-03 11:19:46'),(2,'Data Science Specialist, Analytics Division','Samborough, Kazakhstan','$3,309.00','Excepteur sint occaecat cupidatat non proident, sunt in culpa qui officia deserunt mollit laborum — semper quis lectus nulla','\n<div class=\"content-detail\">\n    <div class=\"row\">\n        <div class=\"col-lg-2\"></div>\n        <div class=\"col-lg-8\">\n            <h2 class=\"text-heading-4\">Job Description</h2>\n            <p class=\"text-body-text\">The AliStudio Design team has a vision to establish a trusted platform that enables productive and healthy enterprises in a world of digital and remote everything, constantly changing work patterns and norms, and the need for organizational resiliency.</p>\n            <p class=\"text-body-text\">The ideal candidate will have strong creative skills and a portfolio of work which demonstrates their passion for illustrative design and typography. This candidate will have experiences in working with numerous different design platforms such as digital and print forms.</p>\n            <p></p>\n        </div>\n    </div>\n    <div class=\"row\">\n        <div class=\"col-lg-1\"></div>\n        <div class=\"col-lg-10\">\n            <div class=\"box-image mt-30 mb-30\">\n                [youtube-video image=\"general/career-img.png\" with_container=\"no\"]https://www.youtube.com/watch?v=SlPhMPnQ58k[/youtube-video]\n            </div>\n        </div>\n    </div>\n    <div class=\"row\">\n        <div class=\"col-lg-2\"></div>\n        <div class=\"col-lg-8\">\n            <h2 class=\"text-heading-4\">Essential Knowledge, Skills, and Experience</h2>\n            <ul>\n                <li>A portfolio demonstrating well thought through and polished end to end customer journeys</li>\n                <li>5+ years of industry experience in interactive design and / or visual design</li>\n                <li>Excellent interpersonal skills </li>\n                <li>Aware of trends in mobile, communications, and collaboration</li>\n                <li>Ability to create highly polished design prototypes, mockups, and other communication artifacts</li>\n                <li>The ability to scope and estimate efforts accurately and prioritize tasks and goals independently</li>\n                <li>History of impacting shipping products with your work</li>\n                <li>A Bachelor’s Degree in Design (or related field) or equivalent professional experience</li>\n                <li>Proficiency in a variety of design tools such as Figma, Photoshop, Illustrator, and Sketch</li>\n            </ul>\n            <p></p>\n            <h2 class=\"text-heading-4\">Essential Knowledge, Skills, and Experience</h2>\n            <ul>\n                <li>Designing user experiences for enterprise software / services</li>\n                <li>Creating and applying established design principles and interaction patterns</li>\n                <li>Aligning or influencing design thinking with teams working in other geographies</li>\n            </ul>\n            <p></p>\n            <h2 class=\"text-heading-4\">Essential Knowledge, Skills, and Experience</h2>\n            <p>Product knowledge: Deeply understand the technology and features of the product area to which you are assigned.</p>\n            <p>Research: Provide human and business impact and insights for products.</p>\n            <p>Deliverables: Create deliverables for your product area (for example competitive analyses, user flows, low fidelity wireframes, high fidelity mockups, prototypes, etc.) that solve real user problems through the user experience.</p>\n            <p>Communication: Communicate the results of UX activities within your product area to the design team department, cross-functional partners within your product area, and other interested Superformula team members using clear language that simplifies complexity.</p>\n            <div class=\"border-bottom mt-50 mb-50\"></div>\n\n            [apply-now primary_url=\"/\" primary_title=\"Apply now\" secondary_url=\"/contact\" secondary_title=\"Contact\"][/apply-now]\n        </div>\n    </div>\n</div>\n\n[newsletter name=\"newsletter\" title=\"Subscribe our newsletter\" subtitle=\"By clicking the button, you are agreeing with our Term & Conditions\" link=\"/\" text_link=\"Term & Conditions\" image=\"general/img-newsletter.png\" mini_image=\"general/chart.png\"][/newsletter]\n','published','2025-05-03 11:19:46','2025-05-03 11:19:46'),(3,'Product Marketing Manager, Growth Team','North Ethan, Jordan','$3,960.00','Crafting compelling marketing strategies to drive user acquisition and retention','\n<div class=\"content-detail\">\n    <div class=\"row\">\n        <div class=\"col-lg-2\"></div>\n        <div class=\"col-lg-8\">\n            <h2 class=\"text-heading-4\">Job Description</h2>\n            <p class=\"text-body-text\">The AliStudio Design team has a vision to establish a trusted platform that enables productive and healthy enterprises in a world of digital and remote everything, constantly changing work patterns and norms, and the need for organizational resiliency.</p>\n            <p class=\"text-body-text\">The ideal candidate will have strong creative skills and a portfolio of work which demonstrates their passion for illustrative design and typography. This candidate will have experiences in working with numerous different design platforms such as digital and print forms.</p>\n            <p></p>\n        </div>\n    </div>\n    <div class=\"row\">\n        <div class=\"col-lg-1\"></div>\n        <div class=\"col-lg-10\">\n            <div class=\"box-image mt-30 mb-30\">\n                [youtube-video image=\"general/career-img.png\" with_container=\"no\"]https://www.youtube.com/watch?v=SlPhMPnQ58k[/youtube-video]\n            </div>\n        </div>\n    </div>\n    <div class=\"row\">\n        <div class=\"col-lg-2\"></div>\n        <div class=\"col-lg-8\">\n            <h2 class=\"text-heading-4\">Essential Knowledge, Skills, and Experience</h2>\n            <ul>\n                <li>A portfolio demonstrating well thought through and polished end to end customer journeys</li>\n                <li>5+ years of industry experience in interactive design and / or visual design</li>\n                <li>Excellent interpersonal skills </li>\n                <li>Aware of trends in mobile, communications, and collaboration</li>\n                <li>Ability to create highly polished design prototypes, mockups, and other communication artifacts</li>\n                <li>The ability to scope and estimate efforts accurately and prioritize tasks and goals independently</li>\n                <li>History of impacting shipping products with your work</li>\n                <li>A Bachelor’s Degree in Design (or related field) or equivalent professional experience</li>\n                <li>Proficiency in a variety of design tools such as Figma, Photoshop, Illustrator, and Sketch</li>\n            </ul>\n            <p></p>\n            <h2 class=\"text-heading-4\">Essential Knowledge, Skills, and Experience</h2>\n            <ul>\n                <li>Designing user experiences for enterprise software / services</li>\n                <li>Creating and applying established design principles and interaction patterns</li>\n                <li>Aligning or influencing design thinking with teams working in other geographies</li>\n            </ul>\n            <p></p>\n            <h2 class=\"text-heading-4\">Essential Knowledge, Skills, and Experience</h2>\n            <p>Product knowledge: Deeply understand the technology and features of the product area to which you are assigned.</p>\n            <p>Research: Provide human and business impact and insights for products.</p>\n            <p>Deliverables: Create deliverables for your product area (for example competitive analyses, user flows, low fidelity wireframes, high fidelity mockups, prototypes, etc.) that solve real user problems through the user experience.</p>\n            <p>Communication: Communicate the results of UX activities within your product area to the design team department, cross-functional partners within your product area, and other interested Superformula team members using clear language that simplifies complexity.</p>\n            <div class=\"border-bottom mt-50 mb-50\"></div>\n\n            [apply-now primary_url=\"/\" primary_title=\"Apply now\" secondary_url=\"/contact\" secondary_title=\"Contact\"][/apply-now]\n        </div>\n    </div>\n</div>\n\n[newsletter name=\"newsletter\" title=\"Subscribe our newsletter\" subtitle=\"By clicking the button, you are agreeing with our Term & Conditions\" link=\"/\" text_link=\"Term & Conditions\" image=\"general/img-newsletter.png\" mini_image=\"general/chart.png\"][/newsletter]\n','published','2025-05-03 11:19:46','2025-05-03 11:19:46'),(4,'UX/UI Designer, User Experience Team','North Jedville, Egypt','$9,867.00','Ut enim ad minim veniam, quis nostrud exercitation ullamco laboris nisi ut aliquip ex ea commodo consequat.','\n<div class=\"content-detail\">\n    <div class=\"row\">\n        <div class=\"col-lg-2\"></div>\n        <div class=\"col-lg-8\">\n            <h2 class=\"text-heading-4\">Job Description</h2>\n            <p class=\"text-body-text\">The AliStudio Design team has a vision to establish a trusted platform that enables productive and healthy enterprises in a world of digital and remote everything, constantly changing work patterns and norms, and the need for organizational resiliency.</p>\n            <p class=\"text-body-text\">The ideal candidate will have strong creative skills and a portfolio of work which demonstrates their passion for illustrative design and typography. This candidate will have experiences in working with numerous different design platforms such as digital and print forms.</p>\n            <p></p>\n        </div>\n    </div>\n    <div class=\"row\">\n        <div class=\"col-lg-1\"></div>\n        <div class=\"col-lg-10\">\n            <div class=\"box-image mt-30 mb-30\">\n                [youtube-video image=\"general/career-img.png\" with_container=\"no\"]https://www.youtube.com/watch?v=SlPhMPnQ58k[/youtube-video]\n            </div>\n        </div>\n    </div>\n    <div class=\"row\">\n        <div class=\"col-lg-2\"></div>\n        <div class=\"col-lg-8\">\n            <h2 class=\"text-heading-4\">Essential Knowledge, Skills, and Experience</h2>\n            <ul>\n                <li>A portfolio demonstrating well thought through and polished end to end customer journeys</li>\n                <li>5+ years of industry experience in interactive design and / or visual design</li>\n                <li>Excellent interpersonal skills </li>\n                <li>Aware of trends in mobile, communications, and collaboration</li>\n                <li>Ability to create highly polished design prototypes, mockups, and other communication artifacts</li>\n                <li>The ability to scope and estimate efforts accurately and prioritize tasks and goals independently</li>\n                <li>History of impacting shipping products with your work</li>\n                <li>A Bachelor’s Degree in Design (or related field) or equivalent professional experience</li>\n                <li>Proficiency in a variety of design tools such as Figma, Photoshop, Illustrator, and Sketch</li>\n            </ul>\n            <p></p>\n            <h2 class=\"text-heading-4\">Essential Knowledge, Skills, and Experience</h2>\n            <ul>\n                <li>Designing user experiences for enterprise software / services</li>\n                <li>Creating and applying established design principles and interaction patterns</li>\n                <li>Aligning or influencing design thinking with teams working in other geographies</li>\n            </ul>\n            <p></p>\n            <h2 class=\"text-heading-4\">Essential Knowledge, Skills, and Experience</h2>\n            <p>Product knowledge: Deeply understand the technology and features of the product area to which you are assigned.</p>\n            <p>Research: Provide human and business impact and insights for products.</p>\n            <p>Deliverables: Create deliverables for your product area (for example competitive analyses, user flows, low fidelity wireframes, high fidelity mockups, prototypes, etc.) that solve real user problems through the user experience.</p>\n            <p>Communication: Communicate the results of UX activities within your product area to the design team department, cross-functional partners within your product area, and other interested Superformula team members using clear language that simplifies complexity.</p>\n            <div class=\"border-bottom mt-50 mb-50\"></div>\n\n            [apply-now primary_url=\"/\" primary_title=\"Apply now\" secondary_url=\"/contact\" secondary_title=\"Contact\"][/apply-now]\n        </div>\n    </div>\n</div>\n\n[newsletter name=\"newsletter\" title=\"Subscribe our newsletter\" subtitle=\"By clicking the button, you are agreeing with our Term & Conditions\" link=\"/\" text_link=\"Term & Conditions\" image=\"general/img-newsletter.png\" mini_image=\"general/chart.png\"][/newsletter]\n','published','2025-05-03 11:19:46','2025-05-03 11:19:46'),(5,'Operations Manager, Supply Chain Division','Onieside, Mongolia','$7,141.00','Ensuring smooth and efficient supply chain operations for timely product delivery','\n<div class=\"content-detail\">\n    <div class=\"row\">\n        <div class=\"col-lg-2\"></div>\n        <div class=\"col-lg-8\">\n            <h2 class=\"text-heading-4\">Job Description</h2>\n            <p class=\"text-body-text\">The AliStudio Design team has a vision to establish a trusted platform that enables productive and healthy enterprises in a world of digital and remote everything, constantly changing work patterns and norms, and the need for organizational resiliency.</p>\n            <p class=\"text-body-text\">The ideal candidate will have strong creative skills and a portfolio of work which demonstrates their passion for illustrative design and typography. This candidate will have experiences in working with numerous different design platforms such as digital and print forms.</p>\n            <p></p>\n        </div>\n    </div>\n    <div class=\"row\">\n        <div class=\"col-lg-1\"></div>\n        <div class=\"col-lg-10\">\n            <div class=\"box-image mt-30 mb-30\">\n                [youtube-video image=\"general/career-img.png\" with_container=\"no\"]https://www.youtube.com/watch?v=SlPhMPnQ58k[/youtube-video]\n            </div>\n        </div>\n    </div>\n    <div class=\"row\">\n        <div class=\"col-lg-2\"></div>\n        <div class=\"col-lg-8\">\n            <h2 class=\"text-heading-4\">Essential Knowledge, Skills, and Experience</h2>\n            <ul>\n                <li>A portfolio demonstrating well thought through and polished end to end customer journeys</li>\n                <li>5+ years of industry experience in interactive design and / or visual design</li>\n                <li>Excellent interpersonal skills </li>\n                <li>Aware of trends in mobile, communications, and collaboration</li>\n                <li>Ability to create highly polished design prototypes, mockups, and other communication artifacts</li>\n                <li>The ability to scope and estimate efforts accurately and prioritize tasks and goals independently</li>\n                <li>History of impacting shipping products with your work</li>\n                <li>A Bachelor’s Degree in Design (or related field) or equivalent professional experience</li>\n                <li>Proficiency in a variety of design tools such as Figma, Photoshop, Illustrator, and Sketch</li>\n            </ul>\n            <p></p>\n            <h2 class=\"text-heading-4\">Essential Knowledge, Skills, and Experience</h2>\n            <ul>\n                <li>Designing user experiences for enterprise software / services</li>\n                <li>Creating and applying established design principles and interaction patterns</li>\n                <li>Aligning or influencing design thinking with teams working in other geographies</li>\n            </ul>\n            <p></p>\n            <h2 class=\"text-heading-4\">Essential Knowledge, Skills, and Experience</h2>\n            <p>Product knowledge: Deeply understand the technology and features of the product area to which you are assigned.</p>\n            <p>Research: Provide human and business impact and insights for products.</p>\n            <p>Deliverables: Create deliverables for your product area (for example competitive analyses, user flows, low fidelity wireframes, high fidelity mockups, prototypes, etc.) that solve real user problems through the user experience.</p>\n            <p>Communication: Communicate the results of UX activities within your product area to the design team department, cross-functional partners within your product area, and other interested Superformula team members using clear language that simplifies complexity.</p>\n            <div class=\"border-bottom mt-50 mb-50\"></div>\n\n            [apply-now primary_url=\"/\" primary_title=\"Apply now\" secondary_url=\"/contact\" secondary_title=\"Contact\"][/apply-now]\n        </div>\n    </div>\n</div>\n\n[newsletter name=\"newsletter\" title=\"Subscribe our newsletter\" subtitle=\"By clicking the button, you are agreeing with our Term & Conditions\" link=\"/\" text_link=\"Term & Conditions\" image=\"general/img-newsletter.png\" mini_image=\"general/chart.png\"][/newsletter]\n','published','2025-05-03 11:19:46','2025-05-03 11:19:46'),(6,'Financial Analyst, Investment Group','Creminshire, Cape Verde','$9,045.00','Analyzing market trends and investment opportunities for optimal financial outcomes','\n<div class=\"content-detail\">\n    <div class=\"row\">\n        <div class=\"col-lg-2\"></div>\n        <div class=\"col-lg-8\">\n            <h2 class=\"text-heading-4\">Job Description</h2>\n            <p class=\"text-body-text\">The AliStudio Design team has a vision to establish a trusted platform that enables productive and healthy enterprises in a world of digital and remote everything, constantly changing work patterns and norms, and the need for organizational resiliency.</p>\n            <p class=\"text-body-text\">The ideal candidate will have strong creative skills and a portfolio of work which demonstrates their passion for illustrative design and typography. This candidate will have experiences in working with numerous different design platforms such as digital and print forms.</p>\n            <p></p>\n        </div>\n    </div>\n    <div class=\"row\">\n        <div class=\"col-lg-1\"></div>\n        <div class=\"col-lg-10\">\n            <div class=\"box-image mt-30 mb-30\">\n                [youtube-video image=\"general/career-img.png\" with_container=\"no\"]https://www.youtube.com/watch?v=SlPhMPnQ58k[/youtube-video]\n            </div>\n        </div>\n    </div>\n    <div class=\"row\">\n        <div class=\"col-lg-2\"></div>\n        <div class=\"col-lg-8\">\n            <h2 class=\"text-heading-4\">Essential Knowledge, Skills, and Experience</h2>\n            <ul>\n                <li>A portfolio demonstrating well thought through and polished end to end customer journeys</li>\n                <li>5+ years of industry experience in interactive design and / or visual design</li>\n                <li>Excellent interpersonal skills </li>\n                <li>Aware of trends in mobile, communications, and collaboration</li>\n                <li>Ability to create highly polished design prototypes, mockups, and other communication artifacts</li>\n                <li>The ability to scope and estimate efforts accurately and prioritize tasks and goals independently</li>\n                <li>History of impacting shipping products with your work</li>\n                <li>A Bachelor’s Degree in Design (or related field) or equivalent professional experience</li>\n                <li>Proficiency in a variety of design tools such as Figma, Photoshop, Illustrator, and Sketch</li>\n            </ul>\n            <p></p>\n            <h2 class=\"text-heading-4\">Essential Knowledge, Skills, and Experience</h2>\n            <ul>\n                <li>Designing user experiences for enterprise software / services</li>\n                <li>Creating and applying established design principles and interaction patterns</li>\n                <li>Aligning or influencing design thinking with teams working in other geographies</li>\n            </ul>\n            <p></p>\n            <h2 class=\"text-heading-4\">Essential Knowledge, Skills, and Experience</h2>\n            <p>Product knowledge: Deeply understand the technology and features of the product area to which you are assigned.</p>\n            <p>Research: Provide human and business impact and insights for products.</p>\n            <p>Deliverables: Create deliverables for your product area (for example competitive analyses, user flows, low fidelity wireframes, high fidelity mockups, prototypes, etc.) that solve real user problems through the user experience.</p>\n            <p>Communication: Communicate the results of UX activities within your product area to the design team department, cross-functional partners within your product area, and other interested Superformula team members using clear language that simplifies complexity.</p>\n            <div class=\"border-bottom mt-50 mb-50\"></div>\n\n            [apply-now primary_url=\"/\" primary_title=\"Apply now\" secondary_url=\"/contact\" secondary_title=\"Contact\"][/apply-now]\n        </div>\n    </div>\n</div>\n\n[newsletter name=\"newsletter\" title=\"Subscribe our newsletter\" subtitle=\"By clicking the button, you are agreeing with our Term & Conditions\" link=\"/\" text_link=\"Term & Conditions\" image=\"general/img-newsletter.png\" mini_image=\"general/chart.png\"][/newsletter]\n','published','2025-05-03 11:19:46','2025-05-03 11:19:46');

--
-- Table structure for table `careers_translations`
--

CREATE TABLE `careers_translations` (
  `lang_code` varchar(191) COLLATE utf8mb4_unicode_ci NOT NULL,
  `careers_id` bigint unsigned NOT NULL,
  `name` varchar(255) COLLATE utf8mb4_unicode_ci DEFAULT NULL,
  `location` varchar(255) COLLATE utf8mb4_unicode_ci DEFAULT NULL,
  `salary` varchar(255) COLLATE utf8mb4_unicode_ci DEFAULT NULL,
  `description` longtext COLLATE utf8mb4_unicode_ci,
  `content` longtext COLLATE utf8mb4_unicode_ci,
  PRIMARY KEY (`lang_code`,`careers_id`)
) ENGINE=InnoDB DEFAULT CHARSET=utf8mb4 COLLATE=utf8mb4_unicode_ci;

--
-- Dumping data for table `careers_translations`
--


--
-- Table structure for table `categories`
--

CREATE TABLE `categories` (
  `id` bigint unsigned NOT NULL AUTO_INCREMENT,
  `name` varchar(120) COLLATE utf8mb4_unicode_ci NOT NULL,
  `parent_id` bigint unsigned NOT NULL DEFAULT '0',
  `description` varchar(400) COLLATE utf8mb4_unicode_ci DEFAULT NULL,
  `status` varchar(60) COLLATE utf8mb4_unicode_ci NOT NULL DEFAULT 'published',
  `author_id` bigint unsigned DEFAULT NULL,
  `author_type` varchar(191) COLLATE utf8mb4_unicode_ci NOT NULL DEFAULT 'Botble\\ACL\\Models\\User',
  `icon` varchar(60) COLLATE utf8mb4_unicode_ci DEFAULT NULL,
  `order` int unsigned NOT NULL DEFAULT '0',
  `is_featured` tinyint NOT NULL DEFAULT '0',
  `is_default` tinyint unsigned NOT NULL DEFAULT '0',
  `created_at` timestamp NULL DEFAULT NULL,
  `updated_at` timestamp NULL DEFAULT NULL,
  PRIMARY KEY (`id`),
  KEY `categories_parent_id_index` (`parent_id`),
  KEY `categories_status_index` (`status`),
  KEY `categories_created_at_index` (`created_at`)
) ENGINE=InnoDB AUTO_INCREMENT=8 DEFAULT CHARSET=utf8mb4 COLLATE=utf8mb4_unicode_ci;

--
-- Dumping data for table `categories`
--

INSERT INTO `categories` VALUES (1,'Design',0,'Et magni et ab deserunt error quaerat vitae tempora. Quibusdam dolorum voluptatem qui animi. Et provident inventore dolorem magni recusandae. Distinctio sequi temporibus et quae rerum repellat.','published',1,'Botble\\ACL\\Models\\User',NULL,0,0,1,'2025-05-03 11:18:34','2025-05-03 11:18:34'),(2,'Lifestyle',0,'Odio omnis aut minus nobis suscipit occaecati qui. Qui sint omnis nihil repudiandae magnam est. Nisi laborum et soluta quo ut blanditiis sequi.','published',1,'Botble\\ACL\\Models\\User',NULL,0,1,0,'2025-05-03 11:18:34','2025-05-03 11:18:34'),(3,'Travel Tips',2,'Qui nihil suscipit earum hic iste. Hic cupiditate quia cum tempore. Voluptate non et error. Dolore corrupti minus qui tempore.','published',1,'Botble\\ACL\\Models\\User',NULL,0,0,0,'2025-05-03 11:18:34','2025-05-03 11:18:34'),(4,'Healthy',0,'Unde enim sint sed. Aut enim et cumque eos animi. Enim quae ratione ducimus ab est.','published',1,'Botble\\ACL\\Models\\User',NULL,0,1,0,'2025-05-03 11:18:34','2025-05-03 11:18:34'),(5,'Travel Tips',4,'Hic non consequatur nesciunt et architecto totam et. Saepe sed aut sunt expedita alias. Quam iure laboriosam sed mollitia aspernatur earum aut recusandae.','published',1,'Botble\\ACL\\Models\\User',NULL,0,0,0,'2025-05-03 11:18:34','2025-05-03 11:18:34'),(6,'Hotel',0,'Voluptatem ipsum consequatur et. Ipsum doloremque eligendi aut. Veritatis et ex voluptatem vel deleniti et sit. Quo non molestiae eveniet ut et et quia architecto.','published',1,'Botble\\ACL\\Models\\User',NULL,0,1,0,'2025-05-03 11:18:34','2025-05-03 11:18:34'),(7,'Nature',6,'Vel eum nostrum soluta eligendi saepe dolorem. Alias qui fugit officia omnis. Suscipit modi illum ut aut. Aut debitis repudiandae nemo maxime rem tempora non.','published',1,'Botble\\ACL\\Models\\User',NULL,0,0,0,'2025-05-03 11:18:34','2025-05-03 11:18:34');

--
-- Table structure for table `categories_translations`
--

CREATE TABLE `categories_translations` (
  `lang_code` varchar(20) COLLATE utf8mb4_unicode_ci NOT NULL,
  `categories_id` bigint unsigned NOT NULL,
  `name` varchar(191) COLLATE utf8mb4_unicode_ci DEFAULT NULL,
  `description` varchar(400) COLLATE utf8mb4_unicode_ci DEFAULT NULL,
  PRIMARY KEY (`lang_code`,`categories_id`)
) ENGINE=InnoDB DEFAULT CHARSET=utf8mb4 COLLATE=utf8mb4_unicode_ci;

--
-- Dumping data for table `categories_translations`
--


--
-- Table structure for table `cities`
--

CREATE TABLE `cities` (
  `id` bigint unsigned NOT NULL AUTO_INCREMENT,
  `name` varchar(120) COLLATE utf8mb4_unicode_ci NOT NULL,
  `slug` varchar(120) COLLATE utf8mb4_unicode_ci DEFAULT NULL,
  `state_id` bigint unsigned DEFAULT NULL,
  `country_id` bigint unsigned DEFAULT NULL,
  `record_id` varchar(40) COLLATE utf8mb4_unicode_ci DEFAULT NULL,
  `order` tinyint NOT NULL DEFAULT '0',
  `image` varchar(191) COLLATE utf8mb4_unicode_ci DEFAULT NULL,
  `is_default` tinyint unsigned NOT NULL DEFAULT '0',
  `status` varchar(60) COLLATE utf8mb4_unicode_ci NOT NULL DEFAULT 'published',
  `created_at` timestamp NULL DEFAULT NULL,
  `updated_at` timestamp NULL DEFAULT NULL,
  `zip_code` varchar(20) COLLATE utf8mb4_unicode_ci DEFAULT NULL,
  PRIMARY KEY (`id`),
  UNIQUE KEY `cities_slug_unique` (`slug`)
) ENGINE=InnoDB DEFAULT CHARSET=utf8mb4 COLLATE=utf8mb4_unicode_ci;

--
-- Dumping data for table `cities`
--


--
-- Table structure for table `cities_translations`
--

CREATE TABLE `cities_translations` (
  `lang_code` varchar(20) COLLATE utf8mb4_unicode_ci NOT NULL,
  `cities_id` bigint unsigned NOT NULL,
  `name` varchar(120) COLLATE utf8mb4_unicode_ci DEFAULT NULL,
  `slug` varchar(120) COLLATE utf8mb4_unicode_ci DEFAULT NULL,
  PRIMARY KEY (`lang_code`,`cities_id`)
) ENGINE=InnoDB DEFAULT CHARSET=utf8mb4 COLLATE=utf8mb4_unicode_ci;

--
-- Dumping data for table `cities_translations`
--


--
-- Table structure for table `contact_custom_field_options`
--

CREATE TABLE `contact_custom_field_options` (
  `id` bigint unsigned NOT NULL AUTO_INCREMENT,
  `custom_field_id` bigint unsigned NOT NULL,
  `label` varchar(191) COLLATE utf8mb4_unicode_ci DEFAULT NULL,
  `value` varchar(191) COLLATE utf8mb4_unicode_ci NOT NULL,
  `order` int NOT NULL DEFAULT '999',
  `created_at` timestamp NULL DEFAULT NULL,
  `updated_at` timestamp NULL DEFAULT NULL,
  PRIMARY KEY (`id`)
) ENGINE=InnoDB DEFAULT CHARSET=utf8mb4 COLLATE=utf8mb4_unicode_ci;

--
-- Dumping data for table `contact_custom_field_options`
--


--
-- Table structure for table `contact_custom_field_options_translations`
--

CREATE TABLE `contact_custom_field_options_translations` (
  `contact_custom_field_options_id` bigint unsigned NOT NULL,
  `lang_code` varchar(191) COLLATE utf8mb4_unicode_ci NOT NULL,
  `label` varchar(191) COLLATE utf8mb4_unicode_ci DEFAULT NULL,
  `value` varchar(191) COLLATE utf8mb4_unicode_ci DEFAULT NULL,
  PRIMARY KEY (`lang_code`,`contact_custom_field_options_id`)
) ENGINE=InnoDB DEFAULT CHARSET=utf8mb4 COLLATE=utf8mb4_unicode_ci;

--
-- Dumping data for table `contact_custom_field_options_translations`
--


--
-- Table structure for table `contact_custom_fields`
--

CREATE TABLE `contact_custom_fields` (
  `id` bigint unsigned NOT NULL AUTO_INCREMENT,
  `type` varchar(191) COLLATE utf8mb4_unicode_ci NOT NULL,
  `required` tinyint(1) NOT NULL DEFAULT '0',
  `name` varchar(191) COLLATE utf8mb4_unicode_ci NOT NULL,
  `placeholder` varchar(191) COLLATE utf8mb4_unicode_ci DEFAULT NULL,
  `order` int NOT NULL DEFAULT '999',
  `status` varchar(191) COLLATE utf8mb4_unicode_ci NOT NULL DEFAULT 'published',
  `created_at` timestamp NULL DEFAULT NULL,
  `updated_at` timestamp NULL DEFAULT NULL,
  PRIMARY KEY (`id`)
) ENGINE=InnoDB DEFAULT CHARSET=utf8mb4 COLLATE=utf8mb4_unicode_ci;

--
-- Dumping data for table `contact_custom_fields`
--


--
-- Table structure for table `contact_custom_fields_translations`
--

CREATE TABLE `contact_custom_fields_translations` (
  `contact_custom_fields_id` bigint unsigned NOT NULL,
  `lang_code` varchar(191) COLLATE utf8mb4_unicode_ci NOT NULL,
  `name` varchar(191) COLLATE utf8mb4_unicode_ci DEFAULT NULL,
  `placeholder` varchar(191) COLLATE utf8mb4_unicode_ci DEFAULT NULL,
  PRIMARY KEY (`lang_code`,`contact_custom_fields_id`)
) ENGINE=InnoDB DEFAULT CHARSET=utf8mb4 COLLATE=utf8mb4_unicode_ci;

--
-- Dumping data for table `contact_custom_fields_translations`
--


--
-- Table structure for table `contact_replies`
--

CREATE TABLE `contact_replies` (
  `id` bigint unsigned NOT NULL AUTO_INCREMENT,
  `message` longtext COLLATE utf8mb4_unicode_ci NOT NULL,
  `contact_id` bigint unsigned NOT NULL,
  `created_at` timestamp NULL DEFAULT NULL,
  `updated_at` timestamp NULL DEFAULT NULL,
  PRIMARY KEY (`id`)
) ENGINE=InnoDB DEFAULT CHARSET=utf8mb4 COLLATE=utf8mb4_unicode_ci;

--
-- Dumping data for table `contact_replies`
--


--
-- Table structure for table `contacts`
--

CREATE TABLE `contacts` (
  `id` bigint unsigned NOT NULL AUTO_INCREMENT,
  `name` varchar(60) COLLATE utf8mb4_unicode_ci NOT NULL,
  `email` varchar(60) COLLATE utf8mb4_unicode_ci DEFAULT NULL,
  `phone` varchar(60) COLLATE utf8mb4_unicode_ci DEFAULT NULL,
  `address` varchar(120) COLLATE utf8mb4_unicode_ci DEFAULT NULL,
  `subject` varchar(120) COLLATE utf8mb4_unicode_ci DEFAULT NULL,
  `content` longtext COLLATE utf8mb4_unicode_ci NOT NULL,
  `custom_fields` text COLLATE utf8mb4_unicode_ci,
  `status` varchar(60) COLLATE utf8mb4_unicode_ci NOT NULL DEFAULT 'unread',
  `created_at` timestamp NULL DEFAULT NULL,
  `updated_at` timestamp NULL DEFAULT NULL,
  PRIMARY KEY (`id`)
) ENGINE=InnoDB AUTO_INCREMENT=11 DEFAULT CHARSET=utf8mb4 COLLATE=utf8mb4_unicode_ci;

--
-- Dumping data for table `contacts`
--

INSERT INTO `contacts` VALUES (1,'Milan Schiller','lebsack.mario@example.net','+1 (541) 991-0670','549 Tobin Circle Apt. 843\nLake Leannabury, DC 89729','Aut quae rem nulla dolorum.','Dolore ut dolor dolor blanditiis. Sequi laudantium impedit minima quis rerum possimus facilis blanditiis. Facilis nemo esse esse ipsum. A dolor quod similique. Aut ad officia laudantium aut placeat ipsum. Dolores pariatur harum asperiores officiis non. Vero ut consequatur quo dolorem fugiat dignissimos. Quos aspernatur sit provident velit sapiente sequi. Adipisci expedita et laboriosam sed atque.',NULL,'unread','2025-05-03 11:18:35','2025-05-03 11:18:35'),(2,'Chase Cronin','teagan26@example.org','(773) 215-4342','32043 Hill Wall\nNorth Lorenbury, IA 77951','Atque minus qui nostrum ut explicabo maiores.','Veritatis ex deleniti nihil tempora ipsa quas asperiores. Quos nulla maxime ipsa perferendis et reiciendis. Et porro ut commodi. Blanditiis laboriosam dolorem hic rerum et. Repudiandae repellat amet eius aut et quaerat officia. Ut eaque eos molestiae asperiores inventore debitis. Aut ea et ut consequuntur et. Minus praesentium qui amet laborum quia rerum eum. Pariatur dolores porro maxime consequatur fugit.',NULL,'unread','2025-05-03 11:18:35','2025-05-03 11:18:35'),(3,'Katelyn Veum','conrad70@example.org','(260) 679-6598','85193 Mraz Forks Suite 817\nWest Tyreekburgh, NV 17922','Qui beatae eligendi nemo enim.','Molestiae perspiciatis veritatis facilis inventore. Dolorem animi adipisci ut reprehenderit. Velit eum voluptatibus et non ratione quia. Saepe cum delectus autem molestiae. Aut ad harum est adipisci nihil rerum nisi. Quas fuga quis alias et. Impedit voluptate voluptatem corporis doloremque nam. Ullam numquam itaque deleniti quidem sed repellat et. Ex rerum magni saepe in qui reprehenderit natus aut. Necessitatibus possimus facilis est. Numquam quo ut voluptas eius in.',NULL,'read','2025-05-03 11:18:35','2025-05-03 11:18:35'),(4,'Landen Swift V','rippin.vesta@example.org','+1.936.826.3473','929 Wuckert Village\nBartonside, OR 16496-5005','Ab vero ad et ut perspiciatis harum ab.','Ab nihil ducimus necessitatibus consequatur. Ipsum maxime hic vero magnam quisquam. Maiores nobis consectetur vero ea facere. Qui et optio maiores quidem vitae est. Quidem tempore nam non perferendis architecto non aut omnis. Et distinctio repellendus neque minus ut fugit. Non rem quas architecto quod distinctio. Omnis expedita id quis. Quae earum ut soluta sint recusandae. Est unde quo voluptatem officiis quam.',NULL,'unread','2025-05-03 11:18:35','2025-05-03 11:18:35'),(5,'Janice Rice','antwan.weber@example.com','283-887-6778','2126 Magnus Freeway Apt. 706\nSouth Mohammadbury, VT 96140-5944','Est totam velit perspiciatis voluptas id.','Expedita maiores porro beatae impedit aut et aut. Cumque amet soluta quas. Accusantium magni qui magnam voluptatum. Earum culpa ut quod cumque dolores corporis harum. Et culpa quisquam quasi non unde praesentium consequatur. Qui autem magni et dolorum reiciendis. Dignissimos omnis nihil ratione est voluptatibus. Ut et officia doloremque incidunt. Nulla quo molestiae optio ut aliquid vel et. Ex eligendi reprehenderit aut. Voluptatem architecto iusto amet ab nisi facilis.',NULL,'read','2025-05-03 11:18:35','2025-05-03 11:18:35'),(6,'Moises Reilly','marlene31@example.com','+1.430.304.7486','911 Kreiger Gateway Suite 906\nKrajcikview, OK 69404','Ipsum autem rerum non id.','Corrupti placeat libero harum. Vitae eaque veniam sapiente et rem. Illum nulla nesciunt occaecati sit. Dolores at quod facere hic. Recusandae labore tempora vero fugit qui eveniet. Ea omnis atque sit ea. Repellat est consectetur sint. Sint natus et nihil hic. Placeat eum minima sunt repudiandae. Doloremque perferendis sunt omnis suscipit quia sint. Qui at libero eos blanditiis impedit deleniti. Est ut sit voluptates. Ut corrupti deleniti deserunt quod sed soluta.',NULL,'unread','2025-05-03 11:18:35','2025-05-03 11:18:35'),(7,'Lora Connelly','kendall83@example.net','1-458-820-0590','2920 Thompson Haven Suite 044\nLake Jaydonville, MO 48461-1602','Sit quas nihil vel voluptatem dolorem.','Aut beatae quo quae. Sit quia provident labore. Assumenda aut autem repellat ducimus. Molestiae vel ea cum voluptatem facere nam. Sequi quo quas rem eum esse quae. Distinctio nam explicabo rem qui ipsam. Sed ad nostrum nihil. Molestiae id quis aut fugit possimus. Delectus eligendi corporis eius ipsam neque. Iusto iure recusandae non similique. In ut corporis aliquam sunt ea reprehenderit molestiae.',NULL,'read','2025-05-03 11:18:35','2025-05-03 11:18:35'),(8,'Tony Kling','alaina57@example.org','1-507-855-0169','59475 Hauck Glen Suite 486\nSouth Hertatown, MD 62660-2430','Est iusto et aut optio.','Dignissimos id illo assumenda autem. Inventore animi dolorem in molestiae. Aut amet tempora eveniet voluptatem nostrum molestiae. Et occaecati ut aspernatur sit quas. Placeat ipsam quia deleniti non eos iure deleniti. Dolores harum in rerum quos assumenda ut. Debitis praesentium dolor dignissimos. Excepturi nam architecto distinctio quia earum quibusdam est. Ut aspernatur quae rerum. Impedit perspiciatis nam laborum numquam distinctio aliquid. Neque amet illo est est.',NULL,'unread','2025-05-03 11:18:35','2025-05-03 11:18:35'),(9,'Georgette Orn','leffler.aiyana@example.com','(404) 495-3923','145 Fay Ville Apt. 080\nLitteltown, OR 73037-8021','Ea sint voluptas alias quia.','Aut non excepturi odio nisi et neque. Eligendi et quo quo libero deleniti aperiam aut. Voluptatum autem culpa quis. Et perspiciatis fugit est dolore aut aut. Omnis aliquam non earum ut quia. Sunt eaque earum doloremque molestiae mollitia id. Quaerat eligendi quasi recusandae earum dolores ut. Commodi dolore tempore numquam repudiandae ad tempore velit quis. Est omnis dolores similique accusantium saepe libero.',NULL,'read','2025-05-03 11:18:35','2025-05-03 11:18:35'),(10,'Leilani Herman Sr.','yprice@example.net','(689) 400-8538','492 Florian Gardens\nHarrischester, IA 76142','Ad omnis dolorem magni esse libero qui.','Autem qui quia et. Dignissimos et tempore voluptatem quisquam vel molestias velit et. Omnis perferendis culpa quam est. Alias recusandae ea cupiditate et sunt. Qui mollitia consectetur cumque nam sint rerum. Accusantium qui et vero suscipit corrupti delectus laudantium. Iusto nihil ipsam provident sed aperiam.',NULL,'read','2025-05-03 11:18:35','2025-05-03 11:18:35');

--
-- Table structure for table `countries`
--

CREATE TABLE `countries` (
  `id` bigint unsigned NOT NULL AUTO_INCREMENT,
  `name` varchar(120) COLLATE utf8mb4_unicode_ci NOT NULL,
  `nationality` varchar(120) COLLATE utf8mb4_unicode_ci DEFAULT NULL,
  `order` tinyint NOT NULL DEFAULT '0',
  `image` varchar(191) COLLATE utf8mb4_unicode_ci DEFAULT NULL,
  `is_default` tinyint unsigned NOT NULL DEFAULT '0',
  `status` varchar(60) COLLATE utf8mb4_unicode_ci NOT NULL DEFAULT 'published',
  `created_at` timestamp NULL DEFAULT NULL,
  `updated_at` timestamp NULL DEFAULT NULL,
  `code` varchar(10) COLLATE utf8mb4_unicode_ci DEFAULT NULL,
  PRIMARY KEY (`id`)
) ENGINE=InnoDB DEFAULT CHARSET=utf8mb4 COLLATE=utf8mb4_unicode_ci;

--
-- Dumping data for table `countries`
--


--
-- Table structure for table `countries_translations`
--

CREATE TABLE `countries_translations` (
  `lang_code` varchar(20) COLLATE utf8mb4_unicode_ci NOT NULL,
  `countries_id` bigint unsigned NOT NULL,
  `name` varchar(120) COLLATE utf8mb4_unicode_ci DEFAULT NULL,
  `nationality` varchar(120) COLLATE utf8mb4_unicode_ci DEFAULT NULL,
  PRIMARY KEY (`lang_code`,`countries_id`)
) ENGINE=InnoDB DEFAULT CHARSET=utf8mb4 COLLATE=utf8mb4_unicode_ci;

--
-- Dumping data for table `countries_translations`
--


--
-- Table structure for table `dashboard_widget_settings`
--

CREATE TABLE `dashboard_widget_settings` (
  `id` bigint unsigned NOT NULL AUTO_INCREMENT,
  `settings` text COLLATE utf8mb4_unicode_ci,
  `user_id` bigint unsigned NOT NULL,
  `widget_id` bigint unsigned NOT NULL,
  `order` tinyint unsigned NOT NULL DEFAULT '0',
  `status` tinyint unsigned NOT NULL DEFAULT '1',
  `created_at` timestamp NULL DEFAULT NULL,
  `updated_at` timestamp NULL DEFAULT NULL,
  PRIMARY KEY (`id`),
  KEY `dashboard_widget_settings_user_id_index` (`user_id`),
  KEY `dashboard_widget_settings_widget_id_index` (`widget_id`)
) ENGINE=InnoDB DEFAULT CHARSET=utf8mb4 COLLATE=utf8mb4_unicode_ci;

--
-- Dumping data for table `dashboard_widget_settings`
--


--
-- Table structure for table `dashboard_widgets`
--

CREATE TABLE `dashboard_widgets` (
  `id` bigint unsigned NOT NULL AUTO_INCREMENT,
  `name` varchar(120) COLLATE utf8mb4_unicode_ci NOT NULL,
  `created_at` timestamp NULL DEFAULT NULL,
  `updated_at` timestamp NULL DEFAULT NULL,
  PRIMARY KEY (`id`)
) ENGINE=InnoDB DEFAULT CHARSET=utf8mb4 COLLATE=utf8mb4_unicode_ci;

--
-- Dumping data for table `dashboard_widgets`
--


--
-- Table structure for table `ec_brands`
--

CREATE TABLE `ec_brands` (
  `id` bigint unsigned NOT NULL AUTO_INCREMENT,
  `name` varchar(191) COLLATE utf8mb4_unicode_ci NOT NULL,
  `description` mediumtext COLLATE utf8mb4_unicode_ci,
  `website` varchar(191) COLLATE utf8mb4_unicode_ci DEFAULT NULL,
  `logo` varchar(191) COLLATE utf8mb4_unicode_ci DEFAULT NULL,
  `status` varchar(60) COLLATE utf8mb4_unicode_ci NOT NULL DEFAULT 'published',
  `order` tinyint unsigned NOT NULL DEFAULT '0',
  `is_featured` tinyint unsigned NOT NULL DEFAULT '0',
  `created_at` timestamp NULL DEFAULT NULL,
  `updated_at` timestamp NULL DEFAULT NULL,
  PRIMARY KEY (`id`)
) ENGINE=InnoDB AUTO_INCREMENT=6 DEFAULT CHARSET=utf8mb4 COLLATE=utf8mb4_unicode_ci;

--
-- Dumping data for table `ec_brands`
--

INSERT INTO `ec_brands` VALUES (1,'Apply','',NULL,'brands/1.png','published',0,1,'2025-05-03 11:18:36','2025-05-03 11:18:36'),(2,'Asus','',NULL,'brands/2.png','published',1,1,'2025-05-03 11:18:36','2025-05-03 11:18:36'),(3,'Samsung','',NULL,'brands/3.png','published',2,1,'2025-05-03 11:18:36','2025-05-03 11:18:36'),(4,'Sony','',NULL,'brands/4.png','published',3,1,'2025-05-03 11:18:36','2025-05-03 11:18:36'),(5,'Toshiba','',NULL,'brands/5.png','published',4,1,'2025-05-03 11:18:36','2025-05-03 11:18:36');

--
-- Table structure for table `ec_brands_translations`
--

CREATE TABLE `ec_brands_translations` (
  `lang_code` varchar(191) COLLATE utf8mb4_unicode_ci NOT NULL,
  `ec_brands_id` bigint unsigned NOT NULL,
  `name` varchar(191) COLLATE utf8mb4_unicode_ci DEFAULT NULL,
  `description` mediumtext COLLATE utf8mb4_unicode_ci,
  PRIMARY KEY (`lang_code`,`ec_brands_id`)
) ENGINE=InnoDB DEFAULT CHARSET=utf8mb4 COLLATE=utf8mb4_unicode_ci;

--
-- Dumping data for table `ec_brands_translations`
--


--
-- Table structure for table `ec_cart`
--

CREATE TABLE `ec_cart` (
  `identifier` varchar(60) COLLATE utf8mb4_unicode_ci NOT NULL,
  `instance` varchar(60) COLLATE utf8mb4_unicode_ci NOT NULL,
  `content` longtext COLLATE utf8mb4_unicode_ci NOT NULL,
  `created_at` timestamp NULL DEFAULT NULL,
  `updated_at` timestamp NULL DEFAULT NULL,
  PRIMARY KEY (`identifier`,`instance`)
) ENGINE=InnoDB DEFAULT CHARSET=utf8mb4 COLLATE=utf8mb4_unicode_ci;

--
-- Dumping data for table `ec_cart`
--


--
-- Table structure for table `ec_currencies`
--

CREATE TABLE `ec_currencies` (
  `id` bigint unsigned NOT NULL AUTO_INCREMENT,
  `title` varchar(191) COLLATE utf8mb4_unicode_ci NOT NULL,
  `symbol` varchar(10) COLLATE utf8mb4_unicode_ci NOT NULL,
  `is_prefix_symbol` tinyint unsigned NOT NULL DEFAULT '0',
  `decimals` tinyint unsigned DEFAULT '0',
  `order` int unsigned DEFAULT '0',
  `is_default` tinyint NOT NULL DEFAULT '0',
  `exchange_rate` double NOT NULL DEFAULT '1',
  `created_at` timestamp NULL DEFAULT NULL,
  `updated_at` timestamp NULL DEFAULT NULL,
  PRIMARY KEY (`id`)
) ENGINE=InnoDB AUTO_INCREMENT=5 DEFAULT CHARSET=utf8mb4 COLLATE=utf8mb4_unicode_ci;

--
-- Dumping data for table `ec_currencies`
--

INSERT INTO `ec_currencies` VALUES (1,'USD','$',1,2,0,1,1,'2025-05-03 11:18:37','2025-05-03 11:18:37'),(2,'EUR','€',0,2,1,0,0.84,'2025-05-03 11:18:37','2025-05-03 11:18:37'),(3,'VND','₫',0,0,2,0,23203,'2025-05-03 11:18:37','2025-05-03 11:18:37'),(4,'NGN','₦',1,2,2,0,895.52,'2025-05-03 11:18:37','2025-05-03 11:18:37');

--
-- Table structure for table `ec_customer_addresses`
--

CREATE TABLE `ec_customer_addresses` (
  `id` bigint unsigned NOT NULL AUTO_INCREMENT,
  `name` varchar(191) COLLATE utf8mb4_unicode_ci NOT NULL,
  `email` varchar(60) COLLATE utf8mb4_unicode_ci DEFAULT NULL,
  `phone` varchar(20) COLLATE utf8mb4_unicode_ci DEFAULT NULL,
  `country` varchar(120) COLLATE utf8mb4_unicode_ci DEFAULT NULL,
  `state` varchar(120) COLLATE utf8mb4_unicode_ci DEFAULT NULL,
  `city` varchar(120) COLLATE utf8mb4_unicode_ci DEFAULT NULL,
  `address` varchar(191) COLLATE utf8mb4_unicode_ci DEFAULT NULL,
  `customer_id` bigint unsigned NOT NULL,
  `is_default` tinyint unsigned NOT NULL DEFAULT '0',
  `created_at` timestamp NULL DEFAULT NULL,
  `updated_at` timestamp NULL DEFAULT NULL,
  `zip_code` varchar(20) COLLATE utf8mb4_unicode_ci DEFAULT NULL,
  PRIMARY KEY (`id`)
) ENGINE=InnoDB AUTO_INCREMENT=11 DEFAULT CHARSET=utf8mb4 COLLATE=utf8mb4_unicode_ci;

--
-- Dumping data for table `ec_customer_addresses`
--

INSERT INTO `ec_customer_addresses` VALUES (1,'Friedrich Kirlin','customer@archielite.com','+15208784875','SS','Rhode Island','Beermouth','535 Beier Corner',1,1,'2025-05-03 11:19:21','2025-05-03 11:19:21','20913-4969'),(2,'Friedrich Kirlin','customer@archielite.com','+18206338726','DZ','New Jersey','Henrimouth','26783 Abbott Club Apt. 895',1,0,'2025-05-03 11:19:21','2025-05-03 11:19:21','33459-2533'),(3,'Lyda White','bethany.kuhlman@example.net','+14804870878','SV','California','South Percival','145 Corwin Common',2,1,'2025-05-03 11:19:21','2025-05-03 11:19:21','34708'),(4,'Thaddeus Thiel','gyost@example.com','+18388693657','AE','Colorado','Lake Marion','421 Reichert Inlet Suite 234',3,1,'2025-05-03 11:19:21','2025-05-03 11:19:21','93910'),(5,'Samara Larkin PhD','wade11@example.com','+14635612998','GL','West Virginia','Port Gregoriaville','493 Nathan Garden Apt. 911',4,1,'2025-05-03 11:19:21','2025-05-03 11:19:21','34023-7290'),(6,'Waino Nolan DDS','turcotte.irwin@example.net','+19316189808','RW','Florida','Lake Dannieton','7875 Medhurst Greens Apt. 661',5,1,'2025-05-03 11:19:22','2025-05-03 11:19:22','53310'),(7,'Alta Bradtke DDS','jkozey@example.com','+16697121940','US','New Mexico','Lake Newellmouth','9005 Golden Islands',6,1,'2025-05-03 11:19:22','2025-05-03 11:19:22','40267'),(8,'Sophia Schulist','yasmeen.brakus@example.net','+18543182757','HT','Connecticut','Swaniawskichester','28010 Jarrod Ville',7,1,'2025-05-03 11:19:22','2025-05-03 11:19:22','68931'),(9,'Misty Medhurst','giuseppe.dicki@example.com','+13017463171','AT','Hawaii','Caylashire','85063 Reece View Apt. 401',8,1,'2025-05-03 11:19:22','2025-05-03 11:19:22','71473-7684'),(10,'Ms. Delia Rempel Jr.','dooley.janis@example.com','+19596327048','IO','Idaho','Gusikowskistad','82115 Anastacio Greens Suite 590',9,1,'2025-05-03 11:19:22','2025-05-03 11:19:22','14606');

--
-- Table structure for table `ec_customer_password_resets`
--

CREATE TABLE `ec_customer_password_resets` (
  `email` varchar(191) COLLATE utf8mb4_unicode_ci NOT NULL,
  `token` varchar(191) COLLATE utf8mb4_unicode_ci NOT NULL,
  `created_at` timestamp NULL DEFAULT NULL,
  KEY `ec_customer_password_resets_email_index` (`email`),
  KEY `ec_customer_password_resets_token_index` (`token`)
) ENGINE=InnoDB DEFAULT CHARSET=utf8mb4 COLLATE=utf8mb4_unicode_ci;

--
-- Dumping data for table `ec_customer_password_resets`
--


--
-- Table structure for table `ec_customer_recently_viewed_products`
--

CREATE TABLE `ec_customer_recently_viewed_products` (
  `id` bigint unsigned NOT NULL AUTO_INCREMENT,
  `customer_id` bigint unsigned NOT NULL,
  `product_id` bigint unsigned NOT NULL,
  PRIMARY KEY (`id`)
) ENGINE=InnoDB DEFAULT CHARSET=utf8mb4 COLLATE=utf8mb4_unicode_ci;

--
-- Dumping data for table `ec_customer_recently_viewed_products`
--


--
-- Table structure for table `ec_customer_used_coupons`
--

CREATE TABLE `ec_customer_used_coupons` (
  `discount_id` bigint unsigned NOT NULL,
  `customer_id` bigint unsigned NOT NULL,
  PRIMARY KEY (`discount_id`,`customer_id`)
) ENGINE=InnoDB DEFAULT CHARSET=utf8mb4 COLLATE=utf8mb4_unicode_ci;

--
-- Dumping data for table `ec_customer_used_coupons`
--


--
-- Table structure for table `ec_customers`
--

CREATE TABLE `ec_customers` (
  `id` bigint unsigned NOT NULL AUTO_INCREMENT,
  `name` varchar(191) COLLATE utf8mb4_unicode_ci NOT NULL,
  `email` varchar(191) COLLATE utf8mb4_unicode_ci DEFAULT NULL,
  `password` varchar(191) COLLATE utf8mb4_unicode_ci NOT NULL,
  `avatar` varchar(191) COLLATE utf8mb4_unicode_ci DEFAULT NULL,
  `dob` date DEFAULT NULL,
  `phone` varchar(20) COLLATE utf8mb4_unicode_ci DEFAULT NULL,
  `remember_token` varchar(100) COLLATE utf8mb4_unicode_ci DEFAULT NULL,
  `created_at` timestamp NULL DEFAULT NULL,
  `updated_at` timestamp NULL DEFAULT NULL,
  `confirmed_at` datetime DEFAULT NULL,
  `email_verify_token` varchar(120) COLLATE utf8mb4_unicode_ci DEFAULT NULL,
  `status` varchar(60) COLLATE utf8mb4_unicode_ci NOT NULL DEFAULT 'activated',
  `private_notes` text COLLATE utf8mb4_unicode_ci,
  PRIMARY KEY (`id`),
  UNIQUE KEY `ec_customers_email_unique` (`email`)
) ENGINE=InnoDB AUTO_INCREMENT=10 DEFAULT CHARSET=utf8mb4 COLLATE=utf8mb4_unicode_ci;

--
-- Dumping data for table `ec_customers`
--

INSERT INTO `ec_customers` VALUES (1,'Friedrich Kirlin','customer@archielite.com','$2y$12$ejJNLlJYwLBl0mCICrm/sez.M8bv.RGW2mTJVFapC7wf07heImAXC','customers/9.jpg','1982-04-11','+12012726595',NULL,'2025-05-03 11:19:21','2025-05-03 11:19:21','2025-05-03 11:19:21',NULL,'activated',NULL),(2,'Lyda White','bethany.kuhlman@example.net','$2y$12$5CRVCC/Q1aWZScYCrFnw4.EHUY1miGKPuonMJ7UBpfHtxIT4aJFJ6','customers/1.jpg','2003-04-22','+18488878202',NULL,'2025-05-03 11:19:21','2025-05-03 11:19:21','2025-05-03 11:19:21',NULL,'activated',NULL),(3,'Thaddeus Thiel','gyost@example.com','$2y$12$FamEz8gRn3dWO2OQtxEyj.TKABmW8s/XhI2KFxSBYSZRCBz8wp69.','customers/2.jpg','1977-04-30','+17869157810',NULL,'2025-05-03 11:19:21','2025-05-03 11:19:21','2025-05-03 11:19:21',NULL,'activated',NULL),(4,'Samara Larkin PhD','wade11@example.com','$2y$12$uXWjwjE.xYLQnCze1Y8nbeRD8fltvvEE0qLN/9eWGbbq4SP6bTWwO','customers/3.jpg','1978-05-01','+13363063350',NULL,'2025-05-03 11:19:21','2025-05-03 11:19:21','2025-05-03 11:19:21',NULL,'activated',NULL),(5,'Waino Nolan DDS','turcotte.irwin@example.net','$2y$12$VJWwmSwHuc5SPBoVKLu09O1tnIIQ/7eY9.AtQUH5NB8TXTrfDWUIa','customers/4.jpg','1996-04-24','+13214390135',NULL,'2025-05-03 11:19:22','2025-05-03 11:19:22','2025-05-03 11:19:22',NULL,'activated',NULL),(6,'Alta Bradtke DDS','jkozey@example.com','$2y$12$W/eCBbQBvtlg7IKIkCICfOAwI81Xf42C3dsGH0tFk6gjkoK1x5G0m','customers/5.jpg','1980-04-25','+12172689567',NULL,'2025-05-03 11:19:22','2025-05-03 11:19:22','2025-05-03 11:19:22',NULL,'activated',NULL),(7,'Sophia Schulist','yasmeen.brakus@example.net','$2y$12$zczyOiqh2MK9tXMhrnXKsuSq3.QxWO4VSgnWbfw6F0BZUjRm9k6qO','customers/6.jpg','1982-04-11','+15399883869',NULL,'2025-05-03 11:19:22','2025-05-03 11:19:22','2025-05-03 11:19:22',NULL,'activated',NULL),(8,'Misty Medhurst','giuseppe.dicki@example.com','$2y$12$rRA2IgexcfTZbo27NMnuHejfmykK4bBuNLCZDT2dbc40S0GysvmyW','customers/7.jpg','1996-04-12','+15094327297',NULL,'2025-05-03 11:19:22','2025-05-03 11:19:22','2025-05-03 11:19:22',NULL,'activated',NULL),(9,'Ms. Delia Rempel Jr.','dooley.janis@example.com','$2y$12$vz2TKj1lhiXUr.uEZZST6O1DNhO3albjjdt7nvuvgQLXL5YuhPs1u','customers/8.jpg','1979-04-10','+13324840100',NULL,'2025-05-03 11:19:22','2025-05-03 11:19:22','2025-05-03 11:19:22',NULL,'activated',NULL);

--
-- Table structure for table `ec_discount_customers`
--

CREATE TABLE `ec_discount_customers` (
  `discount_id` bigint unsigned NOT NULL,
  `customer_id` bigint unsigned NOT NULL,
  PRIMARY KEY (`discount_id`,`customer_id`)
) ENGINE=InnoDB DEFAULT CHARSET=utf8mb4 COLLATE=utf8mb4_unicode_ci;

--
-- Dumping data for table `ec_discount_customers`
--


--
-- Table structure for table `ec_discount_product_categories`
--

CREATE TABLE `ec_discount_product_categories` (
  `discount_id` bigint unsigned NOT NULL,
  `product_category_id` bigint unsigned NOT NULL,
  PRIMARY KEY (`discount_id`,`product_category_id`)
) ENGINE=InnoDB DEFAULT CHARSET=utf8mb4 COLLATE=utf8mb4_unicode_ci;

--
-- Dumping data for table `ec_discount_product_categories`
--


--
-- Table structure for table `ec_discount_product_collections`
--

CREATE TABLE `ec_discount_product_collections` (
  `discount_id` bigint unsigned NOT NULL,
  `product_collection_id` bigint unsigned NOT NULL,
  PRIMARY KEY (`discount_id`,`product_collection_id`)
) ENGINE=InnoDB DEFAULT CHARSET=utf8mb4 COLLATE=utf8mb4_unicode_ci;

--
-- Dumping data for table `ec_discount_product_collections`
--


--
-- Table structure for table `ec_discount_products`
--

CREATE TABLE `ec_discount_products` (
  `discount_id` bigint unsigned NOT NULL,
  `product_id` bigint unsigned NOT NULL,
  PRIMARY KEY (`discount_id`,`product_id`)
) ENGINE=InnoDB DEFAULT CHARSET=utf8mb4 COLLATE=utf8mb4_unicode_ci;

--
-- Dumping data for table `ec_discount_products`
--


--
-- Table structure for table `ec_discounts`
--

CREATE TABLE `ec_discounts` (
  `id` bigint unsigned NOT NULL AUTO_INCREMENT,
  `title` varchar(120) COLLATE utf8mb4_unicode_ci DEFAULT NULL,
  `code` varchar(20) COLLATE utf8mb4_unicode_ci DEFAULT NULL,
  `start_date` datetime DEFAULT NULL,
  `end_date` datetime DEFAULT NULL,
  `quantity` int DEFAULT NULL,
  `total_used` int unsigned NOT NULL DEFAULT '0',
  `value` double DEFAULT NULL,
  `type` varchar(60) COLLATE utf8mb4_unicode_ci DEFAULT 'coupon',
  `can_use_with_promotion` tinyint(1) NOT NULL DEFAULT '0',
  `can_use_with_flash_sale` tinyint(1) NOT NULL DEFAULT '0',
  `discount_on` varchar(20) COLLATE utf8mb4_unicode_ci DEFAULT NULL,
  `product_quantity` int unsigned DEFAULT NULL,
  `type_option` varchar(100) COLLATE utf8mb4_unicode_ci NOT NULL DEFAULT 'amount',
  `target` varchar(100) COLLATE utf8mb4_unicode_ci NOT NULL DEFAULT 'all-orders',
  `min_order_price` decimal(15,2) DEFAULT NULL,
  `apply_via_url` tinyint(1) NOT NULL DEFAULT '0',
  `display_at_checkout` tinyint(1) NOT NULL DEFAULT '0',
  `created_at` timestamp NULL DEFAULT NULL,
  `updated_at` timestamp NULL DEFAULT NULL,
  `description` varchar(400) COLLATE utf8mb4_unicode_ci DEFAULT NULL,
  PRIMARY KEY (`id`),
  UNIQUE KEY `ec_discounts_code_unique` (`code`)
) ENGINE=InnoDB DEFAULT CHARSET=utf8mb4 COLLATE=utf8mb4_unicode_ci;

--
-- Dumping data for table `ec_discounts`
--


--
-- Table structure for table `ec_flash_sale_products`
--

CREATE TABLE `ec_flash_sale_products` (
  `flash_sale_id` bigint unsigned NOT NULL,
  `product_id` bigint unsigned NOT NULL,
  `price` double unsigned DEFAULT NULL,
  `quantity` int unsigned DEFAULT NULL,
  `sold` int unsigned NOT NULL DEFAULT '0'
) ENGINE=InnoDB DEFAULT CHARSET=utf8mb4 COLLATE=utf8mb4_unicode_ci;

--
-- Dumping data for table `ec_flash_sale_products`
--

INSERT INTO `ec_flash_sale_products` VALUES (1,1,50.5575,16,1),(1,2,19.035,12,2),(1,3,12,7,2),(1,4,126.945,16,3),(1,5,369.46,14,4),(1,6,268.47,15,1),(1,7,356.32,13,3),(1,8,757.7994,13,3),(1,9,428.12,20,1),(1,10,950.94,6,4);

--
-- Table structure for table `ec_flash_sales`
--

CREATE TABLE `ec_flash_sales` (
  `id` bigint unsigned NOT NULL AUTO_INCREMENT,
  `name` varchar(191) COLLATE utf8mb4_unicode_ci NOT NULL,
  `end_date` datetime NOT NULL,
  `status` varchar(60) COLLATE utf8mb4_unicode_ci NOT NULL DEFAULT 'published',
  `created_at` timestamp NULL DEFAULT NULL,
  `updated_at` timestamp NULL DEFAULT NULL,
  PRIMARY KEY (`id`)
) ENGINE=InnoDB AUTO_INCREMENT=2 DEFAULT CHARSET=utf8mb4 COLLATE=utf8mb4_unicode_ci;

--
-- Dumping data for table `ec_flash_sales`
--

INSERT INTO `ec_flash_sales` VALUES (1,'Winter Sale','2025-06-02 00:00:00','published','2025-05-03 11:19:25','2025-05-03 11:19:25');

--
-- Table structure for table `ec_flash_sales_translations`
--

CREATE TABLE `ec_flash_sales_translations` (
  `lang_code` varchar(191) COLLATE utf8mb4_unicode_ci NOT NULL,
  `ec_flash_sales_id` bigint unsigned NOT NULL,
  `name` varchar(191) COLLATE utf8mb4_unicode_ci DEFAULT NULL,
  PRIMARY KEY (`lang_code`,`ec_flash_sales_id`)
) ENGINE=InnoDB DEFAULT CHARSET=utf8mb4 COLLATE=utf8mb4_unicode_ci;

--
-- Dumping data for table `ec_flash_sales_translations`
--


--
-- Table structure for table `ec_global_option_value`
--

CREATE TABLE `ec_global_option_value` (
  `id` bigint unsigned NOT NULL AUTO_INCREMENT,
  `option_id` bigint unsigned NOT NULL COMMENT 'option id',
  `option_value` tinytext COLLATE utf8mb4_unicode_ci COMMENT 'option value',
  `affect_price` double DEFAULT NULL COMMENT 'value of price of this option affect',
  `order` int NOT NULL DEFAULT '9999',
  `affect_type` tinyint NOT NULL DEFAULT '0' COMMENT '0. fixed 1. percent',
  `created_at` timestamp NULL DEFAULT NULL,
  `updated_at` timestamp NULL DEFAULT NULL,
  PRIMARY KEY (`id`)
) ENGINE=InnoDB AUTO_INCREMENT=13 DEFAULT CHARSET=utf8mb4 COLLATE=utf8mb4_unicode_ci;

--
-- Dumping data for table `ec_global_option_value`
--

INSERT INTO `ec_global_option_value` VALUES (1,1,'1 Year',0,9999,0,'2025-05-03 11:19:26','2025-05-03 11:19:26'),(2,1,'2 Year',10,9999,0,'2025-05-03 11:19:26','2025-05-03 11:19:26'),(3,1,'3 Year',20,9999,0,'2025-05-03 11:19:26','2025-05-03 11:19:26'),(4,2,'4GB',0,9999,0,'2025-05-03 11:19:26','2025-05-03 11:19:26'),(5,2,'8GB',10,9999,0,'2025-05-03 11:19:26','2025-05-03 11:19:26'),(6,2,'16GB',20,9999,0,'2025-05-03 11:19:26','2025-05-03 11:19:26'),(7,3,'Core i5',0,9999,0,'2025-05-03 11:19:26','2025-05-03 11:19:26'),(8,3,'Core i7',10,9999,0,'2025-05-03 11:19:26','2025-05-03 11:19:26'),(9,3,'Core i9',20,9999,0,'2025-05-03 11:19:26','2025-05-03 11:19:26'),(10,4,'128GB',0,9999,0,'2025-05-03 11:19:26','2025-05-03 11:19:26'),(11,4,'256GB',10,9999,0,'2025-05-03 11:19:26','2025-05-03 11:19:26'),(12,4,'512GB',20,9999,0,'2025-05-03 11:19:26','2025-05-03 11:19:26');

--
-- Table structure for table `ec_global_option_value_translations`
--

CREATE TABLE `ec_global_option_value_translations` (
  `lang_code` varchar(191) COLLATE utf8mb4_unicode_ci NOT NULL,
  `ec_global_option_value_id` bigint unsigned NOT NULL,
  `option_value` varchar(191) COLLATE utf8mb4_unicode_ci DEFAULT NULL,
  PRIMARY KEY (`lang_code`,`ec_global_option_value_id`)
) ENGINE=InnoDB DEFAULT CHARSET=utf8mb4 COLLATE=utf8mb4_unicode_ci;

--
-- Dumping data for table `ec_global_option_value_translations`
--


--
-- Table structure for table `ec_global_options`
--

CREATE TABLE `ec_global_options` (
  `id` bigint unsigned NOT NULL AUTO_INCREMENT,
  `name` varchar(191) COLLATE utf8mb4_unicode_ci NOT NULL COMMENT 'Name of options',
  `option_type` varchar(191) COLLATE utf8mb4_unicode_ci NOT NULL COMMENT 'option type',
  `required` tinyint(1) NOT NULL DEFAULT '0' COMMENT 'Checked if this option is required',
  `created_at` timestamp NULL DEFAULT NULL,
  `updated_at` timestamp NULL DEFAULT NULL,
  PRIMARY KEY (`id`)
) ENGINE=InnoDB AUTO_INCREMENT=5 DEFAULT CHARSET=utf8mb4 COLLATE=utf8mb4_unicode_ci;

--
-- Dumping data for table `ec_global_options`
--

INSERT INTO `ec_global_options` VALUES (1,'Warranty','Botble\\Ecommerce\\Option\\OptionType\\RadioButton',1,'2025-05-03 11:19:26','2025-05-03 11:19:26'),(2,'RAM','Botble\\Ecommerce\\Option\\OptionType\\RadioButton',1,'2025-05-03 11:19:26','2025-05-03 11:19:26'),(3,'CPU','Botble\\Ecommerce\\Option\\OptionType\\RadioButton',1,'2025-05-03 11:19:26','2025-05-03 11:19:26'),(4,'HDD','Botble\\Ecommerce\\Option\\OptionType\\Dropdown',0,'2025-05-03 11:19:26','2025-05-03 11:19:26');

--
-- Table structure for table `ec_global_options_translations`
--

CREATE TABLE `ec_global_options_translations` (
  `lang_code` varchar(191) COLLATE utf8mb4_unicode_ci NOT NULL,
  `ec_global_options_id` bigint unsigned NOT NULL,
  `name` varchar(191) COLLATE utf8mb4_unicode_ci DEFAULT NULL,
  PRIMARY KEY (`lang_code`,`ec_global_options_id`)
) ENGINE=InnoDB DEFAULT CHARSET=utf8mb4 COLLATE=utf8mb4_unicode_ci;

--
-- Dumping data for table `ec_global_options_translations`
--


--
-- Table structure for table `ec_grouped_products`
--

CREATE TABLE `ec_grouped_products` (
  `id` bigint unsigned NOT NULL AUTO_INCREMENT,
  `parent_product_id` bigint unsigned NOT NULL,
  `product_id` bigint unsigned NOT NULL,
  `fixed_qty` int NOT NULL DEFAULT '1',
  PRIMARY KEY (`id`)
) ENGINE=InnoDB DEFAULT CHARSET=utf8mb4 COLLATE=utf8mb4_unicode_ci;

--
-- Dumping data for table `ec_grouped_products`
--


--
-- Table structure for table `ec_invoice_items`
--

CREATE TABLE `ec_invoice_items` (
  `id` bigint unsigned NOT NULL AUTO_INCREMENT,
  `invoice_id` bigint unsigned NOT NULL,
  `reference_type` varchar(191) COLLATE utf8mb4_unicode_ci NOT NULL,
  `reference_id` bigint unsigned NOT NULL,
  `name` varchar(191) COLLATE utf8mb4_unicode_ci NOT NULL,
  `description` varchar(400) COLLATE utf8mb4_unicode_ci DEFAULT NULL,
  `image` varchar(191) COLLATE utf8mb4_unicode_ci DEFAULT NULL,
  `qty` int unsigned NOT NULL,
  `price` decimal(15,2) NOT NULL DEFAULT '0.00',
  `sub_total` decimal(15,2) unsigned NOT NULL,
  `tax_amount` decimal(15,2) unsigned NOT NULL DEFAULT '0.00',
  `discount_amount` decimal(15,2) unsigned NOT NULL DEFAULT '0.00',
  `amount` decimal(15,2) unsigned NOT NULL,
  `options` text COLLATE utf8mb4_unicode_ci,
  `created_at` timestamp NULL DEFAULT NULL,
  `updated_at` timestamp NULL DEFAULT NULL,
  PRIMARY KEY (`id`),
  KEY `ec_invoice_items_reference_type_reference_id_index` (`reference_type`,`reference_id`)
) ENGINE=InnoDB DEFAULT CHARSET=utf8mb4 COLLATE=utf8mb4_unicode_ci;

--
-- Dumping data for table `ec_invoice_items`
--


--
-- Table structure for table `ec_invoices`
--

CREATE TABLE `ec_invoices` (
  `id` bigint unsigned NOT NULL AUTO_INCREMENT,
  `reference_type` varchar(191) COLLATE utf8mb4_unicode_ci NOT NULL,
  `reference_id` bigint unsigned NOT NULL,
  `code` varchar(191) COLLATE utf8mb4_unicode_ci NOT NULL,
  `customer_name` varchar(191) COLLATE utf8mb4_unicode_ci DEFAULT NULL,
  `company_name` varchar(191) COLLATE utf8mb4_unicode_ci DEFAULT NULL,
  `company_logo` varchar(191) COLLATE utf8mb4_unicode_ci DEFAULT NULL,
  `customer_email` varchar(191) COLLATE utf8mb4_unicode_ci DEFAULT NULL,
  `customer_phone` varchar(191) COLLATE utf8mb4_unicode_ci DEFAULT NULL,
  `customer_address` varchar(191) COLLATE utf8mb4_unicode_ci DEFAULT NULL,
  `customer_tax_id` varchar(191) COLLATE utf8mb4_unicode_ci DEFAULT NULL,
  `sub_total` decimal(15,2) unsigned NOT NULL,
  `tax_amount` decimal(15,2) unsigned NOT NULL DEFAULT '0.00',
  `shipping_amount` decimal(15,2) unsigned NOT NULL DEFAULT '0.00',
  `payment_fee` decimal(15,2) DEFAULT '0.00',
  `discount_amount` decimal(15,2) unsigned NOT NULL DEFAULT '0.00',
  `shipping_option` varchar(60) COLLATE utf8mb4_unicode_ci DEFAULT NULL,
  `shipping_method` varchar(60) COLLATE utf8mb4_unicode_ci NOT NULL DEFAULT 'default',
  `coupon_code` varchar(120) COLLATE utf8mb4_unicode_ci DEFAULT NULL,
  `discount_description` varchar(191) COLLATE utf8mb4_unicode_ci DEFAULT NULL,
  `amount` decimal(15,2) unsigned NOT NULL,
  `description` text COLLATE utf8mb4_unicode_ci,
  `payment_id` bigint unsigned DEFAULT NULL,
  `status` varchar(191) COLLATE utf8mb4_unicode_ci NOT NULL DEFAULT 'pending',
  `paid_at` timestamp NULL DEFAULT NULL,
  `created_at` timestamp NULL DEFAULT NULL,
  `updated_at` timestamp NULL DEFAULT NULL,
  PRIMARY KEY (`id`),
  UNIQUE KEY `ec_invoices_code_unique` (`code`),
  KEY `ec_invoices_reference_type_reference_id_index` (`reference_type`,`reference_id`),
  KEY `ec_invoices_payment_id_index` (`payment_id`),
  KEY `ec_invoices_status_index` (`status`)
) ENGINE=InnoDB DEFAULT CHARSET=utf8mb4 COLLATE=utf8mb4_unicode_ci;

--
-- Dumping data for table `ec_invoices`
--


--
-- Table structure for table `ec_option_value`
--

CREATE TABLE `ec_option_value` (
  `id` bigint unsigned NOT NULL AUTO_INCREMENT,
  `option_id` bigint unsigned NOT NULL COMMENT 'option id',
  `option_value` tinytext COLLATE utf8mb4_unicode_ci COMMENT 'option value',
  `affect_price` double DEFAULT NULL COMMENT 'value of price of this option affect',
  `order` int NOT NULL DEFAULT '9999',
  `affect_type` tinyint NOT NULL DEFAULT '0' COMMENT '0. fixed 1. percent',
  `created_at` timestamp NULL DEFAULT NULL,
  `updated_at` timestamp NULL DEFAULT NULL,
  PRIMARY KEY (`id`)
) ENGINE=InnoDB DEFAULT CHARSET=utf8mb4 COLLATE=utf8mb4_unicode_ci;

--
-- Dumping data for table `ec_option_value`
--


--
-- Table structure for table `ec_option_value_translations`
--

CREATE TABLE `ec_option_value_translations` (
  `lang_code` varchar(191) COLLATE utf8mb4_unicode_ci NOT NULL,
  `ec_option_value_id` bigint unsigned NOT NULL,
  `option_value` varchar(191) COLLATE utf8mb4_unicode_ci DEFAULT NULL,
  PRIMARY KEY (`lang_code`,`ec_option_value_id`)
) ENGINE=InnoDB DEFAULT CHARSET=utf8mb4 COLLATE=utf8mb4_unicode_ci;

--
-- Dumping data for table `ec_option_value_translations`
--


--
-- Table structure for table `ec_options`
--

CREATE TABLE `ec_options` (
  `id` bigint unsigned NOT NULL AUTO_INCREMENT,
  `name` varchar(191) COLLATE utf8mb4_unicode_ci NOT NULL COMMENT 'Name of options',
  `option_type` varchar(191) COLLATE utf8mb4_unicode_ci DEFAULT NULL COMMENT 'option type',
  `product_id` bigint unsigned NOT NULL DEFAULT '0',
  `order` int NOT NULL DEFAULT '9999',
  `required` tinyint(1) NOT NULL DEFAULT '0' COMMENT 'Checked if this option is required',
  `created_at` timestamp NULL DEFAULT NULL,
  `updated_at` timestamp NULL DEFAULT NULL,
  PRIMARY KEY (`id`)
) ENGINE=InnoDB DEFAULT CHARSET=utf8mb4 COLLATE=utf8mb4_unicode_ci;

--
-- Dumping data for table `ec_options`
--


--
-- Table structure for table `ec_options_translations`
--

CREATE TABLE `ec_options_translations` (
  `lang_code` varchar(191) COLLATE utf8mb4_unicode_ci NOT NULL,
  `ec_options_id` bigint unsigned NOT NULL,
  `name` varchar(191) COLLATE utf8mb4_unicode_ci DEFAULT NULL,
  PRIMARY KEY (`lang_code`,`ec_options_id`)
) ENGINE=InnoDB DEFAULT CHARSET=utf8mb4 COLLATE=utf8mb4_unicode_ci;

--
-- Dumping data for table `ec_options_translations`
--


--
-- Table structure for table `ec_order_addresses`
--

CREATE TABLE `ec_order_addresses` (
  `id` bigint unsigned NOT NULL AUTO_INCREMENT,
  `name` varchar(191) COLLATE utf8mb4_unicode_ci NOT NULL,
  `phone` varchar(20) COLLATE utf8mb4_unicode_ci DEFAULT NULL,
  `email` varchar(191) COLLATE utf8mb4_unicode_ci DEFAULT NULL,
  `country` varchar(120) COLLATE utf8mb4_unicode_ci DEFAULT NULL,
  `state` varchar(120) COLLATE utf8mb4_unicode_ci DEFAULT NULL,
  `city` varchar(120) COLLATE utf8mb4_unicode_ci DEFAULT NULL,
  `address` varchar(191) COLLATE utf8mb4_unicode_ci DEFAULT NULL,
  `order_id` bigint unsigned NOT NULL,
  `zip_code` varchar(20) COLLATE utf8mb4_unicode_ci DEFAULT NULL,
  `type` varchar(60) COLLATE utf8mb4_unicode_ci NOT NULL DEFAULT 'shipping_address',
  PRIMARY KEY (`id`)
) ENGINE=InnoDB DEFAULT CHARSET=utf8mb4 COLLATE=utf8mb4_unicode_ci;

--
-- Dumping data for table `ec_order_addresses`
--


--
-- Table structure for table `ec_order_histories`
--

CREATE TABLE `ec_order_histories` (
  `id` bigint unsigned NOT NULL AUTO_INCREMENT,
  `action` varchar(120) COLLATE utf8mb4_unicode_ci NOT NULL,
  `description` varchar(400) COLLATE utf8mb4_unicode_ci DEFAULT NULL,
  `user_id` bigint unsigned DEFAULT NULL,
  `order_id` bigint unsigned NOT NULL,
  `extras` text COLLATE utf8mb4_unicode_ci,
  `created_at` timestamp NULL DEFAULT NULL,
  `updated_at` timestamp NULL DEFAULT NULL,
  PRIMARY KEY (`id`)
) ENGINE=InnoDB DEFAULT CHARSET=utf8mb4 COLLATE=utf8mb4_unicode_ci;

--
-- Dumping data for table `ec_order_histories`
--


--
-- Table structure for table `ec_order_product`
--

CREATE TABLE `ec_order_product` (
  `id` bigint unsigned NOT NULL AUTO_INCREMENT,
  `order_id` bigint unsigned NOT NULL,
  `qty` int NOT NULL,
  `price` decimal(15,2) NOT NULL,
  `tax_amount` decimal(15,2) NOT NULL,
  `options` text COLLATE utf8mb4_unicode_ci,
  `product_options` text COLLATE utf8mb4_unicode_ci COMMENT 'product option data',
  `product_id` bigint unsigned DEFAULT NULL,
  `product_name` varchar(191) COLLATE utf8mb4_unicode_ci NOT NULL,
  `product_image` varchar(191) COLLATE utf8mb4_unicode_ci DEFAULT NULL,
  `weight` double DEFAULT '0',
  `restock_quantity` int unsigned DEFAULT '0',
  `created_at` timestamp NULL DEFAULT NULL,
  `updated_at` timestamp NULL DEFAULT NULL,
  `product_type` varchar(60) COLLATE utf8mb4_unicode_ci NOT NULL DEFAULT 'physical',
  `times_downloaded` int NOT NULL DEFAULT '0',
  `license_code` char(36) COLLATE utf8mb4_unicode_ci DEFAULT NULL,
  `downloaded_at` timestamp NULL DEFAULT NULL,
  PRIMARY KEY (`id`)
) ENGINE=InnoDB DEFAULT CHARSET=utf8mb4 COLLATE=utf8mb4_unicode_ci;

--
-- Dumping data for table `ec_order_product`
--


--
-- Table structure for table `ec_order_referrals`
--

CREATE TABLE `ec_order_referrals` (
  `id` bigint unsigned NOT NULL AUTO_INCREMENT,
  `ip` varchar(39) COLLATE utf8mb4_unicode_ci DEFAULT NULL,
  `landing_domain` varchar(191) COLLATE utf8mb4_unicode_ci DEFAULT NULL,
  `landing_page` varchar(191) COLLATE utf8mb4_unicode_ci DEFAULT NULL,
  `landing_params` varchar(191) COLLATE utf8mb4_unicode_ci DEFAULT NULL,
  `referral` varchar(191) COLLATE utf8mb4_unicode_ci DEFAULT NULL,
  `gclid` varchar(191) COLLATE utf8mb4_unicode_ci DEFAULT NULL,
  `fclid` varchar(191) COLLATE utf8mb4_unicode_ci DEFAULT NULL,
  `utm_source` varchar(191) COLLATE utf8mb4_unicode_ci DEFAULT NULL,
  `utm_campaign` varchar(191) COLLATE utf8mb4_unicode_ci DEFAULT NULL,
  `utm_medium` varchar(191) COLLATE utf8mb4_unicode_ci DEFAULT NULL,
  `utm_term` varchar(191) COLLATE utf8mb4_unicode_ci DEFAULT NULL,
  `utm_content` varchar(191) COLLATE utf8mb4_unicode_ci DEFAULT NULL,
  `referrer_url` text COLLATE utf8mb4_unicode_ci,
  `referrer_domain` varchar(191) COLLATE utf8mb4_unicode_ci DEFAULT NULL,
  `order_id` bigint unsigned DEFAULT NULL,
  `created_at` timestamp NULL DEFAULT NULL,
  `updated_at` timestamp NULL DEFAULT NULL,
  PRIMARY KEY (`id`),
  KEY `ec_order_referrals_order_id_index` (`order_id`)
) ENGINE=InnoDB DEFAULT CHARSET=utf8mb4 COLLATE=utf8mb4_unicode_ci;

--
-- Dumping data for table `ec_order_referrals`
--


--
-- Table structure for table `ec_order_return_histories`
--

CREATE TABLE `ec_order_return_histories` (
  `id` bigint unsigned NOT NULL AUTO_INCREMENT,
  `user_id` bigint unsigned DEFAULT NULL,
  `order_return_id` bigint unsigned NOT NULL,
  `action` varchar(191) COLLATE utf8mb4_unicode_ci NOT NULL,
  `description` varchar(400) COLLATE utf8mb4_unicode_ci DEFAULT NULL,
  `reason` varchar(191) COLLATE utf8mb4_unicode_ci DEFAULT NULL,
  `created_at` timestamp NULL DEFAULT NULL,
  `updated_at` timestamp NULL DEFAULT NULL,
  PRIMARY KEY (`id`)
) ENGINE=InnoDB DEFAULT CHARSET=utf8mb4 COLLATE=utf8mb4_unicode_ci;

--
-- Dumping data for table `ec_order_return_histories`
--


--
-- Table structure for table `ec_order_return_items`
--

CREATE TABLE `ec_order_return_items` (
  `id` bigint unsigned NOT NULL AUTO_INCREMENT,
  `order_return_id` bigint unsigned NOT NULL COMMENT 'Order return id',
  `order_product_id` bigint unsigned NOT NULL COMMENT 'Order product id',
  `product_id` bigint unsigned NOT NULL COMMENT 'Product id',
  `product_name` varchar(191) COLLATE utf8mb4_unicode_ci NOT NULL,
  `product_image` varchar(191) COLLATE utf8mb4_unicode_ci DEFAULT NULL,
  `qty` int NOT NULL COMMENT 'Quantity return',
  `price` decimal(15,2) NOT NULL COMMENT 'Price Product',
  `reason` text COLLATE utf8mb4_unicode_ci,
  `created_at` timestamp NULL DEFAULT NULL,
  `updated_at` timestamp NULL DEFAULT NULL,
  `refund_amount` decimal(12,2) DEFAULT '0.00',
  PRIMARY KEY (`id`)
) ENGINE=InnoDB DEFAULT CHARSET=utf8mb4 COLLATE=utf8mb4_unicode_ci;

--
-- Dumping data for table `ec_order_return_items`
--


--
-- Table structure for table `ec_order_returns`
--

CREATE TABLE `ec_order_returns` (
  `id` bigint unsigned NOT NULL AUTO_INCREMENT,
  `code` varchar(191) COLLATE utf8mb4_unicode_ci DEFAULT NULL,
  `order_id` bigint unsigned NOT NULL COMMENT 'Order ID',
  `store_id` bigint unsigned DEFAULT NULL COMMENT 'Store ID',
  `user_id` bigint unsigned NOT NULL COMMENT 'Customer ID',
  `reason` text COLLATE utf8mb4_unicode_ci COMMENT 'Reason return order',
  `order_status` varchar(191) COLLATE utf8mb4_unicode_ci DEFAULT NULL COMMENT 'Order current status',
  `return_status` varchar(191) COLLATE utf8mb4_unicode_ci NOT NULL COMMENT 'Return status',
  `created_at` timestamp NULL DEFAULT NULL,
  `updated_at` timestamp NULL DEFAULT NULL,
  PRIMARY KEY (`id`),
  UNIQUE KEY `ec_order_returns_code_unique` (`code`)
) ENGINE=InnoDB DEFAULT CHARSET=utf8mb4 COLLATE=utf8mb4_unicode_ci;

--
-- Dumping data for table `ec_order_returns`
--


--
-- Table structure for table `ec_order_tax_information`
--

CREATE TABLE `ec_order_tax_information` (
  `id` bigint unsigned NOT NULL AUTO_INCREMENT,
  `order_id` bigint unsigned NOT NULL,
  `company_name` varchar(120) COLLATE utf8mb4_unicode_ci NOT NULL,
  `company_address` varchar(191) COLLATE utf8mb4_unicode_ci NOT NULL,
  `company_tax_code` varchar(20) COLLATE utf8mb4_unicode_ci NOT NULL,
  `company_email` varchar(60) COLLATE utf8mb4_unicode_ci NOT NULL,
  `created_at` timestamp NULL DEFAULT NULL,
  `updated_at` timestamp NULL DEFAULT NULL,
  PRIMARY KEY (`id`),
  KEY `ec_order_tax_information_order_id_index` (`order_id`)
) ENGINE=InnoDB DEFAULT CHARSET=utf8mb4 COLLATE=utf8mb4_unicode_ci;

--
-- Dumping data for table `ec_order_tax_information`
--


--
-- Table structure for table `ec_orders`
--

CREATE TABLE `ec_orders` (
  `id` bigint unsigned NOT NULL AUTO_INCREMENT,
  `code` varchar(191) COLLATE utf8mb4_unicode_ci DEFAULT NULL,
  `user_id` bigint unsigned NOT NULL,
  `shipping_option` varchar(60) COLLATE utf8mb4_unicode_ci DEFAULT NULL,
  `shipping_method` varchar(60) COLLATE utf8mb4_unicode_ci NOT NULL DEFAULT 'default',
  `status` varchar(120) COLLATE utf8mb4_unicode_ci NOT NULL DEFAULT 'pending',
  `amount` decimal(15,2) NOT NULL,
  `tax_amount` decimal(15,2) DEFAULT NULL,
  `shipping_amount` decimal(15,2) DEFAULT NULL,
  `payment_fee` decimal(15,2) DEFAULT '0.00',
  `description` text COLLATE utf8mb4_unicode_ci,
  `coupon_code` varchar(120) COLLATE utf8mb4_unicode_ci DEFAULT NULL,
  `discount_amount` decimal(15,2) DEFAULT NULL,
  `sub_total` decimal(15,2) NOT NULL,
  `is_confirmed` tinyint(1) NOT NULL DEFAULT '0',
  `discount_description` varchar(191) COLLATE utf8mb4_unicode_ci DEFAULT NULL,
  `is_finished` tinyint(1) DEFAULT '0',
  `cancellation_reason` varchar(191) COLLATE utf8mb4_unicode_ci DEFAULT NULL,
  `cancellation_reason_description` varchar(191) COLLATE utf8mb4_unicode_ci DEFAULT NULL,
  `completed_at` timestamp NULL DEFAULT NULL,
  `token` varchar(120) COLLATE utf8mb4_unicode_ci DEFAULT NULL,
  `payment_id` bigint unsigned DEFAULT NULL,
  `created_at` timestamp NULL DEFAULT NULL,
  `updated_at` timestamp NULL DEFAULT NULL,
  `proof_file` varchar(191) COLLATE utf8mb4_unicode_ci DEFAULT NULL,
  `private_notes` text COLLATE utf8mb4_unicode_ci,
  PRIMARY KEY (`id`),
  UNIQUE KEY `ec_orders_code_unique` (`code`),
  KEY `ec_orders_user_id_status_created_at_index` (`user_id`,`status`,`created_at`)
) ENGINE=InnoDB DEFAULT CHARSET=utf8mb4 COLLATE=utf8mb4_unicode_ci;

--
-- Dumping data for table `ec_orders`
--


--
-- Table structure for table `ec_product_attribute_sets`
--

CREATE TABLE `ec_product_attribute_sets` (
  `id` bigint unsigned NOT NULL AUTO_INCREMENT,
  `title` varchar(120) COLLATE utf8mb4_unicode_ci NOT NULL,
  `slug` varchar(120) COLLATE utf8mb4_unicode_ci DEFAULT NULL,
  `display_layout` varchar(191) COLLATE utf8mb4_unicode_ci NOT NULL DEFAULT 'swatch_dropdown',
  `is_searchable` tinyint unsigned NOT NULL DEFAULT '1',
  `is_comparable` tinyint unsigned NOT NULL DEFAULT '1',
  `is_use_in_product_listing` tinyint unsigned NOT NULL DEFAULT '0',
  `status` varchar(60) COLLATE utf8mb4_unicode_ci NOT NULL DEFAULT 'published',
  `order` tinyint unsigned NOT NULL DEFAULT '0',
  `created_at` timestamp NULL DEFAULT NULL,
  `updated_at` timestamp NULL DEFAULT NULL,
  `use_image_from_product_variation` tinyint unsigned NOT NULL DEFAULT '0',
  PRIMARY KEY (`id`)
) ENGINE=InnoDB AUTO_INCREMENT=5 DEFAULT CHARSET=utf8mb4 COLLATE=utf8mb4_unicode_ci;

--
-- Dumping data for table `ec_product_attribute_sets`
--

INSERT INTO `ec_product_attribute_sets` VALUES (1,'Color','color','visual',1,1,1,'published',0,'2025-05-03 11:19:19','2025-05-03 11:19:19',0),(2,'Size','size','text',1,1,1,'published',1,'2025-05-03 11:19:19','2025-05-03 11:19:19',0),(3,'Weight','weight','text',1,1,1,'published',0,'2025-05-03 11:19:19','2025-05-03 11:19:19',0),(4,'Boxes','boxes','text',1,1,1,'published',1,'2025-05-03 11:19:19','2025-05-03 11:19:19',0);

--
-- Table structure for table `ec_product_attribute_sets_translations`
--

CREATE TABLE `ec_product_attribute_sets_translations` (
  `lang_code` varchar(191) COLLATE utf8mb4_unicode_ci NOT NULL,
  `ec_product_attribute_sets_id` bigint unsigned NOT NULL,
  `title` varchar(191) COLLATE utf8mb4_unicode_ci DEFAULT NULL,
  PRIMARY KEY (`lang_code`,`ec_product_attribute_sets_id`)
) ENGINE=InnoDB DEFAULT CHARSET=utf8mb4 COLLATE=utf8mb4_unicode_ci;

--
-- Dumping data for table `ec_product_attribute_sets_translations`
--


--
-- Table structure for table `ec_product_attributes`
--

CREATE TABLE `ec_product_attributes` (
  `id` bigint unsigned NOT NULL AUTO_INCREMENT,
  `attribute_set_id` bigint unsigned NOT NULL,
  `title` varchar(120) COLLATE utf8mb4_unicode_ci NOT NULL,
  `slug` varchar(120) COLLATE utf8mb4_unicode_ci DEFAULT NULL,
  `color` varchar(120) COLLATE utf8mb4_unicode_ci DEFAULT NULL,
  `image` varchar(191) COLLATE utf8mb4_unicode_ci DEFAULT NULL,
  `is_default` tinyint unsigned NOT NULL DEFAULT '0',
  `order` tinyint unsigned NOT NULL DEFAULT '0',
  `created_at` timestamp NULL DEFAULT NULL,
  `updated_at` timestamp NULL DEFAULT NULL,
  PRIMARY KEY (`id`),
  KEY `attribute_set_status_index` (`attribute_set_id`)
) ENGINE=InnoDB AUTO_INCREMENT=21 DEFAULT CHARSET=utf8mb4 COLLATE=utf8mb4_unicode_ci;

--
-- Dumping data for table `ec_product_attributes`
--

INSERT INTO `ec_product_attributes` VALUES (1,1,'Green','green','#5FB7D4',NULL,1,1,'2025-05-03 11:19:19','2025-05-03 11:19:19'),(2,1,'Blue','blue','#333333',NULL,0,2,'2025-05-03 11:19:19','2025-05-03 11:19:19'),(3,1,'Red','red','#DA323F',NULL,0,3,'2025-05-03 11:19:19','2025-05-03 11:19:19'),(4,1,'Black','black','#2F366C',NULL,0,4,'2025-05-03 11:19:19','2025-05-03 11:19:19'),(5,1,'Brown','brown','#87554B',NULL,0,5,'2025-05-03 11:19:19','2025-05-03 11:19:19'),(6,2,'S','s',NULL,NULL,1,1,'2025-05-03 11:19:19','2025-05-03 11:19:19'),(7,2,'M','m',NULL,NULL,0,2,'2025-05-03 11:19:19','2025-05-03 11:19:19'),(8,2,'L','l',NULL,NULL,0,3,'2025-05-03 11:19:19','2025-05-03 11:19:19'),(9,2,'XL','xl',NULL,NULL,0,4,'2025-05-03 11:19:19','2025-05-03 11:19:19'),(10,2,'XXL','xxl',NULL,NULL,0,5,'2025-05-03 11:19:19','2025-05-03 11:19:19'),(11,3,'1KG','1kg',NULL,NULL,1,1,'2025-05-03 11:19:19','2025-05-03 11:19:19'),(12,3,'2KG','2kg',NULL,NULL,0,2,'2025-05-03 11:19:19','2025-05-03 11:19:19'),(13,3,'3KG','3kg',NULL,NULL,0,3,'2025-05-03 11:19:19','2025-05-03 11:19:19'),(14,3,'4KG','4kg',NULL,NULL,0,4,'2025-05-03 11:19:19','2025-05-03 11:19:19'),(15,3,'5KG','5kg',NULL,NULL,0,5,'2025-05-03 11:19:19','2025-05-03 11:19:19'),(16,4,'1 Box','1-box',NULL,NULL,1,1,'2025-05-03 11:19:19','2025-05-03 11:19:19'),(17,4,'2 Boxes','2-boxes',NULL,NULL,0,2,'2025-05-03 11:19:19','2025-05-03 11:19:19'),(18,4,'3 Boxes','3-boxes',NULL,NULL,0,3,'2025-05-03 11:19:19','2025-05-03 11:19:19'),(19,4,'4 Boxes','4-boxes',NULL,NULL,0,4,'2025-05-03 11:19:19','2025-05-03 11:19:19'),(20,4,'5 Boxes','5-boxes',NULL,NULL,0,5,'2025-05-03 11:19:19','2025-05-03 11:19:19');

--
-- Table structure for table `ec_product_attributes_translations`
--

CREATE TABLE `ec_product_attributes_translations` (
  `lang_code` varchar(191) COLLATE utf8mb4_unicode_ci NOT NULL,
  `ec_product_attributes_id` bigint unsigned NOT NULL,
  `title` varchar(191) COLLATE utf8mb4_unicode_ci DEFAULT NULL,
  PRIMARY KEY (`lang_code`,`ec_product_attributes_id`)
) ENGINE=InnoDB DEFAULT CHARSET=utf8mb4 COLLATE=utf8mb4_unicode_ci;

--
-- Dumping data for table `ec_product_attributes_translations`
--


--
-- Table structure for table `ec_product_categories`
--

CREATE TABLE `ec_product_categories` (
  `id` bigint unsigned NOT NULL AUTO_INCREMENT,
  `name` varchar(191) COLLATE utf8mb4_unicode_ci NOT NULL,
  `parent_id` bigint unsigned NOT NULL DEFAULT '0',
  `description` mediumtext COLLATE utf8mb4_unicode_ci,
  `status` varchar(60) COLLATE utf8mb4_unicode_ci NOT NULL DEFAULT 'published',
  `order` int unsigned NOT NULL DEFAULT '0',
  `image` varchar(191) COLLATE utf8mb4_unicode_ci DEFAULT NULL,
  `is_featured` tinyint unsigned NOT NULL DEFAULT '0',
  `created_at` timestamp NULL DEFAULT NULL,
  `updated_at` timestamp NULL DEFAULT NULL,
  `icon` varchar(191) COLLATE utf8mb4_unicode_ci DEFAULT NULL,
  `icon_image` varchar(191) COLLATE utf8mb4_unicode_ci DEFAULT NULL,
  PRIMARY KEY (`id`),
  KEY `ec_product_categories_parent_id_status_created_at_index` (`parent_id`,`status`,`created_at`),
  KEY `ec_product_categories_parent_id_status_index` (`parent_id`,`status`)
) ENGINE=InnoDB AUTO_INCREMENT=13 DEFAULT CHARSET=utf8mb4 COLLATE=utf8mb4_unicode_ci;

--
-- Dumping data for table `ec_product_categories`
--

INSERT INTO `ec_product_categories` VALUES (1,'Desktop PC',0,'From year to year we strive to invent the most innovative technology that is used by both small enterprises and space enterprises.','published',1,'product-categories/1.png',1,'2025-05-03 11:18:38','2025-05-03 11:18:38',NULL,NULL),(2,'Headphone',0,'From year to year we strive to invent the most innovative technology that is used by both small enterprises and space enterprises.','published',2,'product-categories/2.png',1,'2025-05-03 11:18:38','2025-05-03 11:18:38',NULL,NULL),(3,'Laptop',0,'From year to year we strive to invent the most innovative technology that is used by both small enterprises and space enterprises.','published',3,'product-categories/3.png',1,'2025-05-03 11:18:38','2025-05-03 11:18:38',NULL,NULL),(4,'Mobile Phone',0,'From year to year we strive to invent the most innovative technology that is used by both small enterprises and space enterprises.','published',4,'product-categories/4.png',1,'2025-05-03 11:18:38','2025-05-03 11:18:38',NULL,NULL),(5,'Printer',0,'From year to year we strive to invent the most innovative technology that is used by both small enterprises and space enterprises.','published',5,'product-categories/5.png',1,'2025-05-03 11:18:38','2025-05-03 11:18:38',NULL,NULL),(6,'Books',0,'From year to year we strive to invent the most innovative technology that is used by both small enterprises and space enterprises.','published',6,'product-categories/6.png',1,'2025-05-03 11:18:38','2025-05-03 11:18:38',NULL,NULL),(7,'Tablet',0,'From year to year we strive to invent the most innovative technology that is used by both small enterprises and space enterprises.','published',7,'product-categories/7.png',1,'2025-05-03 11:18:38','2025-05-03 11:18:38',NULL,NULL),(8,'USB Flash',0,'From year to year we strive to invent the most innovative technology that is used by both small enterprises and space enterprises.','published',8,'product-categories/8.png',1,'2025-05-03 11:18:38','2025-05-03 11:18:38',NULL,NULL),(9,'Game Mouse',0,'From year to year we strive to invent the most innovative technology that is used by both small enterprises and space enterprises.','published',9,'product-categories/9.png',1,'2025-05-03 11:18:38','2025-05-03 11:18:38',NULL,NULL),(10,'Security',0,'From year to year we strive to invent the most innovative technology that is used by both small enterprises and space enterprises.','published',10,'product-categories/10.png',1,'2025-05-03 11:18:38','2025-05-03 11:18:38',NULL,NULL),(11,'Watch',0,'From year to year we strive to invent the most innovative technology that is used by both small enterprises and space enterprises.','published',11,'product-categories/11.png',1,'2025-05-03 11:18:38','2025-05-03 11:18:38',NULL,NULL),(12,'Scaner',0,'From year to year we strive to invent the most innovative technology that is used by both small enterprises and space enterprises.','published',12,'product-categories/12.png',1,'2025-05-03 11:18:38','2025-05-03 11:18:38',NULL,NULL);

--
-- Table structure for table `ec_product_categories_translations`
--

CREATE TABLE `ec_product_categories_translations` (
  `lang_code` varchar(191) COLLATE utf8mb4_unicode_ci NOT NULL,
  `ec_product_categories_id` bigint unsigned NOT NULL,
  `name` varchar(191) COLLATE utf8mb4_unicode_ci DEFAULT NULL,
  `description` mediumtext COLLATE utf8mb4_unicode_ci,
  PRIMARY KEY (`lang_code`,`ec_product_categories_id`)
) ENGINE=InnoDB DEFAULT CHARSET=utf8mb4 COLLATE=utf8mb4_unicode_ci;

--
-- Dumping data for table `ec_product_categories_translations`
--


--
-- Table structure for table `ec_product_categorizables`
--

CREATE TABLE `ec_product_categorizables` (
  `category_id` bigint unsigned NOT NULL,
  `reference_id` bigint unsigned NOT NULL,
  `reference_type` varchar(120) COLLATE utf8mb4_unicode_ci NOT NULL,
  PRIMARY KEY (`category_id`,`reference_id`,`reference_type`),
  KEY `ec_product_categorizables_category_id_index` (`category_id`),
  KEY `ec_product_categorizables_reference_id_index` (`reference_id`),
  KEY `ec_product_categorizables_reference_type_index` (`reference_type`)
) ENGINE=InnoDB DEFAULT CHARSET=utf8mb4 COLLATE=utf8mb4_unicode_ci;

--
-- Dumping data for table `ec_product_categorizables`
--


--
-- Table structure for table `ec_product_category_product`
--

CREATE TABLE `ec_product_category_product` (
  `category_id` bigint unsigned NOT NULL,
  `product_id` bigint unsigned NOT NULL,
  PRIMARY KEY (`product_id`,`category_id`),
  KEY `ec_product_category_product_category_id_index` (`category_id`),
  KEY `ec_product_category_product_product_id_index` (`product_id`)
) ENGINE=InnoDB DEFAULT CHARSET=utf8mb4 COLLATE=utf8mb4_unicode_ci;

--
-- Dumping data for table `ec_product_category_product`
--

INSERT INTO `ec_product_category_product` VALUES (1,14),(1,17),(1,34),(1,35),(1,36),(1,48),(1,56),(2,4),(2,39),(2,57),(2,59),(3,43),(3,64),(4,25),(4,49),(4,51),(4,52),(4,53),(5,5),(5,6),(5,10),(5,41),(5,44),(6,1),(6,2),(6,7),(6,10),(6,31),(6,37),(6,38),(6,43),(6,45),(6,51),(6,59),(6,65),(7,3),(7,19),(7,35),(7,56),(8,6),(8,22),(8,24),(8,27),(8,62),(9,1),(9,7),(9,14),(9,23),(9,26),(9,34),(9,37),(9,42),(9,45),(10,9),(10,14),(10,44),(10,46),(10,47),(10,53),(11,10),(11,11),(11,25),(11,27),(11,35),(11,36),(11,42),(11,53),(11,54),(11,60),(11,62),(12,11),(12,44),(12,49),(12,52),(13,1),(13,8),(13,11),(13,13),(13,15),(13,30),(14,29),(14,40),(14,45),(14,62),(15,9),(15,11),(15,25),(15,46),(15,50),(16,4),(16,19),(16,28),(16,39),(16,40),(16,41),(16,50),(16,53),(16,55),(16,56),(16,58),(17,17),(17,29),(18,10),(18,17),(18,20),(18,36),(18,59),(19,2),(19,3),(19,12),(19,19),(19,20),(19,26),(19,38),(19,46),(19,50),(19,51),(19,57),(20,12),(20,32),(20,39),(20,43),(20,60),(21,2),(21,5),(21,6),(21,12),(21,16),(21,17),(21,19),(21,21),(21,30),(21,33),(21,46),(21,48),(21,51),(21,54),(21,64),(22,8),(22,27),(22,32),(22,33),(22,36),(22,40),(22,43),(22,55),(23,21),(23,22),(23,26),(23,28),(23,32),(23,38),(23,41),(23,42),(23,48),(23,65),(24,13),(24,20),(24,24),(24,37),(24,48),(24,55),(24,56),(24,57),(24,58),(24,60),(24,61),(24,62),(24,63),(25,34),(25,59),(25,63),(26,3),(26,15),(26,16),(26,18),(26,29),(26,30),(27,2),(27,49),(28,7),(28,16),(28,18),(28,22),(28,30),(28,31),(28,35),(28,39),(28,42),(28,57),(28,64),(29,3),(29,5),(29,8),(30,1),(30,5),(30,13),(30,23),(30,63),(30,64),(30,65),(31,24),(31,31),(31,32),(31,37),(31,47),(31,50),(31,55),(31,58),(31,61),(32,15),(32,52),(32,54),(32,63),(33,18),(33,21),(33,24),(33,28),(33,34),(33,47),(34,7),(34,13),(34,22),(34,29),(34,31),(34,33),(34,38),(34,61),(35,4),(35,8),(35,14),(35,15),(35,16),(35,41),(35,44),(35,49),(35,65),(36,6),(36,9),(36,25),(36,26),(36,33),(36,45),(36,54),(36,58),(36,60),(36,61),(37,9),(37,21),(37,23),(37,27),(37,28),(37,40),(37,47),(37,52);

--
-- Table structure for table `ec_product_collection_products`
--

CREATE TABLE `ec_product_collection_products` (
  `product_collection_id` bigint unsigned NOT NULL,
  `product_id` bigint unsigned NOT NULL,
  PRIMARY KEY (`product_id`,`product_collection_id`),
  KEY `ec_product_collection_products_product_collection_id_index` (`product_collection_id`),
  KEY `ec_product_collection_products_product_id_index` (`product_id`)
) ENGINE=InnoDB DEFAULT CHARSET=utf8mb4 COLLATE=utf8mb4_unicode_ci;

--
-- Dumping data for table `ec_product_collection_products`
--

INSERT INTO `ec_product_collection_products` VALUES (1,6),(1,11),(1,15),(1,16),(1,18),(1,22),(1,26),(1,28),(1,30),(1,31),(1,34),(1,39),(1,42),(1,43),(1,45),(1,46),(1,54),(1,60),(1,64),(2,1),(2,5),(2,7),(2,12),(2,13),(2,17),(2,19),(2,20),(2,21),(2,23),(2,25),(2,29),(2,35),(2,36),(2,37),(2,38),(2,48),(2,50),(2,53),(2,55),(2,56),(2,57),(2,63),(3,2),(3,3),(3,4),(3,8),(3,9),(3,10),(3,14),(3,24),(3,27),(3,32),(3,33),(3,40),(3,41),(3,44),(3,47),(3,49),(3,51),(3,52),(3,58),(3,59),(3,61),(3,62),(3,65);

--
-- Table structure for table `ec_product_collections`
--

CREATE TABLE `ec_product_collections` (
  `id` bigint unsigned NOT NULL AUTO_INCREMENT,
  `name` varchar(191) COLLATE utf8mb4_unicode_ci NOT NULL,
  `slug` varchar(191) COLLATE utf8mb4_unicode_ci NOT NULL,
  `description` varchar(400) COLLATE utf8mb4_unicode_ci DEFAULT NULL,
  `image` varchar(191) COLLATE utf8mb4_unicode_ci DEFAULT NULL,
  `status` varchar(60) COLLATE utf8mb4_unicode_ci NOT NULL DEFAULT 'published',
  `created_at` timestamp NULL DEFAULT NULL,
  `updated_at` timestamp NULL DEFAULT NULL,
  `is_featured` tinyint unsigned NOT NULL DEFAULT '0',
  PRIMARY KEY (`id`)
) ENGINE=InnoDB AUTO_INCREMENT=4 DEFAULT CHARSET=utf8mb4 COLLATE=utf8mb4_unicode_ci;

--
-- Dumping data for table `ec_product_collections`
--

INSERT INTO `ec_product_collections` VALUES (1,'New Arrival','new-arrival',NULL,NULL,'published','2025-05-03 11:18:38','2025-05-03 11:18:38',0),(2,'Best Sellers','best-sellers',NULL,NULL,'published','2025-05-03 11:18:38','2025-05-03 11:18:38',0),(3,'Special Offer','special-offer',NULL,NULL,'published','2025-05-03 11:18:38','2025-05-03 11:18:38',0);

--
-- Table structure for table `ec_product_collections_translations`
--

CREATE TABLE `ec_product_collections_translations` (
  `lang_code` varchar(191) COLLATE utf8mb4_unicode_ci NOT NULL,
  `ec_product_collections_id` bigint unsigned NOT NULL,
  `name` varchar(191) COLLATE utf8mb4_unicode_ci DEFAULT NULL,
  `description` varchar(400) COLLATE utf8mb4_unicode_ci DEFAULT NULL,
  PRIMARY KEY (`lang_code`,`ec_product_collections_id`)
) ENGINE=InnoDB DEFAULT CHARSET=utf8mb4 COLLATE=utf8mb4_unicode_ci;

--
-- Dumping data for table `ec_product_collections_translations`
--


--
-- Table structure for table `ec_product_cross_sale_relations`
--

CREATE TABLE `ec_product_cross_sale_relations` (
  `from_product_id` bigint unsigned NOT NULL,
  `to_product_id` bigint unsigned NOT NULL,
  `is_variant` tinyint(1) NOT NULL DEFAULT '0',
  `price` decimal(15,2) DEFAULT '0.00',
  `price_type` varchar(191) COLLATE utf8mb4_unicode_ci NOT NULL DEFAULT 'fixed',
  `apply_to_all_variations` tinyint(1) NOT NULL DEFAULT '1',
  PRIMARY KEY (`from_product_id`,`to_product_id`),
  KEY `ec_product_cross_sale_relations_from_product_id_index` (`from_product_id`),
  KEY `ec_product_cross_sale_relations_to_product_id_index` (`to_product_id`)
) ENGINE=InnoDB DEFAULT CHARSET=utf8mb4 COLLATE=utf8mb4_unicode_ci;

--
-- Dumping data for table `ec_product_cross_sale_relations`
--

INSERT INTO `ec_product_cross_sale_relations` VALUES (1,4,0,0.00,'fixed',1),(1,7,0,0.00,'fixed',1),(1,12,0,0.00,'fixed',1),(1,16,0,0.00,'fixed',1),(1,17,0,0.00,'fixed',1),(1,18,0,0.00,'fixed',1),(2,7,0,0.00,'fixed',1),(2,9,0,0.00,'fixed',1),(2,11,0,0.00,'fixed',1),(2,16,0,0.00,'fixed',1),(2,19,0,0.00,'fixed',1),(3,2,0,0.00,'fixed',1),(3,10,0,0.00,'fixed',1),(3,13,0,0.00,'fixed',1),(3,15,0,0.00,'fixed',1),(3,16,0,0.00,'fixed',1),(3,18,0,0.00,'fixed',1),(3,19,0,0.00,'fixed',1),(4,8,0,0.00,'fixed',1),(4,9,0,0.00,'fixed',1),(4,10,0,0.00,'fixed',1),(4,11,0,0.00,'fixed',1),(4,14,0,0.00,'fixed',1),(4,17,0,0.00,'fixed',1),(4,18,0,0.00,'fixed',1),(5,2,0,0.00,'fixed',1),(5,3,0,0.00,'fixed',1),(5,6,0,0.00,'fixed',1),(5,9,0,0.00,'fixed',1),(5,12,0,0.00,'fixed',1),(5,20,0,0.00,'fixed',1),(6,3,0,0.00,'fixed',1),(6,5,0,0.00,'fixed',1),(6,13,0,0.00,'fixed',1),(6,17,0,0.00,'fixed',1),(6,19,0,0.00,'fixed',1),(6,20,0,0.00,'fixed',1),(7,3,0,0.00,'fixed',1),(7,5,0,0.00,'fixed',1),(7,13,0,0.00,'fixed',1),(7,14,0,0.00,'fixed',1),(7,15,0,0.00,'fixed',1),(7,18,0,0.00,'fixed',1),(8,1,0,0.00,'fixed',1),(8,2,0,0.00,'fixed',1),(8,3,0,0.00,'fixed',1),(8,7,0,0.00,'fixed',1),(8,9,0,0.00,'fixed',1),(8,15,0,0.00,'fixed',1),(9,3,0,0.00,'fixed',1),(9,4,0,0.00,'fixed',1),(9,10,0,0.00,'fixed',1),(9,13,0,0.00,'fixed',1),(9,15,0,0.00,'fixed',1),(9,18,0,0.00,'fixed',1),(10,2,0,0.00,'fixed',1),(10,6,0,0.00,'fixed',1),(10,7,0,0.00,'fixed',1),(10,9,0,0.00,'fixed',1),(10,14,0,0.00,'fixed',1),(10,19,0,0.00,'fixed',1),(11,1,0,0.00,'fixed',1),(11,4,0,0.00,'fixed',1),(11,6,0,0.00,'fixed',1),(11,10,0,0.00,'fixed',1),(11,16,0,0.00,'fixed',1),(11,19,0,0.00,'fixed',1),(12,1,0,0.00,'fixed',1),(12,2,0,0.00,'fixed',1),(12,9,0,0.00,'fixed',1),(12,10,0,0.00,'fixed',1),(12,15,0,0.00,'fixed',1),(12,17,0,0.00,'fixed',1),(13,3,0,0.00,'fixed',1),(13,4,0,0.00,'fixed',1),(13,9,0,0.00,'fixed',1),(13,14,0,0.00,'fixed',1),(13,15,0,0.00,'fixed',1),(13,18,0,0.00,'fixed',1),(13,19,0,0.00,'fixed',1),(14,5,0,0.00,'fixed',1),(14,6,0,0.00,'fixed',1),(14,7,0,0.00,'fixed',1),(14,8,0,0.00,'fixed',1),(14,15,0,0.00,'fixed',1),(14,16,0,0.00,'fixed',1),(14,18,0,0.00,'fixed',1),(15,1,0,0.00,'fixed',1),(15,5,0,0.00,'fixed',1),(15,6,0,0.00,'fixed',1),(15,14,0,0.00,'fixed',1),(15,17,0,0.00,'fixed',1),(15,19,0,0.00,'fixed',1),(16,3,0,0.00,'fixed',1),(16,4,0,0.00,'fixed',1),(16,6,0,0.00,'fixed',1),(16,10,0,0.00,'fixed',1),(16,14,0,0.00,'fixed',1),(16,17,0,0.00,'fixed',1),(16,19,0,0.00,'fixed',1),(17,1,0,0.00,'fixed',1),(17,3,0,0.00,'fixed',1),(17,9,0,0.00,'fixed',1),(17,16,0,0.00,'fixed',1),(17,19,0,0.00,'fixed',1),(18,1,0,0.00,'fixed',1),(18,5,0,0.00,'fixed',1),(18,7,0,0.00,'fixed',1),(18,10,0,0.00,'fixed',1),(18,11,0,0.00,'fixed',1),(18,20,0,0.00,'fixed',1),(19,2,0,0.00,'fixed',1),(19,9,0,0.00,'fixed',1),(19,10,0,0.00,'fixed',1),(19,12,0,0.00,'fixed',1),(19,16,0,0.00,'fixed',1),(20,6,0,0.00,'fixed',1),(20,7,0,0.00,'fixed',1),(20,10,0,0.00,'fixed',1),(20,12,0,0.00,'fixed',1),(20,16,0,0.00,'fixed',1),(20,18,0,0.00,'fixed',1),(21,1,0,0.00,'fixed',1),(21,2,0,0.00,'fixed',1),(21,4,0,0.00,'fixed',1),(21,6,0,0.00,'fixed',1),(21,7,0,0.00,'fixed',1),(21,13,0,0.00,'fixed',1),(22,3,0,0.00,'fixed',1),(22,7,0,0.00,'fixed',1),(22,8,0,0.00,'fixed',1),(22,11,0,0.00,'fixed',1),(22,14,0,0.00,'fixed',1),(22,15,0,0.00,'fixed',1),(23,3,0,0.00,'fixed',1),(23,9,0,0.00,'fixed',1),(23,11,0,0.00,'fixed',1),(23,16,0,0.00,'fixed',1),(23,17,0,0.00,'fixed',1),(23,19,0,0.00,'fixed',1),(24,3,0,0.00,'fixed',1),(24,7,0,0.00,'fixed',1),(24,8,0,0.00,'fixed',1),(24,9,0,0.00,'fixed',1),(24,11,0,0.00,'fixed',1),(24,18,0,0.00,'fixed',1),(24,19,0,0.00,'fixed',1),(25,5,0,0.00,'fixed',1),(25,6,0,0.00,'fixed',1),(25,7,0,0.00,'fixed',1),(25,8,0,0.00,'fixed',1),(25,15,0,0.00,'fixed',1),(25,18,0,0.00,'fixed',1),(26,4,0,0.00,'fixed',1),(26,5,0,0.00,'fixed',1),(26,7,0,0.00,'fixed',1),(26,13,0,0.00,'fixed',1),(26,18,0,0.00,'fixed',1),(27,1,0,0.00,'fixed',1),(27,5,0,0.00,'fixed',1),(27,8,0,0.00,'fixed',1),(27,9,0,0.00,'fixed',1),(27,13,0,0.00,'fixed',1),(28,4,0,0.00,'fixed',1),(28,6,0,0.00,'fixed',1),(28,7,0,0.00,'fixed',1),(28,15,0,0.00,'fixed',1),(28,18,0,0.00,'fixed',1),(29,3,0,0.00,'fixed',1),(29,4,0,0.00,'fixed',1),(29,5,0,0.00,'fixed',1),(29,13,0,0.00,'fixed',1),(29,14,0,0.00,'fixed',1),(29,15,0,0.00,'fixed',1),(29,16,0,0.00,'fixed',1),(30,6,0,0.00,'fixed',1),(30,7,0,0.00,'fixed',1),(30,12,0,0.00,'fixed',1),(30,13,0,0.00,'fixed',1),(30,14,0,0.00,'fixed',1),(30,17,0,0.00,'fixed',1),(31,3,0,0.00,'fixed',1),(31,5,0,0.00,'fixed',1),(31,7,0,0.00,'fixed',1),(31,13,0,0.00,'fixed',1),(31,17,0,0.00,'fixed',1),(31,18,0,0.00,'fixed',1),(32,1,0,0.00,'fixed',1),(32,2,0,0.00,'fixed',1),(32,4,0,0.00,'fixed',1),(32,10,0,0.00,'fixed',1),(32,12,0,0.00,'fixed',1),(32,17,0,0.00,'fixed',1),(32,19,0,0.00,'fixed',1),(33,4,0,0.00,'fixed',1),(33,5,0,0.00,'fixed',1),(33,10,0,0.00,'fixed',1),(33,11,0,0.00,'fixed',1),(33,14,0,0.00,'fixed',1),(33,15,0,0.00,'fixed',1),(33,19,0,0.00,'fixed',1),(34,2,0,0.00,'fixed',1),(34,7,0,0.00,'fixed',1),(34,8,0,0.00,'fixed',1),(34,9,0,0.00,'fixed',1),(34,10,0,0.00,'fixed',1),(34,12,0,0.00,'fixed',1),(34,19,0,0.00,'fixed',1),(35,4,0,0.00,'fixed',1),(35,6,0,0.00,'fixed',1),(35,9,0,0.00,'fixed',1),(35,11,0,0.00,'fixed',1),(35,12,0,0.00,'fixed',1),(35,15,0,0.00,'fixed',1),(35,16,0,0.00,'fixed',1),(36,3,0,0.00,'fixed',1),(36,5,0,0.00,'fixed',1),(36,6,0,0.00,'fixed',1),(36,12,0,0.00,'fixed',1),(36,15,0,0.00,'fixed',1),(36,19,0,0.00,'fixed',1),(37,2,0,0.00,'fixed',1),(37,6,0,0.00,'fixed',1),(37,11,0,0.00,'fixed',1),(37,15,0,0.00,'fixed',1),(38,5,0,0.00,'fixed',1),(38,11,0,0.00,'fixed',1),(38,13,0,0.00,'fixed',1),(38,16,0,0.00,'fixed',1),(38,17,0,0.00,'fixed',1),(38,18,0,0.00,'fixed',1),(39,2,0,0.00,'fixed',1),(39,6,0,0.00,'fixed',1),(39,8,0,0.00,'fixed',1),(39,13,0,0.00,'fixed',1),(39,15,0,0.00,'fixed',1),(39,17,0,0.00,'fixed',1),(39,18,0,0.00,'fixed',1),(40,1,0,0.00,'fixed',1),(40,9,0,0.00,'fixed',1),(40,10,0,0.00,'fixed',1),(40,12,0,0.00,'fixed',1),(40,14,0,0.00,'fixed',1),(40,17,0,0.00,'fixed',1),(41,1,0,0.00,'fixed',1),(41,3,0,0.00,'fixed',1),(41,8,0,0.00,'fixed',1),(41,13,0,0.00,'fixed',1),(41,15,0,0.00,'fixed',1),(41,18,0,0.00,'fixed',1),(42,6,0,0.00,'fixed',1),(42,8,0,0.00,'fixed',1),(42,11,0,0.00,'fixed',1),(42,16,0,0.00,'fixed',1),(43,5,0,0.00,'fixed',1),(43,7,0,0.00,'fixed',1),(43,13,0,0.00,'fixed',1),(43,14,0,0.00,'fixed',1),(43,15,0,0.00,'fixed',1),(43,17,0,0.00,'fixed',1),(44,2,0,0.00,'fixed',1),(44,4,0,0.00,'fixed',1),(44,7,0,0.00,'fixed',1),(44,18,0,0.00,'fixed',1),(45,7,0,0.00,'fixed',1),(45,9,0,0.00,'fixed',1),(45,11,0,0.00,'fixed',1),(45,14,0,0.00,'fixed',1),(45,16,0,0.00,'fixed',1),(45,17,0,0.00,'fixed',1),(45,18,0,0.00,'fixed',1),(46,1,0,0.00,'fixed',1),(46,2,0,0.00,'fixed',1),(46,4,0,0.00,'fixed',1),(46,5,0,0.00,'fixed',1),(46,8,0,0.00,'fixed',1),(46,14,0,0.00,'fixed',1),(46,18,0,0.00,'fixed',1),(47,3,0,0.00,'fixed',1),(47,6,0,0.00,'fixed',1),(47,13,0,0.00,'fixed',1),(47,16,0,0.00,'fixed',1),(47,18,0,0.00,'fixed',1),(47,19,0,0.00,'fixed',1),(48,3,0,0.00,'fixed',1),(48,4,0,0.00,'fixed',1),(48,6,0,0.00,'fixed',1),(48,7,0,0.00,'fixed',1),(48,10,0,0.00,'fixed',1),(48,12,0,0.00,'fixed',1),(48,15,0,0.00,'fixed',1),(49,6,0,0.00,'fixed',1),(49,9,0,0.00,'fixed',1),(49,10,0,0.00,'fixed',1),(49,14,0,0.00,'fixed',1),(49,15,0,0.00,'fixed',1),(49,16,0,0.00,'fixed',1),(50,1,0,0.00,'fixed',1),(50,5,0,0.00,'fixed',1),(50,10,0,0.00,'fixed',1),(50,11,0,0.00,'fixed',1),(50,14,0,0.00,'fixed',1),(50,15,0,0.00,'fixed',1),(51,4,0,0.00,'fixed',1),(51,5,0,0.00,'fixed',1),(51,11,0,0.00,'fixed',1),(51,13,0,0.00,'fixed',1),(51,15,0,0.00,'fixed',1),(51,16,0,0.00,'fixed',1),(52,2,0,0.00,'fixed',1),(52,8,0,0.00,'fixed',1),(52,12,0,0.00,'fixed',1),(52,14,0,0.00,'fixed',1),(52,17,0,0.00,'fixed',1),(53,4,0,0.00,'fixed',1),(53,7,0,0.00,'fixed',1),(53,8,0,0.00,'fixed',1),(53,9,0,0.00,'fixed',1),(53,10,0,0.00,'fixed',1),(53,16,0,0.00,'fixed',1),(53,19,0,0.00,'fixed',1),(54,2,0,0.00,'fixed',1),(54,8,0,0.00,'fixed',1),(54,13,0,0.00,'fixed',1),(54,15,0,0.00,'fixed',1),(54,19,0,0.00,'fixed',1),(55,2,0,0.00,'fixed',1),(55,3,0,0.00,'fixed',1),(55,7,0,0.00,'fixed',1),(55,10,0,0.00,'fixed',1),(55,14,0,0.00,'fixed',1),(55,18,0,0.00,'fixed',1),(56,1,0,0.00,'fixed',1),(56,2,0,0.00,'fixed',1),(56,10,0,0.00,'fixed',1),(56,11,0,0.00,'fixed',1),(56,15,0,0.00,'fixed',1),(56,16,0,0.00,'fixed',1),(56,19,0,0.00,'fixed',1),(57,5,0,0.00,'fixed',1),(57,7,0,0.00,'fixed',1),(57,8,0,0.00,'fixed',1),(57,10,0,0.00,'fixed',1),(57,11,0,0.00,'fixed',1),(57,12,0,0.00,'fixed',1),(58,2,0,0.00,'fixed',1),(58,6,0,0.00,'fixed',1),(58,11,0,0.00,'fixed',1),(58,14,0,0.00,'fixed',1),(58,17,0,0.00,'fixed',1),(58,19,0,0.00,'fixed',1),(59,3,0,0.00,'fixed',1),(59,4,0,0.00,'fixed',1),(59,8,0,0.00,'fixed',1),(59,10,0,0.00,'fixed',1),(59,14,0,0.00,'fixed',1),(59,17,0,0.00,'fixed',1),(60,4,0,0.00,'fixed',1),(60,8,0,0.00,'fixed',1),(60,12,0,0.00,'fixed',1),(60,13,0,0.00,'fixed',1),(60,16,0,0.00,'fixed',1),(60,18,0,0.00,'fixed',1),(61,3,0,0.00,'fixed',1),(61,9,0,0.00,'fixed',1),(61,10,0,0.00,'fixed',1),(61,11,0,0.00,'fixed',1),(61,14,0,0.00,'fixed',1),(62,7,0,0.00,'fixed',1),(62,9,0,0.00,'fixed',1),(62,10,0,0.00,'fixed',1),(62,14,0,0.00,'fixed',1),(62,16,0,0.00,'fixed',1),(62,17,0,0.00,'fixed',1),(63,1,0,0.00,'fixed',1),(63,2,0,0.00,'fixed',1),(63,6,0,0.00,'fixed',1),(63,8,0,0.00,'fixed',1),(63,9,0,0.00,'fixed',1),(63,15,0,0.00,'fixed',1),(63,17,0,0.00,'fixed',1),(64,1,0,0.00,'fixed',1),(64,4,0,0.00,'fixed',1),(64,10,0,0.00,'fixed',1),(64,11,0,0.00,'fixed',1),(64,14,0,0.00,'fixed',1),(64,16,0,0.00,'fixed',1),(64,17,0,0.00,'fixed',1),(65,2,0,0.00,'fixed',1),(65,3,0,0.00,'fixed',1),(65,4,0,0.00,'fixed',1),(65,8,0,0.00,'fixed',1),(65,9,0,0.00,'fixed',1),(65,11,0,0.00,'fixed',1),(65,18,0,0.00,'fixed',1);

--
-- Table structure for table `ec_product_files`
--

CREATE TABLE `ec_product_files` (
  `id` bigint unsigned NOT NULL AUTO_INCREMENT,
  `product_id` bigint unsigned DEFAULT NULL,
  `url` varchar(400) COLLATE utf8mb4_unicode_ci DEFAULT NULL,
  `extras` mediumtext COLLATE utf8mb4_unicode_ci,
  `created_at` timestamp NULL DEFAULT NULL,
  `updated_at` timestamp NULL DEFAULT NULL,
  PRIMARY KEY (`id`),
  KEY `ec_product_files_product_id_index` (`product_id`)
) ENGINE=InnoDB AUTO_INCREMENT=123 DEFAULT CHARSET=utf8mb4 COLLATE=utf8mb4_unicode_ci;

--
-- Dumping data for table `ec_product_files`
--

INSERT INTO `ec_product_files` VALUES (1,66,'ecommerce/digital-product-files/1.jpg','{\"filename\":\"1.jpg\",\"url\":\"ecommerce\\/digital-product-files\\/1.jpg\",\"mime_type\":\"image\\/jpeg\",\"size\":9730,\"modified\":\"2025-05-03 11:19:09\",\"name\":\"1\",\"extension\":\"jpg\"}','2025-05-03 11:19:09','2025-05-03 11:19:09'),(2,78,'ecommerce/digital-product-files/5.jpg','{\"filename\":\"5.jpg\",\"url\":\"ecommerce\\/digital-product-files\\/5.jpg\",\"mime_type\":\"image\\/jpeg\",\"size\":9730,\"modified\":\"2025-05-03 11:19:09\",\"name\":\"5\",\"extension\":\"jpg\"}','2025-05-03 11:19:09','2025-05-03 11:19:09'),(3,78,'ecommerce/digital-product-files/5-1.jpg','{\"filename\":\"5-1.jpg\",\"url\":\"ecommerce\\/digital-product-files\\/5-1.jpg\",\"mime_type\":\"image\\/jpeg\",\"size\":9730,\"modified\":\"2025-05-03 11:19:09\",\"name\":\"5-1\",\"extension\":\"jpg\"}','2025-05-03 11:19:09','2025-05-03 11:19:09'),(4,78,'ecommerce/digital-product-files/5-2.jpg','{\"filename\":\"5-2.jpg\",\"url\":\"ecommerce\\/digital-product-files\\/5-2.jpg\",\"mime_type\":\"image\\/jpeg\",\"size\":9730,\"modified\":\"2025-05-03 11:19:09\",\"name\":\"5-2\",\"extension\":\"jpg\"}','2025-05-03 11:19:09','2025-05-03 11:19:09'),(5,78,'ecommerce/digital-product-files/5-3.jpg','{\"filename\":\"5-3.jpg\",\"url\":\"ecommerce\\/digital-product-files\\/5-3.jpg\",\"mime_type\":\"image\\/jpeg\",\"size\":9730,\"modified\":\"2025-05-03 11:19:09\",\"name\":\"5-3\",\"extension\":\"jpg\"}','2025-05-03 11:19:09','2025-05-03 11:19:09'),(6,79,'ecommerce/digital-product-files/5.jpg','{\"filename\":\"5.jpg\",\"url\":\"ecommerce\\/digital-product-files\\/5.jpg\",\"mime_type\":\"image\\/jpeg\",\"size\":9730,\"modified\":\"2025-05-03 11:19:09\",\"name\":\"5\",\"extension\":\"jpg\"}','2025-05-03 11:19:09','2025-05-03 11:19:09'),(7,79,'ecommerce/digital-product-files/5-1.jpg','{\"filename\":\"5-1.jpg\",\"url\":\"ecommerce\\/digital-product-files\\/5-1.jpg\",\"mime_type\":\"image\\/jpeg\",\"size\":9730,\"modified\":\"2025-05-03 11:19:09\",\"name\":\"5-1\",\"extension\":\"jpg\"}','2025-05-03 11:19:09','2025-05-03 11:19:09'),(8,79,'ecommerce/digital-product-files/5-2.jpg','{\"filename\":\"5-2.jpg\",\"url\":\"ecommerce\\/digital-product-files\\/5-2.jpg\",\"mime_type\":\"image\\/jpeg\",\"size\":9730,\"modified\":\"2025-05-03 11:19:09\",\"name\":\"5-2\",\"extension\":\"jpg\"}','2025-05-03 11:19:09','2025-05-03 11:19:09'),(9,79,'ecommerce/digital-product-files/5-3.jpg','{\"filename\":\"5-3.jpg\",\"url\":\"ecommerce\\/digital-product-files\\/5-3.jpg\",\"mime_type\":\"image\\/jpeg\",\"size\":9730,\"modified\":\"2025-05-03 11:19:09\",\"name\":\"5-3\",\"extension\":\"jpg\"}','2025-05-03 11:19:09','2025-05-03 11:19:09'),(10,88,'ecommerce/digital-product-files/9.jpg','{\"filename\":\"9.jpg\",\"url\":\"ecommerce\\/digital-product-files\\/9.jpg\",\"mime_type\":\"image\\/jpeg\",\"size\":9730,\"modified\":\"2025-05-03 11:19:10\",\"name\":\"9\",\"extension\":\"jpg\"}','2025-05-03 11:19:10','2025-05-03 11:19:10'),(11,88,'ecommerce/digital-product-files/9-1.jpg','{\"filename\":\"9-1.jpg\",\"url\":\"ecommerce\\/digital-product-files\\/9-1.jpg\",\"mime_type\":\"image\\/jpeg\",\"size\":9730,\"modified\":\"2025-05-03 11:19:10\",\"name\":\"9-1\",\"extension\":\"jpg\"}','2025-05-03 11:19:10','2025-05-03 11:19:10'),(12,88,'ecommerce/digital-product-files/9-2.jpg','{\"filename\":\"9-2.jpg\",\"url\":\"ecommerce\\/digital-product-files\\/9-2.jpg\",\"mime_type\":\"image\\/jpeg\",\"size\":9730,\"modified\":\"2025-05-03 11:19:10\",\"name\":\"9-2\",\"extension\":\"jpg\"}','2025-05-03 11:19:10','2025-05-03 11:19:10'),(13,89,'ecommerce/digital-product-files/9.jpg','{\"filename\":\"9.jpg\",\"url\":\"ecommerce\\/digital-product-files\\/9.jpg\",\"mime_type\":\"image\\/jpeg\",\"size\":9730,\"modified\":\"2025-05-03 11:19:10\",\"name\":\"9\",\"extension\":\"jpg\"}','2025-05-03 11:19:10','2025-05-03 11:19:10'),(14,89,'ecommerce/digital-product-files/9-1.jpg','{\"filename\":\"9-1.jpg\",\"url\":\"ecommerce\\/digital-product-files\\/9-1.jpg\",\"mime_type\":\"image\\/jpeg\",\"size\":9730,\"modified\":\"2025-05-03 11:19:10\",\"name\":\"9-1\",\"extension\":\"jpg\"}','2025-05-03 11:19:10','2025-05-03 11:19:10'),(15,89,'ecommerce/digital-product-files/9-2.jpg','{\"filename\":\"9-2.jpg\",\"url\":\"ecommerce\\/digital-product-files\\/9-2.jpg\",\"mime_type\":\"image\\/jpeg\",\"size\":9730,\"modified\":\"2025-05-03 11:19:10\",\"name\":\"9-2\",\"extension\":\"jpg\"}','2025-05-03 11:19:10','2025-05-03 11:19:10'),(16,97,'ecommerce/digital-product-files/13.jpg','{\"filename\":\"13.jpg\",\"url\":\"ecommerce\\/digital-product-files\\/13.jpg\",\"mime_type\":\"image\\/jpeg\",\"size\":9730,\"modified\":\"2025-05-03 11:19:10\",\"name\":\"13\",\"extension\":\"jpg\"}','2025-05-03 11:19:10','2025-05-03 11:19:10'),(17,97,'ecommerce/digital-product-files/13-1.jpg','{\"filename\":\"13-1.jpg\",\"url\":\"ecommerce\\/digital-product-files\\/13-1.jpg\",\"mime_type\":\"image\\/jpeg\",\"size\":9730,\"modified\":\"2025-05-03 11:19:10\",\"name\":\"13-1\",\"extension\":\"jpg\"}','2025-05-03 11:19:10','2025-05-03 11:19:10'),(18,98,'ecommerce/digital-product-files/13.jpg','{\"filename\":\"13.jpg\",\"url\":\"ecommerce\\/digital-product-files\\/13.jpg\",\"mime_type\":\"image\\/jpeg\",\"size\":9730,\"modified\":\"2025-05-03 11:19:11\",\"name\":\"13\",\"extension\":\"jpg\"}','2025-05-03 11:19:11','2025-05-03 11:19:11'),(19,98,'ecommerce/digital-product-files/13-1.jpg','{\"filename\":\"13-1.jpg\",\"url\":\"ecommerce\\/digital-product-files\\/13-1.jpg\",\"mime_type\":\"image\\/jpeg\",\"size\":9730,\"modified\":\"2025-05-03 11:19:11\",\"name\":\"13-1\",\"extension\":\"jpg\"}','2025-05-03 11:19:11','2025-05-03 11:19:11'),(20,108,'ecommerce/digital-product-files/17.jpg','{\"filename\":\"17.jpg\",\"url\":\"ecommerce\\/digital-product-files\\/17.jpg\",\"mime_type\":\"image\\/jpeg\",\"size\":9730,\"modified\":\"2025-05-03 11:19:11\",\"name\":\"17\",\"extension\":\"jpg\"}','2025-05-03 11:19:11','2025-05-03 11:19:11'),(21,108,'ecommerce/digital-product-files/17-1.jpg','{\"filename\":\"17-1.jpg\",\"url\":\"ecommerce\\/digital-product-files\\/17-1.jpg\",\"mime_type\":\"image\\/jpeg\",\"size\":9730,\"modified\":\"2025-05-03 11:19:11\",\"name\":\"17-1\",\"extension\":\"jpg\"}','2025-05-03 11:19:11','2025-05-03 11:19:11'),(22,108,'ecommerce/digital-product-files/17-2.jpg','{\"filename\":\"17-2.jpg\",\"url\":\"ecommerce\\/digital-product-files\\/17-2.jpg\",\"mime_type\":\"image\\/jpeg\",\"size\":9730,\"modified\":\"2025-05-03 11:19:11\",\"name\":\"17-2\",\"extension\":\"jpg\"}','2025-05-03 11:19:11','2025-05-03 11:19:11'),(23,108,'ecommerce/digital-product-files/17-3.jpg','{\"filename\":\"17-3.jpg\",\"url\":\"ecommerce\\/digital-product-files\\/17-3.jpg\",\"mime_type\":\"image\\/jpeg\",\"size\":9730,\"modified\":\"2025-05-03 11:19:11\",\"name\":\"17-3\",\"extension\":\"jpg\"}','2025-05-03 11:19:11','2025-05-03 11:19:11'),(24,109,'ecommerce/digital-product-files/17.jpg','{\"filename\":\"17.jpg\",\"url\":\"ecommerce\\/digital-product-files\\/17.jpg\",\"mime_type\":\"image\\/jpeg\",\"size\":9730,\"modified\":\"2025-05-03 11:19:11\",\"name\":\"17\",\"extension\":\"jpg\"}','2025-05-03 11:19:11','2025-05-03 11:19:11'),(25,109,'ecommerce/digital-product-files/17-1.jpg','{\"filename\":\"17-1.jpg\",\"url\":\"ecommerce\\/digital-product-files\\/17-1.jpg\",\"mime_type\":\"image\\/jpeg\",\"size\":9730,\"modified\":\"2025-05-03 11:19:11\",\"name\":\"17-1\",\"extension\":\"jpg\"}','2025-05-03 11:19:11','2025-05-03 11:19:11'),(26,109,'ecommerce/digital-product-files/17-2.jpg','{\"filename\":\"17-2.jpg\",\"url\":\"ecommerce\\/digital-product-files\\/17-2.jpg\",\"mime_type\":\"image\\/jpeg\",\"size\":9730,\"modified\":\"2025-05-03 11:19:11\",\"name\":\"17-2\",\"extension\":\"jpg\"}','2025-05-03 11:19:11','2025-05-03 11:19:11'),(27,109,'ecommerce/digital-product-files/17-3.jpg','{\"filename\":\"17-3.jpg\",\"url\":\"ecommerce\\/digital-product-files\\/17-3.jpg\",\"mime_type\":\"image\\/jpeg\",\"size\":9730,\"modified\":\"2025-05-03 11:19:11\",\"name\":\"17-3\",\"extension\":\"jpg\"}','2025-05-03 11:19:11','2025-05-03 11:19:11'),(28,110,'ecommerce/digital-product-files/17.jpg','{\"filename\":\"17.jpg\",\"url\":\"ecommerce\\/digital-product-files\\/17.jpg\",\"mime_type\":\"image\\/jpeg\",\"size\":9730,\"modified\":\"2025-05-03 11:19:11\",\"name\":\"17\",\"extension\":\"jpg\"}','2025-05-03 11:19:11','2025-05-03 11:19:11'),(29,110,'ecommerce/digital-product-files/17-1.jpg','{\"filename\":\"17-1.jpg\",\"url\":\"ecommerce\\/digital-product-files\\/17-1.jpg\",\"mime_type\":\"image\\/jpeg\",\"size\":9730,\"modified\":\"2025-05-03 11:19:11\",\"name\":\"17-1\",\"extension\":\"jpg\"}','2025-05-03 11:19:11','2025-05-03 11:19:11'),(30,110,'ecommerce/digital-product-files/17-2.jpg','{\"filename\":\"17-2.jpg\",\"url\":\"ecommerce\\/digital-product-files\\/17-2.jpg\",\"mime_type\":\"image\\/jpeg\",\"size\":9730,\"modified\":\"2025-05-03 11:19:11\",\"name\":\"17-2\",\"extension\":\"jpg\"}','2025-05-03 11:19:11','2025-05-03 11:19:11'),(31,110,'ecommerce/digital-product-files/17-3.jpg','{\"filename\":\"17-3.jpg\",\"url\":\"ecommerce\\/digital-product-files\\/17-3.jpg\",\"mime_type\":\"image\\/jpeg\",\"size\":9730,\"modified\":\"2025-05-03 11:19:11\",\"name\":\"17-3\",\"extension\":\"jpg\"}','2025-05-03 11:19:11','2025-05-03 11:19:11'),(32,111,'ecommerce/digital-product-files/17.jpg','{\"filename\":\"17.jpg\",\"url\":\"ecommerce\\/digital-product-files\\/17.jpg\",\"mime_type\":\"image\\/jpeg\",\"size\":9730,\"modified\":\"2025-05-03 11:19:11\",\"name\":\"17\",\"extension\":\"jpg\"}','2025-05-03 11:19:11','2025-05-03 11:19:11'),(33,111,'ecommerce/digital-product-files/17-1.jpg','{\"filename\":\"17-1.jpg\",\"url\":\"ecommerce\\/digital-product-files\\/17-1.jpg\",\"mime_type\":\"image\\/jpeg\",\"size\":9730,\"modified\":\"2025-05-03 11:19:11\",\"name\":\"17-1\",\"extension\":\"jpg\"}','2025-05-03 11:19:11','2025-05-03 11:19:11'),(34,111,'ecommerce/digital-product-files/17-2.jpg','{\"filename\":\"17-2.jpg\",\"url\":\"ecommerce\\/digital-product-files\\/17-2.jpg\",\"mime_type\":\"image\\/jpeg\",\"size\":9730,\"modified\":\"2025-05-03 11:19:11\",\"name\":\"17-2\",\"extension\":\"jpg\"}','2025-05-03 11:19:11','2025-05-03 11:19:11'),(35,111,'ecommerce/digital-product-files/17-3.jpg','{\"filename\":\"17-3.jpg\",\"url\":\"ecommerce\\/digital-product-files\\/17-3.jpg\",\"mime_type\":\"image\\/jpeg\",\"size\":9730,\"modified\":\"2025-05-03 11:19:11\",\"name\":\"17-3\",\"extension\":\"jpg\"}','2025-05-03 11:19:11','2025-05-03 11:19:11'),(36,118,'ecommerce/digital-product-files/21.jpg','{\"filename\":\"21.jpg\",\"url\":\"ecommerce\\/digital-product-files\\/21.jpg\",\"mime_type\":\"image\\/jpeg\",\"size\":9730,\"modified\":\"2025-05-03 11:19:12\",\"name\":\"21\",\"extension\":\"jpg\"}','2025-05-03 11:19:12','2025-05-03 11:19:12'),(37,118,'ecommerce/digital-product-files/21-1.jpg','{\"filename\":\"21-1.jpg\",\"url\":\"ecommerce\\/digital-product-files\\/21-1.jpg\",\"mime_type\":\"image\\/jpeg\",\"size\":9730,\"modified\":\"2025-05-03 11:19:12\",\"name\":\"21-1\",\"extension\":\"jpg\"}','2025-05-03 11:19:12','2025-05-03 11:19:12'),(38,118,'ecommerce/digital-product-files/21-2.jpg','{\"filename\":\"21-2.jpg\",\"url\":\"ecommerce\\/digital-product-files\\/21-2.jpg\",\"mime_type\":\"image\\/jpeg\",\"size\":9730,\"modified\":\"2025-05-03 11:19:12\",\"name\":\"21-2\",\"extension\":\"jpg\"}','2025-05-03 11:19:12','2025-05-03 11:19:12'),(39,119,'ecommerce/digital-product-files/21.jpg','{\"filename\":\"21.jpg\",\"url\":\"ecommerce\\/digital-product-files\\/21.jpg\",\"mime_type\":\"image\\/jpeg\",\"size\":9730,\"modified\":\"2025-05-03 11:19:12\",\"name\":\"21\",\"extension\":\"jpg\"}','2025-05-03 11:19:12','2025-05-03 11:19:12'),(40,119,'ecommerce/digital-product-files/21-1.jpg','{\"filename\":\"21-1.jpg\",\"url\":\"ecommerce\\/digital-product-files\\/21-1.jpg\",\"mime_type\":\"image\\/jpeg\",\"size\":9730,\"modified\":\"2025-05-03 11:19:12\",\"name\":\"21-1\",\"extension\":\"jpg\"}','2025-05-03 11:19:12','2025-05-03 11:19:12'),(41,119,'ecommerce/digital-product-files/21-2.jpg','{\"filename\":\"21-2.jpg\",\"url\":\"ecommerce\\/digital-product-files\\/21-2.jpg\",\"mime_type\":\"image\\/jpeg\",\"size\":9730,\"modified\":\"2025-05-03 11:19:12\",\"name\":\"21-2\",\"extension\":\"jpg\"}','2025-05-03 11:19:12','2025-05-03 11:19:12'),(42,120,'ecommerce/digital-product-files/21.jpg','{\"filename\":\"21.jpg\",\"url\":\"ecommerce\\/digital-product-files\\/21.jpg\",\"mime_type\":\"image\\/jpeg\",\"size\":9730,\"modified\":\"2025-05-03 11:19:12\",\"name\":\"21\",\"extension\":\"jpg\"}','2025-05-03 11:19:12','2025-05-03 11:19:12'),(43,120,'ecommerce/digital-product-files/21-1.jpg','{\"filename\":\"21-1.jpg\",\"url\":\"ecommerce\\/digital-product-files\\/21-1.jpg\",\"mime_type\":\"image\\/jpeg\",\"size\":9730,\"modified\":\"2025-05-03 11:19:12\",\"name\":\"21-1\",\"extension\":\"jpg\"}','2025-05-03 11:19:12','2025-05-03 11:19:12'),(44,120,'ecommerce/digital-product-files/21-2.jpg','{\"filename\":\"21-2.jpg\",\"url\":\"ecommerce\\/digital-product-files\\/21-2.jpg\",\"mime_type\":\"image\\/jpeg\",\"size\":9730,\"modified\":\"2025-05-03 11:19:12\",\"name\":\"21-2\",\"extension\":\"jpg\"}','2025-05-03 11:19:12','2025-05-03 11:19:12'),(45,121,'ecommerce/digital-product-files/21.jpg','{\"filename\":\"21.jpg\",\"url\":\"ecommerce\\/digital-product-files\\/21.jpg\",\"mime_type\":\"image\\/jpeg\",\"size\":9730,\"modified\":\"2025-05-03 11:19:12\",\"name\":\"21\",\"extension\":\"jpg\"}','2025-05-03 11:19:12','2025-05-03 11:19:12'),(46,121,'ecommerce/digital-product-files/21-1.jpg','{\"filename\":\"21-1.jpg\",\"url\":\"ecommerce\\/digital-product-files\\/21-1.jpg\",\"mime_type\":\"image\\/jpeg\",\"size\":9730,\"modified\":\"2025-05-03 11:19:12\",\"name\":\"21-1\",\"extension\":\"jpg\"}','2025-05-03 11:19:12','2025-05-03 11:19:12'),(47,121,'ecommerce/digital-product-files/21-2.jpg','{\"filename\":\"21-2.jpg\",\"url\":\"ecommerce\\/digital-product-files\\/21-2.jpg\",\"mime_type\":\"image\\/jpeg\",\"size\":9730,\"modified\":\"2025-05-03 11:19:12\",\"name\":\"21-2\",\"extension\":\"jpg\"}','2025-05-03 11:19:12','2025-05-03 11:19:12'),(48,129,'ecommerce/digital-product-files/25.jpg','{\"filename\":\"25.jpg\",\"url\":\"ecommerce\\/digital-product-files\\/25.jpg\",\"mime_type\":\"image\\/jpeg\",\"size\":9730,\"modified\":\"2025-05-03 11:19:12\",\"name\":\"25\",\"extension\":\"jpg\"}','2025-05-03 11:19:12','2025-05-03 11:19:12'),(49,129,'ecommerce/digital-product-files/25-1.jpg','{\"filename\":\"25-1.jpg\",\"url\":\"ecommerce\\/digital-product-files\\/25-1.jpg\",\"mime_type\":\"image\\/jpeg\",\"size\":9730,\"modified\":\"2025-05-03 11:19:12\",\"name\":\"25-1\",\"extension\":\"jpg\"}','2025-05-03 11:19:12','2025-05-03 11:19:12'),(50,129,'ecommerce/digital-product-files/25-2.jpg','{\"filename\":\"25-2.jpg\",\"url\":\"ecommerce\\/digital-product-files\\/25-2.jpg\",\"mime_type\":\"image\\/jpeg\",\"size\":9730,\"modified\":\"2025-05-03 11:19:12\",\"name\":\"25-2\",\"extension\":\"jpg\"}','2025-05-03 11:19:12','2025-05-03 11:19:12'),(51,130,'ecommerce/digital-product-files/25.jpg','{\"filename\":\"25.jpg\",\"url\":\"ecommerce\\/digital-product-files\\/25.jpg\",\"mime_type\":\"image\\/jpeg\",\"size\":9730,\"modified\":\"2025-05-03 11:19:13\",\"name\":\"25\",\"extension\":\"jpg\"}','2025-05-03 11:19:13','2025-05-03 11:19:13'),(52,130,'ecommerce/digital-product-files/25-1.jpg','{\"filename\":\"25-1.jpg\",\"url\":\"ecommerce\\/digital-product-files\\/25-1.jpg\",\"mime_type\":\"image\\/jpeg\",\"size\":9730,\"modified\":\"2025-05-03 11:19:13\",\"name\":\"25-1\",\"extension\":\"jpg\"}','2025-05-03 11:19:13','2025-05-03 11:19:13'),(53,130,'ecommerce/digital-product-files/25-2.jpg','{\"filename\":\"25-2.jpg\",\"url\":\"ecommerce\\/digital-product-files\\/25-2.jpg\",\"mime_type\":\"image\\/jpeg\",\"size\":9730,\"modified\":\"2025-05-03 11:19:13\",\"name\":\"25-2\",\"extension\":\"jpg\"}','2025-05-03 11:19:13','2025-05-03 11:19:13'),(54,140,'ecommerce/digital-product-files/29.jpg','{\"filename\":\"29.jpg\",\"url\":\"ecommerce\\/digital-product-files\\/29.jpg\",\"mime_type\":\"image\\/jpeg\",\"size\":9730,\"modified\":\"2025-05-03 11:19:13\",\"name\":\"29\",\"extension\":\"jpg\"}','2025-05-03 11:19:13','2025-05-03 11:19:13'),(55,140,'ecommerce/digital-product-files/29-1.jpg','{\"filename\":\"29-1.jpg\",\"url\":\"ecommerce\\/digital-product-files\\/29-1.jpg\",\"mime_type\":\"image\\/jpeg\",\"size\":9730,\"modified\":\"2025-05-03 11:19:13\",\"name\":\"29-1\",\"extension\":\"jpg\"}','2025-05-03 11:19:13','2025-05-03 11:19:13'),(56,140,'ecommerce/digital-product-files/29-2.jpg','{\"filename\":\"29-2.jpg\",\"url\":\"ecommerce\\/digital-product-files\\/29-2.jpg\",\"mime_type\":\"image\\/jpeg\",\"size\":9730,\"modified\":\"2025-05-03 11:19:13\",\"name\":\"29-2\",\"extension\":\"jpg\"}','2025-05-03 11:19:13','2025-05-03 11:19:13'),(57,141,'ecommerce/digital-product-files/29.jpg','{\"filename\":\"29.jpg\",\"url\":\"ecommerce\\/digital-product-files\\/29.jpg\",\"mime_type\":\"image\\/jpeg\",\"size\":9730,\"modified\":\"2025-05-03 11:19:13\",\"name\":\"29\",\"extension\":\"jpg\"}','2025-05-03 11:19:13','2025-05-03 11:19:13'),(58,141,'ecommerce/digital-product-files/29-1.jpg','{\"filename\":\"29-1.jpg\",\"url\":\"ecommerce\\/digital-product-files\\/29-1.jpg\",\"mime_type\":\"image\\/jpeg\",\"size\":9730,\"modified\":\"2025-05-03 11:19:13\",\"name\":\"29-1\",\"extension\":\"jpg\"}','2025-05-03 11:19:13','2025-05-03 11:19:13'),(59,141,'ecommerce/digital-product-files/29-2.jpg','{\"filename\":\"29-2.jpg\",\"url\":\"ecommerce\\/digital-product-files\\/29-2.jpg\",\"mime_type\":\"image\\/jpeg\",\"size\":9730,\"modified\":\"2025-05-03 11:19:13\",\"name\":\"29-2\",\"extension\":\"jpg\"}','2025-05-03 11:19:13','2025-05-03 11:19:13'),(60,148,'ecommerce/digital-product-files/33.jpg','{\"filename\":\"33.jpg\",\"url\":\"ecommerce\\/digital-product-files\\/33.jpg\",\"mime_type\":\"image\\/jpeg\",\"size\":9730,\"modified\":\"2025-05-03 11:19:14\",\"name\":\"33\",\"extension\":\"jpg\"}','2025-05-03 11:19:14','2025-05-03 11:19:14'),(61,148,'ecommerce/digital-product-files/33-1.jpg','{\"filename\":\"33-1.jpg\",\"url\":\"ecommerce\\/digital-product-files\\/33-1.jpg\",\"mime_type\":\"image\\/jpeg\",\"size\":9730,\"modified\":\"2025-05-03 11:19:14\",\"name\":\"33-1\",\"extension\":\"jpg\"}','2025-05-03 11:19:14','2025-05-03 11:19:14'),(62,148,'ecommerce/digital-product-files/33-2.jpg','{\"filename\":\"33-2.jpg\",\"url\":\"ecommerce\\/digital-product-files\\/33-2.jpg\",\"mime_type\":\"image\\/jpeg\",\"size\":9730,\"modified\":\"2025-05-03 11:19:14\",\"name\":\"33-2\",\"extension\":\"jpg\"}','2025-05-03 11:19:14','2025-05-03 11:19:14'),(63,149,'ecommerce/digital-product-files/33.jpg','{\"filename\":\"33.jpg\",\"url\":\"ecommerce\\/digital-product-files\\/33.jpg\",\"mime_type\":\"image\\/jpeg\",\"size\":9730,\"modified\":\"2025-05-03 11:19:14\",\"name\":\"33\",\"extension\":\"jpg\"}','2025-05-03 11:19:14','2025-05-03 11:19:14'),(64,149,'ecommerce/digital-product-files/33-1.jpg','{\"filename\":\"33-1.jpg\",\"url\":\"ecommerce\\/digital-product-files\\/33-1.jpg\",\"mime_type\":\"image\\/jpeg\",\"size\":9730,\"modified\":\"2025-05-03 11:19:14\",\"name\":\"33-1\",\"extension\":\"jpg\"}','2025-05-03 11:19:14','2025-05-03 11:19:14'),(65,149,'ecommerce/digital-product-files/33-2.jpg','{\"filename\":\"33-2.jpg\",\"url\":\"ecommerce\\/digital-product-files\\/33-2.jpg\",\"mime_type\":\"image\\/jpeg\",\"size\":9730,\"modified\":\"2025-05-03 11:19:14\",\"name\":\"33-2\",\"extension\":\"jpg\"}','2025-05-03 11:19:14','2025-05-03 11:19:14'),(66,150,'ecommerce/digital-product-files/33.jpg','{\"filename\":\"33.jpg\",\"url\":\"ecommerce\\/digital-product-files\\/33.jpg\",\"mime_type\":\"image\\/jpeg\",\"size\":9730,\"modified\":\"2025-05-03 11:19:14\",\"name\":\"33\",\"extension\":\"jpg\"}','2025-05-03 11:19:14','2025-05-03 11:19:14'),(67,150,'ecommerce/digital-product-files/33-1.jpg','{\"filename\":\"33-1.jpg\",\"url\":\"ecommerce\\/digital-product-files\\/33-1.jpg\",\"mime_type\":\"image\\/jpeg\",\"size\":9730,\"modified\":\"2025-05-03 11:19:14\",\"name\":\"33-1\",\"extension\":\"jpg\"}','2025-05-03 11:19:14','2025-05-03 11:19:14'),(68,150,'ecommerce/digital-product-files/33-2.jpg','{\"filename\":\"33-2.jpg\",\"url\":\"ecommerce\\/digital-product-files\\/33-2.jpg\",\"mime_type\":\"image\\/jpeg\",\"size\":9730,\"modified\":\"2025-05-03 11:19:14\",\"name\":\"33-2\",\"extension\":\"jpg\"}','2025-05-03 11:19:14','2025-05-03 11:19:14'),(69,151,'ecommerce/digital-product-files/33.jpg','{\"filename\":\"33.jpg\",\"url\":\"ecommerce\\/digital-product-files\\/33.jpg\",\"mime_type\":\"image\\/jpeg\",\"size\":9730,\"modified\":\"2025-05-03 11:19:14\",\"name\":\"33\",\"extension\":\"jpg\"}','2025-05-03 11:19:14','2025-05-03 11:19:14'),(70,151,'ecommerce/digital-product-files/33-1.jpg','{\"filename\":\"33-1.jpg\",\"url\":\"ecommerce\\/digital-product-files\\/33-1.jpg\",\"mime_type\":\"image\\/jpeg\",\"size\":9730,\"modified\":\"2025-05-03 11:19:14\",\"name\":\"33-1\",\"extension\":\"jpg\"}','2025-05-03 11:19:14','2025-05-03 11:19:14'),(71,151,'ecommerce/digital-product-files/33-2.jpg','{\"filename\":\"33-2.jpg\",\"url\":\"ecommerce\\/digital-product-files\\/33-2.jpg\",\"mime_type\":\"image\\/jpeg\",\"size\":9730,\"modified\":\"2025-05-03 11:19:14\",\"name\":\"33-2\",\"extension\":\"jpg\"}','2025-05-03 11:19:14','2025-05-03 11:19:14'),(72,162,'ecommerce/digital-product-files/37.jpg','{\"filename\":\"37.jpg\",\"url\":\"ecommerce\\/digital-product-files\\/37.jpg\",\"mime_type\":\"image\\/jpeg\",\"size\":9730,\"modified\":\"2025-05-03 11:19:15\",\"name\":\"37\",\"extension\":\"jpg\"}','2025-05-03 11:19:15','2025-05-03 11:19:15'),(73,162,'ecommerce/digital-product-files/37-1.jpg','{\"filename\":\"37-1.jpg\",\"url\":\"ecommerce\\/digital-product-files\\/37-1.jpg\",\"mime_type\":\"image\\/jpeg\",\"size\":9730,\"modified\":\"2025-05-03 11:19:15\",\"name\":\"37-1\",\"extension\":\"jpg\"}','2025-05-03 11:19:15','2025-05-03 11:19:15'),(74,162,'ecommerce/digital-product-files/37-2.jpg','{\"filename\":\"37-2.jpg\",\"url\":\"ecommerce\\/digital-product-files\\/37-2.jpg\",\"mime_type\":\"image\\/jpeg\",\"size\":9730,\"modified\":\"2025-05-03 11:19:15\",\"name\":\"37-2\",\"extension\":\"jpg\"}','2025-05-03 11:19:15','2025-05-03 11:19:15'),(75,170,'ecommerce/digital-product-files/41.jpg','{\"filename\":\"41.jpg\",\"url\":\"ecommerce\\/digital-product-files\\/41.jpg\",\"mime_type\":\"image\\/jpeg\",\"size\":9730,\"modified\":\"2025-05-03 11:19:15\",\"name\":\"41\",\"extension\":\"jpg\"}','2025-05-03 11:19:15','2025-05-03 11:19:15'),(76,170,'ecommerce/digital-product-files/41-1.jpg','{\"filename\":\"41-1.jpg\",\"url\":\"ecommerce\\/digital-product-files\\/41-1.jpg\",\"mime_type\":\"image\\/jpeg\",\"size\":9730,\"modified\":\"2025-05-03 11:19:15\",\"name\":\"41-1\",\"extension\":\"jpg\"}','2025-05-03 11:19:15','2025-05-03 11:19:15'),(77,170,'ecommerce/digital-product-files/41-2.jpg','{\"filename\":\"41-2.jpg\",\"url\":\"ecommerce\\/digital-product-files\\/41-2.jpg\",\"mime_type\":\"image\\/jpeg\",\"size\":9730,\"modified\":\"2025-05-03 11:19:15\",\"name\":\"41-2\",\"extension\":\"jpg\"}','2025-05-03 11:19:15','2025-05-03 11:19:15'),(78,171,'ecommerce/digital-product-files/41.jpg','{\"filename\":\"41.jpg\",\"url\":\"ecommerce\\/digital-product-files\\/41.jpg\",\"mime_type\":\"image\\/jpeg\",\"size\":9730,\"modified\":\"2025-05-03 11:19:15\",\"name\":\"41\",\"extension\":\"jpg\"}','2025-05-03 11:19:15','2025-05-03 11:19:15'),(79,171,'ecommerce/digital-product-files/41-1.jpg','{\"filename\":\"41-1.jpg\",\"url\":\"ecommerce\\/digital-product-files\\/41-1.jpg\",\"mime_type\":\"image\\/jpeg\",\"size\":9730,\"modified\":\"2025-05-03 11:19:15\",\"name\":\"41-1\",\"extension\":\"jpg\"}','2025-05-03 11:19:15','2025-05-03 11:19:15'),(80,171,'ecommerce/digital-product-files/41-2.jpg','{\"filename\":\"41-2.jpg\",\"url\":\"ecommerce\\/digital-product-files\\/41-2.jpg\",\"mime_type\":\"image\\/jpeg\",\"size\":9730,\"modified\":\"2025-05-03 11:19:15\",\"name\":\"41-2\",\"extension\":\"jpg\"}','2025-05-03 11:19:15','2025-05-03 11:19:15'),(81,172,'ecommerce/digital-product-files/41.jpg','{\"filename\":\"41.jpg\",\"url\":\"ecommerce\\/digital-product-files\\/41.jpg\",\"mime_type\":\"image\\/jpeg\",\"size\":9730,\"modified\":\"2025-05-03 11:19:15\",\"name\":\"41\",\"extension\":\"jpg\"}','2025-05-03 11:19:15','2025-05-03 11:19:15'),(82,172,'ecommerce/digital-product-files/41-1.jpg','{\"filename\":\"41-1.jpg\",\"url\":\"ecommerce\\/digital-product-files\\/41-1.jpg\",\"mime_type\":\"image\\/jpeg\",\"size\":9730,\"modified\":\"2025-05-03 11:19:15\",\"name\":\"41-1\",\"extension\":\"jpg\"}','2025-05-03 11:19:15','2025-05-03 11:19:15'),(83,172,'ecommerce/digital-product-files/41-2.jpg','{\"filename\":\"41-2.jpg\",\"url\":\"ecommerce\\/digital-product-files\\/41-2.jpg\",\"mime_type\":\"image\\/jpeg\",\"size\":9730,\"modified\":\"2025-05-03 11:19:15\",\"name\":\"41-2\",\"extension\":\"jpg\"}','2025-05-03 11:19:15','2025-05-03 11:19:15'),(84,173,'ecommerce/digital-product-files/41.jpg','{\"filename\":\"41.jpg\",\"url\":\"ecommerce\\/digital-product-files\\/41.jpg\",\"mime_type\":\"image\\/jpeg\",\"size\":9730,\"modified\":\"2025-05-03 11:19:15\",\"name\":\"41\",\"extension\":\"jpg\"}','2025-05-03 11:19:15','2025-05-03 11:19:15'),(85,173,'ecommerce/digital-product-files/41-1.jpg','{\"filename\":\"41-1.jpg\",\"url\":\"ecommerce\\/digital-product-files\\/41-1.jpg\",\"mime_type\":\"image\\/jpeg\",\"size\":9730,\"modified\":\"2025-05-03 11:19:15\",\"name\":\"41-1\",\"extension\":\"jpg\"}','2025-05-03 11:19:15','2025-05-03 11:19:15'),(86,173,'ecommerce/digital-product-files/41-2.jpg','{\"filename\":\"41-2.jpg\",\"url\":\"ecommerce\\/digital-product-files\\/41-2.jpg\",\"mime_type\":\"image\\/jpeg\",\"size\":9730,\"modified\":\"2025-05-03 11:19:15\",\"name\":\"41-2\",\"extension\":\"jpg\"}','2025-05-03 11:19:15','2025-05-03 11:19:15'),(87,181,'ecommerce/digital-product-files/45.jpg','{\"filename\":\"45.jpg\",\"url\":\"ecommerce\\/digital-product-files\\/45.jpg\",\"mime_type\":\"image\\/jpeg\",\"size\":9730,\"modified\":\"2025-05-03 11:19:16\",\"name\":\"45\",\"extension\":\"jpg\"}','2025-05-03 11:19:16','2025-05-03 11:19:16'),(88,181,'ecommerce/digital-product-files/45-1.jpg','{\"filename\":\"45-1.jpg\",\"url\":\"ecommerce\\/digital-product-files\\/45-1.jpg\",\"mime_type\":\"image\\/jpeg\",\"size\":9730,\"modified\":\"2025-05-03 11:19:16\",\"name\":\"45-1\",\"extension\":\"jpg\"}','2025-05-03 11:19:16','2025-05-03 11:19:16'),(89,190,'ecommerce/digital-product-files/49.jpg','{\"filename\":\"49.jpg\",\"url\":\"ecommerce\\/digital-product-files\\/49.jpg\",\"mime_type\":\"image\\/jpeg\",\"size\":9730,\"modified\":\"2025-05-03 11:19:16\",\"name\":\"49\",\"extension\":\"jpg\"}','2025-05-03 11:19:16','2025-05-03 11:19:16'),(90,190,'ecommerce/digital-product-files/49-1.jpg','{\"filename\":\"49-1.jpg\",\"url\":\"ecommerce\\/digital-product-files\\/49-1.jpg\",\"mime_type\":\"image\\/jpeg\",\"size\":9730,\"modified\":\"2025-05-03 11:19:16\",\"name\":\"49-1\",\"extension\":\"jpg\"}','2025-05-03 11:19:16','2025-05-03 11:19:16'),(91,190,'ecommerce/digital-product-files/49-2.jpg','{\"filename\":\"49-2.jpg\",\"url\":\"ecommerce\\/digital-product-files\\/49-2.jpg\",\"mime_type\":\"image\\/jpeg\",\"size\":9730,\"modified\":\"2025-05-03 11:19:16\",\"name\":\"49-2\",\"extension\":\"jpg\"}','2025-05-03 11:19:16','2025-05-03 11:19:16'),(92,191,'ecommerce/digital-product-files/49.jpg','{\"filename\":\"49.jpg\",\"url\":\"ecommerce\\/digital-product-files\\/49.jpg\",\"mime_type\":\"image\\/jpeg\",\"size\":9730,\"modified\":\"2025-05-03 11:19:16\",\"name\":\"49\",\"extension\":\"jpg\"}','2025-05-03 11:19:16','2025-05-03 11:19:16'),(93,191,'ecommerce/digital-product-files/49-1.jpg','{\"filename\":\"49-1.jpg\",\"url\":\"ecommerce\\/digital-product-files\\/49-1.jpg\",\"mime_type\":\"image\\/jpeg\",\"size\":9730,\"modified\":\"2025-05-03 11:19:16\",\"name\":\"49-1\",\"extension\":\"jpg\"}','2025-05-03 11:19:16','2025-05-03 11:19:16'),(94,191,'ecommerce/digital-product-files/49-2.jpg','{\"filename\":\"49-2.jpg\",\"url\":\"ecommerce\\/digital-product-files\\/49-2.jpg\",\"mime_type\":\"image\\/jpeg\",\"size\":9730,\"modified\":\"2025-05-03 11:19:16\",\"name\":\"49-2\",\"extension\":\"jpg\"}','2025-05-03 11:19:16','2025-05-03 11:19:16'),(95,192,'ecommerce/digital-product-files/49.jpg','{\"filename\":\"49.jpg\",\"url\":\"ecommerce\\/digital-product-files\\/49.jpg\",\"mime_type\":\"image\\/jpeg\",\"size\":9730,\"modified\":\"2025-05-03 11:19:16\",\"name\":\"49\",\"extension\":\"jpg\"}','2025-05-03 11:19:16','2025-05-03 11:19:16'),(96,192,'ecommerce/digital-product-files/49-1.jpg','{\"filename\":\"49-1.jpg\",\"url\":\"ecommerce\\/digital-product-files\\/49-1.jpg\",\"mime_type\":\"image\\/jpeg\",\"size\":9730,\"modified\":\"2025-05-03 11:19:16\",\"name\":\"49-1\",\"extension\":\"jpg\"}','2025-05-03 11:19:16','2025-05-03 11:19:16'),(97,192,'ecommerce/digital-product-files/49-2.jpg','{\"filename\":\"49-2.jpg\",\"url\":\"ecommerce\\/digital-product-files\\/49-2.jpg\",\"mime_type\":\"image\\/jpeg\",\"size\":9730,\"modified\":\"2025-05-03 11:19:17\",\"name\":\"49-2\",\"extension\":\"jpg\"}','2025-05-03 11:19:17','2025-05-03 11:19:17'),(98,198,'ecommerce/digital-product-files/53.jpg','{\"filename\":\"53.jpg\",\"url\":\"ecommerce\\/digital-product-files\\/53.jpg\",\"mime_type\":\"image\\/jpeg\",\"size\":9730,\"modified\":\"2025-05-03 11:19:17\",\"name\":\"53\",\"extension\":\"jpg\"}','2025-05-03 11:19:17','2025-05-03 11:19:17'),(99,198,'ecommerce/digital-product-files/53-1.jpg','{\"filename\":\"53-1.jpg\",\"url\":\"ecommerce\\/digital-product-files\\/53-1.jpg\",\"mime_type\":\"image\\/jpeg\",\"size\":9730,\"modified\":\"2025-05-03 11:19:17\",\"name\":\"53-1\",\"extension\":\"jpg\"}','2025-05-03 11:19:17','2025-05-03 11:19:17'),(100,199,'ecommerce/digital-product-files/53.jpg','{\"filename\":\"53.jpg\",\"url\":\"ecommerce\\/digital-product-files\\/53.jpg\",\"mime_type\":\"image\\/jpeg\",\"size\":9730,\"modified\":\"2025-05-03 11:19:17\",\"name\":\"53\",\"extension\":\"jpg\"}','2025-05-03 11:19:17','2025-05-03 11:19:17'),(101,199,'ecommerce/digital-product-files/53-1.jpg','{\"filename\":\"53-1.jpg\",\"url\":\"ecommerce\\/digital-product-files\\/53-1.jpg\",\"mime_type\":\"image\\/jpeg\",\"size\":9730,\"modified\":\"2025-05-03 11:19:17\",\"name\":\"53-1\",\"extension\":\"jpg\"}','2025-05-03 11:19:17','2025-05-03 11:19:17'),(102,211,'ecommerce/digital-product-files/57.jpg','{\"filename\":\"57.jpg\",\"url\":\"ecommerce\\/digital-product-files\\/57.jpg\",\"mime_type\":\"image\\/jpeg\",\"size\":9730,\"modified\":\"2025-05-03 11:19:18\",\"name\":\"57\",\"extension\":\"jpg\"}','2025-05-03 11:19:18','2025-05-03 11:19:18'),(103,211,'ecommerce/digital-product-files/57-1.jpg','{\"filename\":\"57-1.jpg\",\"url\":\"ecommerce\\/digital-product-files\\/57-1.jpg\",\"mime_type\":\"image\\/jpeg\",\"size\":9730,\"modified\":\"2025-05-03 11:19:18\",\"name\":\"57-1\",\"extension\":\"jpg\"}','2025-05-03 11:19:18','2025-05-03 11:19:18'),(104,212,'ecommerce/digital-product-files/57.jpg','{\"filename\":\"57.jpg\",\"url\":\"ecommerce\\/digital-product-files\\/57.jpg\",\"mime_type\":\"image\\/jpeg\",\"size\":9730,\"modified\":\"2025-05-03 11:19:18\",\"name\":\"57\",\"extension\":\"jpg\"}','2025-05-03 11:19:18','2025-05-03 11:19:18'),(105,212,'ecommerce/digital-product-files/57-1.jpg','{\"filename\":\"57-1.jpg\",\"url\":\"ecommerce\\/digital-product-files\\/57-1.jpg\",\"mime_type\":\"image\\/jpeg\",\"size\":9730,\"modified\":\"2025-05-03 11:19:18\",\"name\":\"57-1\",\"extension\":\"jpg\"}','2025-05-03 11:19:18','2025-05-03 11:19:18'),(106,220,'ecommerce/digital-product-files/61.jpg','{\"filename\":\"61.jpg\",\"url\":\"ecommerce\\/digital-product-files\\/61.jpg\",\"mime_type\":\"image\\/jpeg\",\"size\":9730,\"modified\":\"2025-05-03 11:19:18\",\"name\":\"61\",\"extension\":\"jpg\"}','2025-05-03 11:19:18','2025-05-03 11:19:18'),(107,220,'ecommerce/digital-product-files/61-1.jpg','{\"filename\":\"61-1.jpg\",\"url\":\"ecommerce\\/digital-product-files\\/61-1.jpg\",\"mime_type\":\"image\\/jpeg\",\"size\":9730,\"modified\":\"2025-05-03 11:19:18\",\"name\":\"61-1\",\"extension\":\"jpg\"}','2025-05-03 11:19:18','2025-05-03 11:19:18'),(108,221,'ecommerce/digital-product-files/61.jpg','{\"filename\":\"61.jpg\",\"url\":\"ecommerce\\/digital-product-files\\/61.jpg\",\"mime_type\":\"image\\/jpeg\",\"size\":9730,\"modified\":\"2025-05-03 11:19:18\",\"name\":\"61\",\"extension\":\"jpg\"}','2025-05-03 11:19:18','2025-05-03 11:19:18'),(109,221,'ecommerce/digital-product-files/61-1.jpg','{\"filename\":\"61-1.jpg\",\"url\":\"ecommerce\\/digital-product-files\\/61-1.jpg\",\"mime_type\":\"image\\/jpeg\",\"size\":9730,\"modified\":\"2025-05-03 11:19:18\",\"name\":\"61-1\",\"extension\":\"jpg\"}','2025-05-03 11:19:18','2025-05-03 11:19:18'),(110,222,'ecommerce/digital-product-files/61.jpg','{\"filename\":\"61.jpg\",\"url\":\"ecommerce\\/digital-product-files\\/61.jpg\",\"mime_type\":\"image\\/jpeg\",\"size\":9730,\"modified\":\"2025-05-03 11:19:18\",\"name\":\"61\",\"extension\":\"jpg\"}','2025-05-03 11:19:18','2025-05-03 11:19:18'),(111,222,'ecommerce/digital-product-files/61-1.jpg','{\"filename\":\"61-1.jpg\",\"url\":\"ecommerce\\/digital-product-files\\/61-1.jpg\",\"mime_type\":\"image\\/jpeg\",\"size\":9730,\"modified\":\"2025-05-03 11:19:18\",\"name\":\"61-1\",\"extension\":\"jpg\"}','2025-05-03 11:19:18','2025-05-03 11:19:18'),(112,223,'ecommerce/digital-product-files/61.jpg','{\"filename\":\"61.jpg\",\"url\":\"ecommerce\\/digital-product-files\\/61.jpg\",\"mime_type\":\"image\\/jpeg\",\"size\":9730,\"modified\":\"2025-05-03 11:19:18\",\"name\":\"61\",\"extension\":\"jpg\"}','2025-05-03 11:19:18','2025-05-03 11:19:18'),(113,223,'ecommerce/digital-product-files/61-1.jpg','{\"filename\":\"61-1.jpg\",\"url\":\"ecommerce\\/digital-product-files\\/61-1.jpg\",\"mime_type\":\"image\\/jpeg\",\"size\":9730,\"modified\":\"2025-05-03 11:19:18\",\"name\":\"61-1\",\"extension\":\"jpg\"}','2025-05-03 11:19:18','2025-05-03 11:19:18'),(114,231,'ecommerce/digital-product-files/65.jpg','{\"filename\":\"65.jpg\",\"url\":\"ecommerce\\/digital-product-files\\/65.jpg\",\"mime_type\":\"image\\/jpeg\",\"size\":9730,\"modified\":\"2025-05-03 11:19:19\",\"name\":\"65\",\"extension\":\"jpg\"}','2025-05-03 11:19:19','2025-05-03 11:19:19'),(115,231,'ecommerce/digital-product-files/65-1.jpg','{\"filename\":\"65-1.jpg\",\"url\":\"ecommerce\\/digital-product-files\\/65-1.jpg\",\"mime_type\":\"image\\/jpeg\",\"size\":9730,\"modified\":\"2025-05-03 11:19:19\",\"name\":\"65-1\",\"extension\":\"jpg\"}','2025-05-03 11:19:19','2025-05-03 11:19:19'),(116,231,'ecommerce/digital-product-files/65-2.jpg','{\"filename\":\"65-2.jpg\",\"url\":\"ecommerce\\/digital-product-files\\/65-2.jpg\",\"mime_type\":\"image\\/jpeg\",\"size\":9730,\"modified\":\"2025-05-03 11:19:19\",\"name\":\"65-2\",\"extension\":\"jpg\"}','2025-05-03 11:19:19','2025-05-03 11:19:19'),(117,232,'ecommerce/digital-product-files/65.jpg','{\"filename\":\"65.jpg\",\"url\":\"ecommerce\\/digital-product-files\\/65.jpg\",\"mime_type\":\"image\\/jpeg\",\"size\":9730,\"modified\":\"2025-05-03 11:19:19\",\"name\":\"65\",\"extension\":\"jpg\"}','2025-05-03 11:19:19','2025-05-03 11:19:19'),(118,232,'ecommerce/digital-product-files/65-1.jpg','{\"filename\":\"65-1.jpg\",\"url\":\"ecommerce\\/digital-product-files\\/65-1.jpg\",\"mime_type\":\"image\\/jpeg\",\"size\":9730,\"modified\":\"2025-05-03 11:19:19\",\"name\":\"65-1\",\"extension\":\"jpg\"}','2025-05-03 11:19:19','2025-05-03 11:19:19'),(119,232,'ecommerce/digital-product-files/65-2.jpg','{\"filename\":\"65-2.jpg\",\"url\":\"ecommerce\\/digital-product-files\\/65-2.jpg\",\"mime_type\":\"image\\/jpeg\",\"size\":9730,\"modified\":\"2025-05-03 11:19:19\",\"name\":\"65-2\",\"extension\":\"jpg\"}','2025-05-03 11:19:19','2025-05-03 11:19:19'),(120,233,'ecommerce/digital-product-files/65.jpg','{\"filename\":\"65.jpg\",\"url\":\"ecommerce\\/digital-product-files\\/65.jpg\",\"mime_type\":\"image\\/jpeg\",\"size\":9730,\"modified\":\"2025-05-03 11:19:19\",\"name\":\"65\",\"extension\":\"jpg\"}','2025-05-03 11:19:19','2025-05-03 11:19:19'),(121,233,'ecommerce/digital-product-files/65-1.jpg','{\"filename\":\"65-1.jpg\",\"url\":\"ecommerce\\/digital-product-files\\/65-1.jpg\",\"mime_type\":\"image\\/jpeg\",\"size\":9730,\"modified\":\"2025-05-03 11:19:19\",\"name\":\"65-1\",\"extension\":\"jpg\"}','2025-05-03 11:19:19','2025-05-03 11:19:19'),(122,233,'ecommerce/digital-product-files/65-2.jpg','{\"filename\":\"65-2.jpg\",\"url\":\"ecommerce\\/digital-product-files\\/65-2.jpg\",\"mime_type\":\"image\\/jpeg\",\"size\":9730,\"modified\":\"2025-05-03 11:19:19\",\"name\":\"65-2\",\"extension\":\"jpg\"}','2025-05-03 11:19:19','2025-05-03 11:19:19');

--
-- Table structure for table `ec_product_label_products`
--

CREATE TABLE `ec_product_label_products` (
  `product_label_id` bigint unsigned NOT NULL,
  `product_id` bigint unsigned NOT NULL,
  PRIMARY KEY (`product_label_id`,`product_id`),
  KEY `ec_product_label_products_product_label_id_index` (`product_label_id`),
  KEY `ec_product_label_products_product_id_index` (`product_id`)
) ENGINE=InnoDB DEFAULT CHARSET=utf8mb4 COLLATE=utf8mb4_unicode_ci;

--
-- Dumping data for table `ec_product_label_products`
--

INSERT INTO `ec_product_label_products` VALUES (1,21),(1,24),(1,39),(1,45),(1,51),(1,63),(2,9),(2,12),(2,27),(2,33),(3,3),(3,6),(3,15),(3,18),(3,30),(3,36),(3,42),(3,48),(3,54),(3,57),(3,60);

--
-- Table structure for table `ec_product_labels`
--

CREATE TABLE `ec_product_labels` (
  `id` bigint unsigned NOT NULL AUTO_INCREMENT,
  `name` varchar(191) COLLATE utf8mb4_unicode_ci NOT NULL,
  `color` varchar(120) COLLATE utf8mb4_unicode_ci DEFAULT NULL,
  `status` varchar(60) COLLATE utf8mb4_unicode_ci NOT NULL DEFAULT 'published',
  `created_at` timestamp NULL DEFAULT NULL,
  `updated_at` timestamp NULL DEFAULT NULL,
  `text_color` varchar(120) COLLATE utf8mb4_unicode_ci DEFAULT NULL,
  PRIMARY KEY (`id`)
) ENGINE=InnoDB AUTO_INCREMENT=4 DEFAULT CHARSET=utf8mb4 COLLATE=utf8mb4_unicode_ci;

--
-- Dumping data for table `ec_product_labels`
--

INSERT INTO `ec_product_labels` VALUES (1,'Hot','#d71e2d','published','2025-05-03 11:18:38','2025-05-03 11:18:38',NULL),(2,'New','#02856e','published','2025-05-03 11:18:38','2025-05-03 11:18:38',NULL),(3,'Sale','#fe9931','published','2025-05-03 11:18:38','2025-05-03 11:18:38',NULL);

--
-- Table structure for table `ec_product_labels_translations`
--

CREATE TABLE `ec_product_labels_translations` (
  `lang_code` varchar(191) COLLATE utf8mb4_unicode_ci NOT NULL,
  `ec_product_labels_id` bigint unsigned NOT NULL,
  `name` varchar(191) COLLATE utf8mb4_unicode_ci DEFAULT NULL,
  `description` varchar(400) COLLATE utf8mb4_unicode_ci DEFAULT NULL,
  PRIMARY KEY (`lang_code`,`ec_product_labels_id`)
) ENGINE=InnoDB DEFAULT CHARSET=utf8mb4 COLLATE=utf8mb4_unicode_ci;

--
-- Dumping data for table `ec_product_labels_translations`
--


--
-- Table structure for table `ec_product_related_relations`
--

CREATE TABLE `ec_product_related_relations` (
  `from_product_id` bigint unsigned NOT NULL,
  `to_product_id` bigint unsigned NOT NULL,
  PRIMARY KEY (`from_product_id`,`to_product_id`),
  KEY `ec_product_related_relations_from_product_id_index` (`from_product_id`),
  KEY `ec_product_related_relations_to_product_id_index` (`to_product_id`)
) ENGINE=InnoDB DEFAULT CHARSET=utf8mb4 COLLATE=utf8mb4_unicode_ci;

--
-- Dumping data for table `ec_product_related_relations`
--


--
-- Table structure for table `ec_product_specification_attribute`
--

CREATE TABLE `ec_product_specification_attribute` (
  `product_id` bigint unsigned NOT NULL,
  `attribute_id` bigint unsigned NOT NULL,
  `value` text COLLATE utf8mb4_unicode_ci,
  `hidden` tinyint(1) NOT NULL DEFAULT '0',
  `order` tinyint NOT NULL DEFAULT '0',
  PRIMARY KEY (`product_id`,`attribute_id`)
) ENGINE=InnoDB DEFAULT CHARSET=utf8mb4 COLLATE=utf8mb4_unicode_ci;

--
-- Dumping data for table `ec_product_specification_attribute`
--


--
-- Table structure for table `ec_product_tag_product`
--

CREATE TABLE `ec_product_tag_product` (
  `product_id` bigint unsigned NOT NULL,
  `tag_id` bigint unsigned NOT NULL,
  PRIMARY KEY (`product_id`,`tag_id`),
  KEY `ec_product_tag_product_product_id_index` (`product_id`),
  KEY `ec_product_tag_product_tag_id_index` (`tag_id`)
) ENGINE=InnoDB DEFAULT CHARSET=utf8mb4 COLLATE=utf8mb4_unicode_ci;

--
-- Dumping data for table `ec_product_tag_product`
--

INSERT INTO `ec_product_tag_product` VALUES (1,3),(1,5),(2,2),(2,6),(3,1),(3,3),(3,5),(4,1),(4,2),(4,5),(5,4),(5,5),(6,1),(6,4),(7,2),(7,3),(8,1),(8,4),(8,5),(9,1),(9,5),(10,1),(10,6),(11,1),(11,5),(12,4),(12,6),(13,3),(13,4),(13,6),(14,1),(14,3),(15,1),(15,2),(15,4),(16,1),(16,2),(16,4),(17,1),(17,2),(18,1),(18,2),(18,6),(19,2),(19,5),(20,3),(20,4),(21,1),(21,2),(21,6),(22,2),(22,5),(22,6),(23,4),(23,6),(24,2),(24,6),(25,1),(25,3),(25,6),(26,2),(26,4),(26,5),(27,1),(27,2),(27,4),(28,3),(28,4),(28,6),(29,3),(29,5),(30,2),(30,3),(31,3),(31,5),(32,1),(32,3),(32,5),(33,3),(33,4),(33,6),(34,2),(34,5),(34,6),(35,1),(35,4),(35,6),(36,2),(36,3),(36,5),(37,1),(37,4),(38,1),(38,5),(39,2),(39,6),(40,2),(41,1),(41,4),(41,6),(42,2),(42,3),(42,4),(43,1),(43,2),(43,5),(44,1),(44,3),(45,2),(45,5),(46,4),(46,6),(47,1),(47,3),(47,6),(48,1),(48,4),(49,1),(49,2),(49,3),(50,1),(50,3),(50,6),(51,1),(51,2),(51,6),(52,3),(52,4),(52,6),(53,2),(53,4),(53,5),(54,1),(54,3),(55,2),(55,3),(56,2),(56,3),(56,4),(57,1),(57,5),(57,6),(58,1),(58,4),(58,6),(59,1),(59,5),(60,2),(60,3),(60,5),(61,3),(61,4),(62,1),(62,2),(63,4),(63,5),(63,6),(64,1),(64,5),(64,6),(65,2),(65,4),(65,6);

--
-- Table structure for table `ec_product_tags`
--

CREATE TABLE `ec_product_tags` (
  `id` bigint unsigned NOT NULL AUTO_INCREMENT,
  `name` varchar(120) COLLATE utf8mb4_unicode_ci NOT NULL,
  `description` varchar(400) COLLATE utf8mb4_unicode_ci DEFAULT NULL,
  `status` varchar(60) COLLATE utf8mb4_unicode_ci NOT NULL DEFAULT 'published',
  `created_at` timestamp NULL DEFAULT NULL,
  `updated_at` timestamp NULL DEFAULT NULL,
  PRIMARY KEY (`id`)
) ENGINE=InnoDB AUTO_INCREMENT=7 DEFAULT CHARSET=utf8mb4 COLLATE=utf8mb4_unicode_ci;

--
-- Dumping data for table `ec_product_tags`
--

INSERT INTO `ec_product_tags` VALUES (1,'Electronic',NULL,'published','2025-05-03 11:19:25','2025-05-03 11:19:25'),(2,'Mobile',NULL,'published','2025-05-03 11:19:25','2025-05-03 11:19:25'),(3,'Iphone',NULL,'published','2025-05-03 11:19:25','2025-05-03 11:19:25'),(4,'Printer',NULL,'published','2025-05-03 11:19:25','2025-05-03 11:19:25'),(5,'Office',NULL,'published','2025-05-03 11:19:25','2025-05-03 11:19:25'),(6,'IT',NULL,'published','2025-05-03 11:19:25','2025-05-03 11:19:25');

--
-- Table structure for table `ec_product_tags_translations`
--

CREATE TABLE `ec_product_tags_translations` (
  `lang_code` varchar(191) COLLATE utf8mb4_unicode_ci NOT NULL,
  `ec_product_tags_id` bigint unsigned NOT NULL,
  `name` varchar(191) COLLATE utf8mb4_unicode_ci DEFAULT NULL,
  PRIMARY KEY (`lang_code`,`ec_product_tags_id`)
) ENGINE=InnoDB DEFAULT CHARSET=utf8mb4 COLLATE=utf8mb4_unicode_ci;

--
-- Dumping data for table `ec_product_tags_translations`
--


--
-- Table structure for table `ec_product_up_sale_relations`
--

CREATE TABLE `ec_product_up_sale_relations` (
  `from_product_id` bigint unsigned NOT NULL,
  `to_product_id` bigint unsigned NOT NULL,
  PRIMARY KEY (`from_product_id`,`to_product_id`),
  KEY `ec_product_up_sale_relations_from_product_id_index` (`from_product_id`),
  KEY `ec_product_up_sale_relations_to_product_id_index` (`to_product_id`)
) ENGINE=InnoDB DEFAULT CHARSET=utf8mb4 COLLATE=utf8mb4_unicode_ci;

--
-- Dumping data for table `ec_product_up_sale_relations`
--


--
-- Table structure for table `ec_product_variation_items`
--

CREATE TABLE `ec_product_variation_items` (
  `id` bigint unsigned NOT NULL AUTO_INCREMENT,
  `attribute_id` bigint unsigned NOT NULL,
  `variation_id` bigint unsigned NOT NULL,
  PRIMARY KEY (`id`),
  UNIQUE KEY `ec_product_variation_items_attribute_id_variation_id_unique` (`attribute_id`,`variation_id`),
  KEY `attribute_variation_index` (`attribute_id`,`variation_id`)
) ENGINE=InnoDB AUTO_INCREMENT=337 DEFAULT CHARSET=utf8mb4 COLLATE=utf8mb4_unicode_ci;

--
-- Dumping data for table `ec_product_variation_items`
--

INSERT INTO `ec_product_variation_items` VALUES (7,1,4),(31,1,16),(37,1,19),(39,1,20),(55,1,28),(93,1,47),(107,1,54),(111,1,56),(117,1,59),(3,2,2),(21,2,11),(33,2,17),(47,2,24),(63,2,32),(67,2,34),(69,2,35),(73,2,37),(85,2,43),(97,2,49),(105,2,53),(1,3,1),(5,3,3),(15,3,8),(23,3,12),(29,3,15),(45,3,23),(51,3,26),(53,3,27),(75,3,38),(77,3,39),(91,3,46),(99,3,50),(103,3,52),(119,3,60),(9,4,5),(11,4,6),(13,4,7),(19,4,10),(25,4,13),(57,4,29),(59,4,30),(61,4,31),(71,4,36),(83,4,42),(87,4,44),(89,4,45),(109,4,55),(113,4,57),(115,4,58),(17,5,9),(27,5,14),(35,5,18),(41,5,21),(43,5,22),(49,5,25),(65,5,33),(79,5,40),(81,5,41),(95,5,48),(101,5,51),(20,6,10),(22,6,11),(38,6,19),(50,6,25),(66,6,33),(68,6,34),(94,6,47),(104,6,52),(106,6,53),(118,6,59),(2,7,1),(6,7,3),(14,7,7),(16,7,8),(24,7,12),(30,7,15),(56,7,28),(84,7,42),(90,7,45),(98,7,49),(100,7,50),(10,8,5),(12,8,6),(26,8,13),(28,8,14),(46,8,23),(64,8,32),(74,8,37),(92,8,46),(96,8,48),(108,8,54),(112,8,56),(120,8,60),(4,9,2),(18,9,9),(36,9,18),(48,9,24),(52,9,26),(58,9,29),(62,9,31),(70,9,35),(110,9,55),(114,9,57),(8,10,4),(32,10,16),(34,10,17),(40,10,20),(42,10,21),(44,10,22),(54,10,27),(60,10,30),(72,10,36),(76,10,38),(78,10,39),(80,10,40),(82,10,41),(86,10,43),(88,10,44),(102,10,51),(116,10,58),(147,11,74),(163,11,82),(167,11,84),(169,11,85),(173,11,87),(185,11,93),(187,11,94),(189,11,95),(193,11,97),(195,11,98),(197,11,99),(199,11,100),(205,11,103),(209,11,105),(217,11,109),(229,11,115),(269,11,135),(275,11,138),(279,11,140),(303,11,152),(309,11,155),(321,11,161),(325,11,163),(327,11,164),(333,11,167),(335,11,168),(131,12,66),(141,12,71),(143,12,72),(153,12,77),(155,12,78),(175,12,88),(179,12,90),(211,12,106),(221,12,111),(231,12,116),(233,12,117),(241,12,121),(253,12,127),(255,12,128),(263,12,132),(267,12,134),(301,12,151),(307,12,154),(133,13,67),(135,13,68),(139,13,70),(145,13,73),(157,13,79),(165,13,83),(243,13,122),(259,13,130),(277,13,139),(287,13,144),(295,13,148),(297,13,149),(305,13,153),(313,13,157),(315,13,158),(317,13,159),(331,13,166),(127,14,64),(149,14,75),(151,14,76),(177,14,89),(181,14,91),(201,14,101),(203,14,102),(207,14,104),(227,14,114),(235,14,118),(245,14,123),(257,14,129),(273,14,137),(283,14,142),(289,14,145),(293,14,147),(311,14,156),(319,14,160),(121,15,61),(123,15,62),(125,15,63),(129,15,65),(137,15,69),(159,15,80),(161,15,81),(171,15,86),(183,15,92),(191,15,96),(213,15,107),(215,15,108),(219,15,110),(223,15,112),(225,15,113),(237,15,119),(239,15,120),(247,15,124),(249,15,125),(251,15,126),(261,15,131),(265,15,133),(271,15,136),(281,15,141),(285,15,143),(291,15,146),(299,15,150),(323,15,162),(329,15,165),(128,16,64),(138,16,69),(142,16,71),(148,16,74),(154,16,77),(164,16,82),(184,16,92),(186,16,93),(192,16,96),(198,16,99),(202,16,101),(220,16,110),(244,16,122),(258,16,129),(262,16,131),(268,16,134),(272,16,136),(286,16,143),(292,16,146),(294,16,147),(300,16,150),(312,16,156),(316,16,158),(322,16,161),(332,16,166),(334,16,167),(124,17,62),(126,17,63),(132,17,66),(160,17,80),(168,17,84),(170,17,85),(176,17,88),(182,17,91),(188,17,94),(204,17,102),(210,17,105),(218,17,109),(226,17,113),(228,17,114),(234,17,117),(246,17,123),(274,17,137),(280,17,140),(308,17,154),(310,17,155),(318,17,159),(320,17,160),(336,17,168),(122,18,61),(130,18,65),(134,18,67),(136,18,68),(140,18,70),(146,18,73),(152,18,76),(156,18,78),(162,18,81),(166,18,83),(178,18,89),(180,18,90),(222,18,111),(230,18,115),(252,18,126),(278,18,139),(282,18,141),(284,18,142),(288,18,144),(290,18,145),(302,18,151),(304,18,152),(306,18,153),(314,18,157),(324,18,162),(328,18,164),(330,18,165),(144,19,72),(150,19,75),(174,19,87),(194,19,97),(196,19,98),(200,19,100),(206,19,103),(208,19,104),(224,19,112),(232,19,116),(236,19,118),(238,19,119),(240,19,120),(248,19,124),(254,19,127),(270,19,135),(296,19,148),(298,19,149),(326,19,163),(158,20,79),(172,20,86),(190,20,95),(212,20,106),(214,20,107),(216,20,108),(242,20,121),(250,20,125),(256,20,128),(260,20,130),(264,20,132),(266,20,133),(276,20,138);

--
-- Table structure for table `ec_product_variations`
--

CREATE TABLE `ec_product_variations` (
  `id` bigint unsigned NOT NULL AUTO_INCREMENT,
  `product_id` bigint unsigned DEFAULT NULL,
  `configurable_product_id` bigint unsigned NOT NULL,
  `is_default` tinyint NOT NULL DEFAULT '0',
  PRIMARY KEY (`id`),
  UNIQUE KEY `ec_product_variations_product_id_configurable_product_id_unique` (`product_id`,`configurable_product_id`),
  KEY `configurable_product_index` (`product_id`,`configurable_product_id`)
) ENGINE=InnoDB AUTO_INCREMENT=169 DEFAULT CHARSET=utf8mb4 COLLATE=utf8mb4_unicode_ci;

--
-- Dumping data for table `ec_product_variations`
--

INSERT INTO `ec_product_variations` VALUES (1,66,1,1),(2,67,2,1),(3,68,2,0),(4,69,2,0),(5,70,2,0),(6,71,3,1),(7,72,3,0),(8,73,3,0),(9,74,3,0),(10,75,4,1),(11,76,4,0),(12,77,4,0),(13,78,5,1),(14,79,5,0),(15,80,6,1),(16,81,7,1),(17,82,7,0),(18,83,7,0),(19,84,7,0),(20,85,8,1),(21,86,8,0),(22,87,8,0),(23,88,9,1),(24,89,9,0),(25,90,10,1),(26,91,10,0),(27,92,11,1),(28,93,11,0),(29,94,12,1),(30,95,12,0),(31,96,12,0),(32,97,13,1),(33,98,13,0),(34,99,14,1),(35,100,14,0),(36,101,15,1),(37,102,15,0),(38,103,15,0),(39,104,16,1),(40,105,16,0),(41,106,16,0),(42,107,16,0),(43,108,17,1),(44,109,17,0),(45,110,17,0),(46,111,17,0),(47,112,18,1),(48,113,19,1),(49,114,19,0),(50,115,20,1),(51,116,20,0),(52,117,20,0),(53,118,21,1),(54,119,21,0),(55,120,21,0),(56,121,21,0),(57,122,22,1),(58,123,22,0),(59,124,23,1),(60,125,23,0),(61,126,24,1),(62,127,24,0),(63,128,24,0),(64,129,25,1),(65,130,25,0),(66,131,26,1),(67,132,26,0),(68,133,26,0),(69,134,27,1),(70,135,27,0),(71,136,28,1),(72,137,28,0),(73,138,28,0),(74,139,28,0),(75,140,29,1),(76,141,29,0),(77,142,30,1),(78,143,30,0),(79,144,31,1),(80,145,31,0),(81,146,32,1),(82,147,32,0),(83,148,33,1),(84,149,33,0),(85,150,33,0),(86,151,33,0),(87,152,34,1),(88,153,34,0),(89,154,34,0),(90,155,34,0),(91,156,35,1),(92,157,35,0),(93,158,35,0),(94,159,35,0),(95,160,36,1),(96,161,36,0),(97,162,37,1),(98,163,38,1),(99,164,38,0),(100,165,38,0),(101,166,39,1),(102,167,39,0),(103,168,39,0),(104,169,40,1),(105,170,41,1),(106,171,41,0),(107,172,41,0),(108,173,41,0),(109,174,42,1),(110,175,42,0),(111,176,43,1),(112,177,43,0),(113,178,43,0),(114,179,44,1),(115,180,44,0),(116,181,45,1),(117,182,46,1),(118,183,46,0),(119,184,46,0),(120,185,47,1),(121,186,47,0),(122,187,47,0),(123,188,48,1),(124,189,48,0),(125,190,49,1),(126,191,49,0),(127,192,49,0),(128,193,50,1),(129,194,50,0),(130,195,51,1),(131,196,51,0),(132,197,52,1),(133,198,53,1),(134,199,53,0),(135,200,54,1),(136,201,54,0),(137,202,54,0),(138,203,54,0),(139,204,55,1),(140,205,55,0),(141,206,55,0),(142,207,55,0),(143,208,56,1),(144,209,56,0),(145,210,56,0),(146,211,57,1),(147,212,57,0),(148,213,58,1),(149,214,58,0),(150,215,58,0),(151,216,58,0),(152,217,59,1),(153,218,59,0),(154,219,60,1),(155,220,61,1),(156,221,61,0),(157,222,61,0),(158,223,61,0),(159,224,62,1),(160,225,62,0),(161,226,63,1),(162,227,63,0),(163,228,64,1),(164,229,64,0),(165,230,64,0),(166,231,65,1),(167,232,65,0),(168,233,65,0);

--
-- Table structure for table `ec_product_views`
--

CREATE TABLE `ec_product_views` (
  `id` bigint unsigned NOT NULL AUTO_INCREMENT,
  `product_id` bigint unsigned NOT NULL,
  `views` int NOT NULL DEFAULT '1',
  `date` date NOT NULL DEFAULT '2025-05-03',
  PRIMARY KEY (`id`),
  UNIQUE KEY `ec_product_views_product_id_date_unique` (`product_id`,`date`),
  KEY `ec_product_views_product_id_index` (`product_id`)
) ENGINE=InnoDB DEFAULT CHARSET=utf8mb4 COLLATE=utf8mb4_unicode_ci;

--
-- Dumping data for table `ec_product_views`
--


--
-- Table structure for table `ec_product_with_attribute_set`
--

CREATE TABLE `ec_product_with_attribute_set` (
  `attribute_set_id` bigint unsigned NOT NULL,
  `product_id` bigint unsigned NOT NULL,
  `order` tinyint unsigned NOT NULL DEFAULT '0',
  PRIMARY KEY (`product_id`,`attribute_set_id`)
) ENGINE=InnoDB DEFAULT CHARSET=utf8mb4 COLLATE=utf8mb4_unicode_ci;

--
-- Dumping data for table `ec_product_with_attribute_set`
--

INSERT INTO `ec_product_with_attribute_set` VALUES (1,1,0),(2,1,0),(1,2,0),(2,2,0),(1,3,0),(2,3,0),(1,4,0),(2,4,0),(1,5,0),(2,5,0),(1,6,0),(2,6,0),(1,7,0),(2,7,0),(1,8,0),(2,8,0),(1,9,0),(2,9,0),(1,10,0),(2,10,0),(1,11,0),(2,11,0),(1,12,0),(2,12,0),(1,13,0),(2,13,0),(1,14,0),(2,14,0),(1,15,0),(2,15,0),(1,16,0),(2,16,0),(1,17,0),(2,17,0),(1,18,0),(2,18,0),(1,19,0),(2,19,0),(1,20,0),(2,20,0),(1,21,0),(2,21,0),(1,22,0),(2,22,0),(1,23,0),(2,23,0),(3,24,0),(4,24,0),(3,25,0),(4,25,0),(3,26,0),(4,26,0),(3,27,0),(4,27,0),(3,28,0),(4,28,0),(3,29,0),(4,29,0),(3,30,0),(4,30,0),(3,31,0),(4,31,0),(3,32,0),(4,32,0),(3,33,0),(4,33,0),(3,34,0),(4,34,0),(3,35,0),(4,35,0),(3,36,0),(4,36,0),(3,37,0),(4,37,0),(3,38,0),(4,38,0),(3,39,0),(4,39,0),(3,40,0),(4,40,0),(3,41,0),(4,41,0),(3,42,0),(4,42,0),(3,43,0),(4,43,0),(3,44,0),(4,44,0),(3,45,0),(4,45,0),(3,46,0),(4,46,0),(3,47,0),(4,47,0),(3,48,0),(4,48,0),(3,49,0),(4,49,0),(3,50,0),(4,50,0),(3,51,0),(4,51,0),(3,52,0),(4,52,0),(3,53,0),(4,53,0),(3,54,0),(4,54,0),(3,55,0),(4,55,0),(3,56,0),(4,56,0),(3,57,0),(4,57,0),(3,58,0),(4,58,0),(3,59,0),(4,59,0),(3,60,0),(4,60,0),(3,61,0),(4,61,0),(3,62,0),(4,62,0),(3,63,0),(4,63,0),(3,64,0),(4,64,0),(3,65,0),(4,65,0);

--
-- Table structure for table `ec_products`
--

CREATE TABLE `ec_products` (
  `id` bigint unsigned NOT NULL AUTO_INCREMENT,
  `name` varchar(191) COLLATE utf8mb4_unicode_ci NOT NULL,
  `description` text COLLATE utf8mb4_unicode_ci,
  `content` longtext COLLATE utf8mb4_unicode_ci,
  `status` varchar(60) COLLATE utf8mb4_unicode_ci NOT NULL DEFAULT 'published',
  `images` text COLLATE utf8mb4_unicode_ci,
  `video_media` text COLLATE utf8mb4_unicode_ci,
  `sku` varchar(191) COLLATE utf8mb4_unicode_ci DEFAULT NULL,
  `order` int unsigned NOT NULL DEFAULT '0',
  `quantity` int unsigned DEFAULT NULL,
  `allow_checkout_when_out_of_stock` tinyint unsigned NOT NULL DEFAULT '0',
  `with_storehouse_management` tinyint unsigned NOT NULL DEFAULT '0',
  `stock_status` varchar(191) COLLATE utf8mb4_unicode_ci DEFAULT 'in_stock',
  `is_featured` tinyint unsigned NOT NULL DEFAULT '0',
  `brand_id` bigint unsigned DEFAULT NULL,
  `is_variation` tinyint NOT NULL DEFAULT '0',
  `sale_type` tinyint NOT NULL DEFAULT '0',
  `price` double unsigned DEFAULT NULL,
  `sale_price` double unsigned DEFAULT NULL,
  `start_date` timestamp NULL DEFAULT NULL,
  `end_date` timestamp NULL DEFAULT NULL,
  `length` double DEFAULT NULL,
  `wide` double DEFAULT NULL,
  `height` double DEFAULT NULL,
  `weight` double DEFAULT NULL,
  `tax_id` bigint unsigned DEFAULT NULL,
  `views` bigint NOT NULL DEFAULT '0',
  `created_at` timestamp NULL DEFAULT NULL,
  `updated_at` timestamp NULL DEFAULT NULL,
  `created_by_id` bigint unsigned DEFAULT '0',
  `created_by_type` varchar(191) COLLATE utf8mb4_unicode_ci NOT NULL DEFAULT 'Botble\\ACL\\Models\\User',
  `image` varchar(191) COLLATE utf8mb4_unicode_ci DEFAULT NULL,
  `product_type` varchar(60) COLLATE utf8mb4_unicode_ci DEFAULT 'physical',
  `barcode` varchar(50) COLLATE utf8mb4_unicode_ci DEFAULT NULL,
  `cost_per_item` double DEFAULT NULL,
  `generate_license_code` tinyint(1) NOT NULL DEFAULT '0',
  `minimum_order_quantity` int unsigned DEFAULT '0',
  `maximum_order_quantity` int unsigned DEFAULT '0',
  `notify_attachment_updated` tinyint(1) NOT NULL DEFAULT '0',
  `specification_table_id` bigint unsigned DEFAULT NULL,
  PRIMARY KEY (`id`),
  KEY `ec_products_brand_id_status_is_variation_created_at_index` (`brand_id`,`status`,`is_variation`,`created_at`),
  KEY `sale_type_index` (`sale_type`),
  KEY `start_date_index` (`start_date`),
  KEY `end_date_index` (`end_date`),
  KEY `sale_price_index` (`sale_price`),
  KEY `is_variation_index` (`is_variation`),
  KEY `ec_products_sku_index` (`sku`)
) ENGINE=InnoDB AUTO_INCREMENT=234 DEFAULT CHARSET=utf8mb4 COLLATE=utf8mb4_unicode_ci;

--
-- Dumping data for table `ec_products`
--

INSERT INTO `ec_products` VALUES (1,'Dual Camera 20MP (Digital)','<ul><li> Unrestrained and portable active stereo speaker</li>\n            <li> Free from the confines of wires and chords</li>\n            <li> 20 hours of portable capabilities</li>\n            <li> Double-ended Coil Cord with 3.5mm Stereo Plugs Included</li>\n            <li> 3/4″ Dome Tweeters: 2X and 4″ Woofer: 1X</li></ul>','<p>Short Hooded Coat features a straight body, large pockets with button flaps, ventilation air holes, and a string detail along the hemline. The style is completed with a drawstring hood, featuring Rains’ signature built-in cap. Made from waterproof, matte PU, this lightweight unisex rain jacket is an ode to nostalgia through its classic silhouette and utilitarian design details.</p>\n                                <p>- Casual unisex fit</p>\n\n                                <p>- 64% polyester, 36% polyurethane</p>\n\n                                <p>- Water column pressure: 4000 mm</p>\n\n                                <p>- Model is 187cm tall and wearing a size S / M</p>\n\n                                <p>- Unisex fit</p>\n\n                                <p>- Drawstring hood with built-in cap</p>\n\n                                <p>- Front placket with snap buttons</p>\n\n                                <p>- Ventilation under armpit</p>\n\n                                <p>- Adjustable cuffs</p>\n\n                                <p>- Double welted front pockets</p>\n\n                                <p>- Adjustable elastic string at hempen</p>\n\n                                <p>- Ultrasonically welded seams</p>\n\n                                <p>This is a unisex item, please check our clothing &amp; footwear sizing guide for specific Rains jacket sizing information. RAINS comes from the rainy nation of Denmark at the edge of the European continent, close to the ocean and with prevailing westerly winds; all factors that contribute to an average of 121 rain days each year. Arising from these rainy weather conditions comes the attitude that a quick rain shower may be beautiful, as well as moody- but first and foremost requires the right outfit. Rains focus on the whole experience of going outside on rainy days, issuing an invitation to explore even in the most mercurial weather.</p>','published','[\"products\\/1.jpg\"]',NULL,'SW-143-A0',0,19,0,1,'in_stock',1,1,0,0,80.25,NULL,NULL,NULL,19,18,14,729,NULL,108613,'2025-05-03 11:19:04','2025-05-03 11:19:09',0,'Botble\\ACL\\Models\\User',NULL,'digital',NULL,NULL,0,0,0,0,NULL),(2,'Smart Watches','<ul><li> Unrestrained and portable active stereo speaker</li>\n            <li> Free from the confines of wires and chords</li>\n            <li> 20 hours of portable capabilities</li>\n            <li> Double-ended Coil Cord with 3.5mm Stereo Plugs Included</li>\n            <li> 3/4″ Dome Tweeters: 2X and 4″ Woofer: 1X</li></ul>','<p>Short Hooded Coat features a straight body, large pockets with button flaps, ventilation air holes, and a string detail along the hemline. The style is completed with a drawstring hood, featuring Rains’ signature built-in cap. Made from waterproof, matte PU, this lightweight unisex rain jacket is an ode to nostalgia through its classic silhouette and utilitarian design details.</p>\n                                <p>- Casual unisex fit</p>\n\n                                <p>- 64% polyester, 36% polyurethane</p>\n\n                                <p>- Water column pressure: 4000 mm</p>\n\n                                <p>- Model is 187cm tall and wearing a size S / M</p>\n\n                                <p>- Unisex fit</p>\n\n                                <p>- Drawstring hood with built-in cap</p>\n\n                                <p>- Front placket with snap buttons</p>\n\n                                <p>- Ventilation under armpit</p>\n\n                                <p>- Adjustable cuffs</p>\n\n                                <p>- Double welted front pockets</p>\n\n                                <p>- Adjustable elastic string at hempen</p>\n\n                                <p>- Ultrasonically welded seams</p>\n\n                                <p>This is a unisex item, please check our clothing &amp; footwear sizing guide for specific Rains jacket sizing information. RAINS comes from the rainy nation of Denmark at the edge of the European continent, close to the ocean and with prevailing westerly winds; all factors that contribute to an average of 121 rain days each year. Arising from these rainy weather conditions comes the attitude that a quick rain shower may be beautiful, as well as moody- but first and foremost requires the right outfit. Rains focus on the whole experience of going outside on rainy days, issuing an invitation to explore even in the most mercurial weather.</p>','published','[\"products\\/2.jpg\",\"products\\/2-1.jpg\",\"products\\/2-2.jpg\",\"products\\/2-3.jpg\"]',NULL,'SW-114-A0',0,13,0,1,'in_stock',1,4,0,0,40.5,NULL,NULL,NULL,20,16,14,828,NULL,139215,'2025-05-03 11:19:04','2025-05-03 11:19:09',0,'Botble\\ACL\\Models\\User',NULL,'physical',NULL,NULL,0,0,0,0,NULL),(3,'Beat Headphone','<ul><li> Unrestrained and portable active stereo speaker</li>\n            <li> Free from the confines of wires and chords</li>\n            <li> 20 hours of portable capabilities</li>\n            <li> Double-ended Coil Cord with 3.5mm Stereo Plugs Included</li>\n            <li> 3/4″ Dome Tweeters: 2X and 4″ Woofer: 1X</li></ul>','<p>Short Hooded Coat features a straight body, large pockets with button flaps, ventilation air holes, and a string detail along the hemline. The style is completed with a drawstring hood, featuring Rains’ signature built-in cap. Made from waterproof, matte PU, this lightweight unisex rain jacket is an ode to nostalgia through its classic silhouette and utilitarian design details.</p>\n                                <p>- Casual unisex fit</p>\n\n                                <p>- 64% polyester, 36% polyurethane</p>\n\n                                <p>- Water column pressure: 4000 mm</p>\n\n                                <p>- Model is 187cm tall and wearing a size S / M</p>\n\n                                <p>- Unisex fit</p>\n\n                                <p>- Drawstring hood with built-in cap</p>\n\n                                <p>- Front placket with snap buttons</p>\n\n                                <p>- Ventilation under armpit</p>\n\n                                <p>- Adjustable cuffs</p>\n\n                                <p>- Double welted front pockets</p>\n\n                                <p>- Adjustable elastic string at hempen</p>\n\n                                <p>- Ultrasonically welded seams</p>\n\n                                <p>This is a unisex item, please check our clothing &amp; footwear sizing guide for specific Rains jacket sizing information. RAINS comes from the rainy nation of Denmark at the edge of the European continent, close to the ocean and with prevailing westerly winds; all factors that contribute to an average of 121 rain days each year. Arising from these rainy weather conditions comes the attitude that a quick rain shower may be beautiful, as well as moody- but first and foremost requires the right outfit. Rains focus on the whole experience of going outside on rainy days, issuing an invitation to explore even in the most mercurial weather.</p>','published','[\"products\\/3.jpg\"]',NULL,'SW-195-A0',0,11,0,1,'in_stock',1,5,0,0,20,NULL,NULL,NULL,10,17,16,530,NULL,10442,'2025-05-03 11:19:04','2025-05-03 11:19:09',0,'Botble\\ACL\\Models\\User',NULL,'physical',NULL,NULL,0,0,0,0,NULL),(4,'Red &amp; Black Headphone','<ul><li> Unrestrained and portable active stereo speaker</li>\n            <li> Free from the confines of wires and chords</li>\n            <li> 20 hours of portable capabilities</li>\n            <li> Double-ended Coil Cord with 3.5mm Stereo Plugs Included</li>\n            <li> 3/4″ Dome Tweeters: 2X and 4″ Woofer: 1X</li></ul>','<p>Short Hooded Coat features a straight body, large pockets with button flaps, ventilation air holes, and a string detail along the hemline. The style is completed with a drawstring hood, featuring Rains’ signature built-in cap. Made from waterproof, matte PU, this lightweight unisex rain jacket is an ode to nostalgia through its classic silhouette and utilitarian design details.</p>\n                                <p>- Casual unisex fit</p>\n\n                                <p>- 64% polyester, 36% polyurethane</p>\n\n                                <p>- Water column pressure: 4000 mm</p>\n\n                                <p>- Model is 187cm tall and wearing a size S / M</p>\n\n                                <p>- Unisex fit</p>\n\n                                <p>- Drawstring hood with built-in cap</p>\n\n                                <p>- Front placket with snap buttons</p>\n\n                                <p>- Ventilation under armpit</p>\n\n                                <p>- Adjustable cuffs</p>\n\n                                <p>- Double welted front pockets</p>\n\n                                <p>- Adjustable elastic string at hempen</p>\n\n                                <p>- Ultrasonically welded seams</p>\n\n                                <p>This is a unisex item, please check our clothing &amp; footwear sizing guide for specific Rains jacket sizing information. RAINS comes from the rainy nation of Denmark at the edge of the European continent, close to the ocean and with prevailing westerly winds; all factors that contribute to an average of 121 rain days each year. Arising from these rainy weather conditions comes the attitude that a quick rain shower may be beautiful, as well as moody- but first and foremost requires the right outfit. Rains focus on the whole experience of going outside on rainy days, issuing an invitation to explore even in the most mercurial weather.</p>','published','[\"products\\/4.jpg\",\"products\\/4-1.jpg\",\"products\\/4-2.jpg\",\"products\\/4-3.jpg\"]',NULL,'SW-128-A0',0,12,0,1,'in_stock',1,1,0,0,525,409.5,NULL,NULL,10,11,19,639,NULL,83990,'2025-05-03 11:19:04','2025-05-03 11:19:09',0,'Botble\\ACL\\Models\\User',NULL,'physical',NULL,NULL,0,0,0,0,NULL),(5,'Smart Watch External (Digital)','<ul><li> Unrestrained and portable active stereo speaker</li>\n            <li> Free from the confines of wires and chords</li>\n            <li> 20 hours of portable capabilities</li>\n            <li> Double-ended Coil Cord with 3.5mm Stereo Plugs Included</li>\n            <li> 3/4″ Dome Tweeters: 2X and 4″ Woofer: 1X</li></ul>','<p>Short Hooded Coat features a straight body, large pockets with button flaps, ventilation air holes, and a string detail along the hemline. The style is completed with a drawstring hood, featuring Rains’ signature built-in cap. Made from waterproof, matte PU, this lightweight unisex rain jacket is an ode to nostalgia through its classic silhouette and utilitarian design details.</p>\n                                <p>- Casual unisex fit</p>\n\n                                <p>- 64% polyester, 36% polyurethane</p>\n\n                                <p>- Water column pressure: 4000 mm</p>\n\n                                <p>- Model is 187cm tall and wearing a size S / M</p>\n\n                                <p>- Unisex fit</p>\n\n                                <p>- Drawstring hood with built-in cap</p>\n\n                                <p>- Front placket with snap buttons</p>\n\n                                <p>- Ventilation under armpit</p>\n\n                                <p>- Adjustable cuffs</p>\n\n                                <p>- Double welted front pockets</p>\n\n                                <p>- Adjustable elastic string at hempen</p>\n\n                                <p>- Ultrasonically welded seams</p>\n\n                                <p>This is a unisex item, please check our clothing &amp; footwear sizing guide for specific Rains jacket sizing information. RAINS comes from the rainy nation of Denmark at the edge of the European continent, close to the ocean and with prevailing westerly winds; all factors that contribute to an average of 121 rain days each year. Arising from these rainy weather conditions comes the attitude that a quick rain shower may be beautiful, as well as moody- but first and foremost requires the right outfit. Rains focus on the whole experience of going outside on rainy days, issuing an invitation to explore even in the most mercurial weather.</p>','published','[\"products\\/5.jpg\",\"products\\/5-1.jpg\",\"products\\/5-2.jpg\",\"products\\/5-3.jpg\"]',NULL,'SW-186-A0',0,10,0,1,'in_stock',1,5,0,0,754,NULL,NULL,NULL,14,10,18,741,NULL,110281,'2025-05-03 11:19:04','2025-05-03 11:19:09',0,'Botble\\ACL\\Models\\User',NULL,'digital',NULL,NULL,0,0,0,0,NULL),(6,'Nikon HD camera','<ul><li> Unrestrained and portable active stereo speaker</li>\n            <li> Free from the confines of wires and chords</li>\n            <li> 20 hours of portable capabilities</li>\n            <li> Double-ended Coil Cord with 3.5mm Stereo Plugs Included</li>\n            <li> 3/4″ Dome Tweeters: 2X and 4″ Woofer: 1X</li></ul>','<p>Short Hooded Coat features a straight body, large pockets with button flaps, ventilation air holes, and a string detail along the hemline. The style is completed with a drawstring hood, featuring Rains’ signature built-in cap. Made from waterproof, matte PU, this lightweight unisex rain jacket is an ode to nostalgia through its classic silhouette and utilitarian design details.</p>\n                                <p>- Casual unisex fit</p>\n\n                                <p>- 64% polyester, 36% polyurethane</p>\n\n                                <p>- Water column pressure: 4000 mm</p>\n\n                                <p>- Model is 187cm tall and wearing a size S / M</p>\n\n                                <p>- Unisex fit</p>\n\n                                <p>- Drawstring hood with built-in cap</p>\n\n                                <p>- Front placket with snap buttons</p>\n\n                                <p>- Ventilation under armpit</p>\n\n                                <p>- Adjustable cuffs</p>\n\n                                <p>- Double welted front pockets</p>\n\n                                <p>- Adjustable elastic string at hempen</p>\n\n                                <p>- Ultrasonically welded seams</p>\n\n                                <p>This is a unisex item, please check our clothing &amp; footwear sizing guide for specific Rains jacket sizing information. RAINS comes from the rainy nation of Denmark at the edge of the European continent, close to the ocean and with prevailing westerly winds; all factors that contribute to an average of 121 rain days each year. Arising from these rainy weather conditions comes the attitude that a quick rain shower may be beautiful, as well as moody- but first and foremost requires the right outfit. Rains focus on the whole experience of going outside on rainy days, issuing an invitation to explore even in the most mercurial weather.</p>','published','[\"products\\/6.jpg\"]',NULL,'SW-187-A0',0,13,0,1,'in_stock',1,5,0,0,471,NULL,NULL,NULL,15,15,20,639,NULL,103703,'2025-05-03 11:19:04','2025-05-03 11:19:09',0,'Botble\\ACL\\Models\\User',NULL,'physical',NULL,NULL,0,0,0,0,NULL),(7,'Audio Equipment','<ul><li> Unrestrained and portable active stereo speaker</li>\n            <li> Free from the confines of wires and chords</li>\n            <li> 20 hours of portable capabilities</li>\n            <li> Double-ended Coil Cord with 3.5mm Stereo Plugs Included</li>\n            <li> 3/4″ Dome Tweeters: 2X and 4″ Woofer: 1X</li></ul>','<p>Short Hooded Coat features a straight body, large pockets with button flaps, ventilation air holes, and a string detail along the hemline. The style is completed with a drawstring hood, featuring Rains’ signature built-in cap. Made from waterproof, matte PU, this lightweight unisex rain jacket is an ode to nostalgia through its classic silhouette and utilitarian design details.</p>\n                                <p>- Casual unisex fit</p>\n\n                                <p>- 64% polyester, 36% polyurethane</p>\n\n                                <p>- Water column pressure: 4000 mm</p>\n\n                                <p>- Model is 187cm tall and wearing a size S / M</p>\n\n                                <p>- Unisex fit</p>\n\n                                <p>- Drawstring hood with built-in cap</p>\n\n                                <p>- Front placket with snap buttons</p>\n\n                                <p>- Ventilation under armpit</p>\n\n                                <p>- Adjustable cuffs</p>\n\n                                <p>- Double welted front pockets</p>\n\n                                <p>- Adjustable elastic string at hempen</p>\n\n                                <p>- Ultrasonically welded seams</p>\n\n                                <p>This is a unisex item, please check our clothing &amp; footwear sizing guide for specific Rains jacket sizing information. RAINS comes from the rainy nation of Denmark at the edge of the European continent, close to the ocean and with prevailing westerly winds; all factors that contribute to an average of 121 rain days each year. Arising from these rainy weather conditions comes the attitude that a quick rain shower may be beautiful, as well as moody- but first and foremost requires the right outfit. Rains focus on the whole experience of going outside on rainy days, issuing an invitation to explore even in the most mercurial weather.</p>','published','[\"products\\/7.jpg\"]',NULL,'SW-193-A0',0,16,0,1,'in_stock',1,2,0,0,524,NULL,NULL,NULL,20,20,10,827,NULL,100728,'2025-05-03 11:19:04','2025-05-03 11:19:10',0,'Botble\\ACL\\Models\\User',NULL,'physical',NULL,NULL,0,0,0,0,NULL),(8,'Smart Televisions','<ul><li> Unrestrained and portable active stereo speaker</li>\n            <li> Free from the confines of wires and chords</li>\n            <li> 20 hours of portable capabilities</li>\n            <li> Double-ended Coil Cord with 3.5mm Stereo Plugs Included</li>\n            <li> 3/4″ Dome Tweeters: 2X and 4″ Woofer: 1X</li></ul>','<p>Short Hooded Coat features a straight body, large pockets with button flaps, ventilation air holes, and a string detail along the hemline. The style is completed with a drawstring hood, featuring Rains’ signature built-in cap. Made from waterproof, matte PU, this lightweight unisex rain jacket is an ode to nostalgia through its classic silhouette and utilitarian design details.</p>\n                                <p>- Casual unisex fit</p>\n\n                                <p>- 64% polyester, 36% polyurethane</p>\n\n                                <p>- Water column pressure: 4000 mm</p>\n\n                                <p>- Model is 187cm tall and wearing a size S / M</p>\n\n                                <p>- Unisex fit</p>\n\n                                <p>- Drawstring hood with built-in cap</p>\n\n                                <p>- Front placket with snap buttons</p>\n\n                                <p>- Ventilation under armpit</p>\n\n                                <p>- Adjustable cuffs</p>\n\n                                <p>- Double welted front pockets</p>\n\n                                <p>- Adjustable elastic string at hempen</p>\n\n                                <p>- Ultrasonically welded seams</p>\n\n                                <p>This is a unisex item, please check our clothing &amp; footwear sizing guide for specific Rains jacket sizing information. RAINS comes from the rainy nation of Denmark at the edge of the European continent, close to the ocean and with prevailing westerly winds; all factors that contribute to an average of 121 rain days each year. Arising from these rainy weather conditions comes the attitude that a quick rain shower may be beautiful, as well as moody- but first and foremost requires the right outfit. Rains focus on the whole experience of going outside on rainy days, issuing an invitation to explore even in the most mercurial weather.</p>','published','[\"products\\/8.jpg\",\"products\\/8-1.jpg\",\"products\\/8-2.jpg\",\"products\\/8-3.jpg\"]',NULL,'SW-109-A0',0,15,0,1,'in_stock',1,3,0,0,1234,1098.26,NULL,NULL,19,18,14,790,NULL,54019,'2025-05-03 11:19:04','2025-05-03 11:19:10',0,'Botble\\ACL\\Models\\User',NULL,'physical',NULL,NULL,0,0,0,0,NULL),(9,'Samsung Smart Phone (Digital)','<ul><li> Unrestrained and portable active stereo speaker</li>\n            <li> Free from the confines of wires and chords</li>\n            <li> 20 hours of portable capabilities</li>\n            <li> Double-ended Coil Cord with 3.5mm Stereo Plugs Included</li>\n            <li> 3/4″ Dome Tweeters: 2X and 4″ Woofer: 1X</li></ul>','<p>Short Hooded Coat features a straight body, large pockets with button flaps, ventilation air holes, and a string detail along the hemline. The style is completed with a drawstring hood, featuring Rains’ signature built-in cap. Made from waterproof, matte PU, this lightweight unisex rain jacket is an ode to nostalgia through its classic silhouette and utilitarian design details.</p>\n                                <p>- Casual unisex fit</p>\n\n                                <p>- 64% polyester, 36% polyurethane</p>\n\n                                <p>- Water column pressure: 4000 mm</p>\n\n                                <p>- Model is 187cm tall and wearing a size S / M</p>\n\n                                <p>- Unisex fit</p>\n\n                                <p>- Drawstring hood with built-in cap</p>\n\n                                <p>- Front placket with snap buttons</p>\n\n                                <p>- Ventilation under armpit</p>\n\n                                <p>- Adjustable cuffs</p>\n\n                                <p>- Double welted front pockets</p>\n\n                                <p>- Adjustable elastic string at hempen</p>\n\n                                <p>- Ultrasonically welded seams</p>\n\n                                <p>This is a unisex item, please check our clothing &amp; footwear sizing guide for specific Rains jacket sizing information. RAINS comes from the rainy nation of Denmark at the edge of the European continent, close to the ocean and with prevailing westerly winds; all factors that contribute to an average of 121 rain days each year. Arising from these rainy weather conditions comes the attitude that a quick rain shower may be beautiful, as well as moody- but first and foremost requires the right outfit. Rains focus on the whole experience of going outside on rainy days, issuing an invitation to explore even in the most mercurial weather.</p>','published','[\"products\\/9.jpg\",\"products\\/9-1.jpg\",\"products\\/9-2.jpg\"]',NULL,'SW-172-A0',0,16,0,1,'in_stock',1,5,0,0,556,NULL,NULL,NULL,14,13,19,702,NULL,198102,'2025-05-03 11:19:04','2025-05-03 11:19:10',0,'Botble\\ACL\\Models\\User',NULL,'digital',NULL,NULL,0,0,0,0,NULL),(10,'Herschel Leather Duffle Bag In Brown Color','<ul><li> Unrestrained and portable active stereo speaker</li>\n            <li> Free from the confines of wires and chords</li>\n            <li> 20 hours of portable capabilities</li>\n            <li> Double-ended Coil Cord with 3.5mm Stereo Plugs Included</li>\n            <li> 3/4″ Dome Tweeters: 2X and 4″ Woofer: 1X</li></ul>','<p>Short Hooded Coat features a straight body, large pockets with button flaps, ventilation air holes, and a string detail along the hemline. The style is completed with a drawstring hood, featuring Rains’ signature built-in cap. Made from waterproof, matte PU, this lightweight unisex rain jacket is an ode to nostalgia through its classic silhouette and utilitarian design details.</p>\n                                <p>- Casual unisex fit</p>\n\n                                <p>- 64% polyester, 36% polyurethane</p>\n\n                                <p>- Water column pressure: 4000 mm</p>\n\n                                <p>- Model is 187cm tall and wearing a size S / M</p>\n\n                                <p>- Unisex fit</p>\n\n                                <p>- Drawstring hood with built-in cap</p>\n\n                                <p>- Front placket with snap buttons</p>\n\n                                <p>- Ventilation under armpit</p>\n\n                                <p>- Adjustable cuffs</p>\n\n                                <p>- Double welted front pockets</p>\n\n                                <p>- Adjustable elastic string at hempen</p>\n\n                                <p>- Ultrasonically welded seams</p>\n\n                                <p>This is a unisex item, please check our clothing &amp; footwear sizing guide for specific Rains jacket sizing information. RAINS comes from the rainy nation of Denmark at the edge of the European continent, close to the ocean and with prevailing westerly winds; all factors that contribute to an average of 121 rain days each year. Arising from these rainy weather conditions comes the attitude that a quick rain shower may be beautiful, as well as moody- but first and foremost requires the right outfit. Rains focus on the whole experience of going outside on rainy days, issuing an invitation to explore even in the most mercurial weather.</p>','published','[\"products\\/10.jpg\",\"products\\/10-1.jpg\",\"products\\/10-2.jpg\"]',NULL,'SW-125-A0',0,10,0,1,'in_stock',0,1,0,0,1174,NULL,NULL,NULL,17,11,17,692,NULL,103861,'2025-05-03 11:19:04','2025-05-03 11:19:10',0,'Botble\\ACL\\Models\\User',NULL,'physical',NULL,NULL,0,0,0,0,NULL),(11,'Xbox One Wireless Controller Black Color','<ul><li> Unrestrained and portable active stereo speaker</li>\n            <li> Free from the confines of wires and chords</li>\n            <li> 20 hours of portable capabilities</li>\n            <li> Double-ended Coil Cord with 3.5mm Stereo Plugs Included</li>\n            <li> 3/4″ Dome Tweeters: 2X and 4″ Woofer: 1X</li></ul>','<p>Short Hooded Coat features a straight body, large pockets with button flaps, ventilation air holes, and a string detail along the hemline. The style is completed with a drawstring hood, featuring Rains’ signature built-in cap. Made from waterproof, matte PU, this lightweight unisex rain jacket is an ode to nostalgia through its classic silhouette and utilitarian design details.</p>\n                                <p>- Casual unisex fit</p>\n\n                                <p>- 64% polyester, 36% polyurethane</p>\n\n                                <p>- Water column pressure: 4000 mm</p>\n\n                                <p>- Model is 187cm tall and wearing a size S / M</p>\n\n                                <p>- Unisex fit</p>\n\n                                <p>- Drawstring hood with built-in cap</p>\n\n                                <p>- Front placket with snap buttons</p>\n\n                                <p>- Ventilation under armpit</p>\n\n                                <p>- Adjustable cuffs</p>\n\n                                <p>- Double welted front pockets</p>\n\n                                <p>- Adjustable elastic string at hempen</p>\n\n                                <p>- Ultrasonically welded seams</p>\n\n                                <p>This is a unisex item, please check our clothing &amp; footwear sizing guide for specific Rains jacket sizing information. RAINS comes from the rainy nation of Denmark at the edge of the European continent, close to the ocean and with prevailing westerly winds; all factors that contribute to an average of 121 rain days each year. Arising from these rainy weather conditions comes the attitude that a quick rain shower may be beautiful, as well as moody- but first and foremost requires the right outfit. Rains focus on the whole experience of going outside on rainy days, issuing an invitation to explore even in the most mercurial weather.</p>','published','[\"products\\/11.jpg\",\"products\\/11-1.jpg\",\"products\\/11-2.jpg\",\"products\\/11-3.jpg\"]',NULL,'SW-144-A0',0,12,0,1,'in_stock',0,5,0,0,1197,NULL,NULL,NULL,11,16,20,615,NULL,95775,'2025-05-03 11:19:05','2025-05-03 11:19:10',0,'Botble\\ACL\\Models\\User',NULL,'physical',NULL,NULL,0,0,0,0,NULL),(12,'EPSION Plaster Printer','<ul><li> Unrestrained and portable active stereo speaker</li>\n            <li> Free from the confines of wires and chords</li>\n            <li> 20 hours of portable capabilities</li>\n            <li> Double-ended Coil Cord with 3.5mm Stereo Plugs Included</li>\n            <li> 3/4″ Dome Tweeters: 2X and 4″ Woofer: 1X</li></ul>','<p>Short Hooded Coat features a straight body, large pockets with button flaps, ventilation air holes, and a string detail along the hemline. The style is completed with a drawstring hood, featuring Rains’ signature built-in cap. Made from waterproof, matte PU, this lightweight unisex rain jacket is an ode to nostalgia through its classic silhouette and utilitarian design details.</p>\n                                <p>- Casual unisex fit</p>\n\n                                <p>- 64% polyester, 36% polyurethane</p>\n\n                                <p>- Water column pressure: 4000 mm</p>\n\n                                <p>- Model is 187cm tall and wearing a size S / M</p>\n\n                                <p>- Unisex fit</p>\n\n                                <p>- Drawstring hood with built-in cap</p>\n\n                                <p>- Front placket with snap buttons</p>\n\n                                <p>- Ventilation under armpit</p>\n\n                                <p>- Adjustable cuffs</p>\n\n                                <p>- Double welted front pockets</p>\n\n                                <p>- Adjustable elastic string at hempen</p>\n\n                                <p>- Ultrasonically welded seams</p>\n\n                                <p>This is a unisex item, please check our clothing &amp; footwear sizing guide for specific Rains jacket sizing information. RAINS comes from the rainy nation of Denmark at the edge of the European continent, close to the ocean and with prevailing westerly winds; all factors that contribute to an average of 121 rain days each year. Arising from these rainy weather conditions comes the attitude that a quick rain shower may be beautiful, as well as moody- but first and foremost requires the right outfit. Rains focus on the whole experience of going outside on rainy days, issuing an invitation to explore even in the most mercurial weather.</p>','published','[\"products\\/12.jpg\",\"products\\/12-1.jpg\",\"products\\/12-2.jpg\",\"products\\/12-3.jpg\"]',NULL,'SW-124-A0',0,20,0,1,'in_stock',0,2,0,0,554,448.74,NULL,NULL,18,16,15,706,NULL,70073,'2025-05-03 11:19:05','2025-05-03 11:19:10',0,'Botble\\ACL\\Models\\User',NULL,'physical',NULL,NULL,0,0,0,0,NULL),(13,'Sound Intone I65 Earphone White Version (Digital)','<ul><li> Unrestrained and portable active stereo speaker</li>\n            <li> Free from the confines of wires and chords</li>\n            <li> 20 hours of portable capabilities</li>\n            <li> Double-ended Coil Cord with 3.5mm Stereo Plugs Included</li>\n            <li> 3/4″ Dome Tweeters: 2X and 4″ Woofer: 1X</li></ul>','<p>Short Hooded Coat features a straight body, large pockets with button flaps, ventilation air holes, and a string detail along the hemline. The style is completed with a drawstring hood, featuring Rains’ signature built-in cap. Made from waterproof, matte PU, this lightweight unisex rain jacket is an ode to nostalgia through its classic silhouette and utilitarian design details.</p>\n                                <p>- Casual unisex fit</p>\n\n                                <p>- 64% polyester, 36% polyurethane</p>\n\n                                <p>- Water column pressure: 4000 mm</p>\n\n                                <p>- Model is 187cm tall and wearing a size S / M</p>\n\n                                <p>- Unisex fit</p>\n\n                                <p>- Drawstring hood with built-in cap</p>\n\n                                <p>- Front placket with snap buttons</p>\n\n                                <p>- Ventilation under armpit</p>\n\n                                <p>- Adjustable cuffs</p>\n\n                                <p>- Double welted front pockets</p>\n\n                                <p>- Adjustable elastic string at hempen</p>\n\n                                <p>- Ultrasonically welded seams</p>\n\n                                <p>This is a unisex item, please check our clothing &amp; footwear sizing guide for specific Rains jacket sizing information. RAINS comes from the rainy nation of Denmark at the edge of the European continent, close to the ocean and with prevailing westerly winds; all factors that contribute to an average of 121 rain days each year. Arising from these rainy weather conditions comes the attitude that a quick rain shower may be beautiful, as well as moody- but first and foremost requires the right outfit. Rains focus on the whole experience of going outside on rainy days, issuing an invitation to explore even in the most mercurial weather.</p>','published','[\"products\\/13.jpg\",\"products\\/13-1.jpg\"]',NULL,'SW-120-A0',0,20,0,1,'in_stock',0,5,0,0,564,NULL,NULL,NULL,18,15,13,842,NULL,145642,'2025-05-03 11:19:05','2025-05-03 11:19:10',0,'Botble\\ACL\\Models\\User',NULL,'digital',NULL,NULL,0,0,0,0,NULL),(14,'B&amp;O Play Mini Bluetooth Speaker','<ul><li> Unrestrained and portable active stereo speaker</li>\n            <li> Free from the confines of wires and chords</li>\n            <li> 20 hours of portable capabilities</li>\n            <li> Double-ended Coil Cord with 3.5mm Stereo Plugs Included</li>\n            <li> 3/4″ Dome Tweeters: 2X and 4″ Woofer: 1X</li></ul>','<p>Short Hooded Coat features a straight body, large pockets with button flaps, ventilation air holes, and a string detail along the hemline. The style is completed with a drawstring hood, featuring Rains’ signature built-in cap. Made from waterproof, matte PU, this lightweight unisex rain jacket is an ode to nostalgia through its classic silhouette and utilitarian design details.</p>\n                                <p>- Casual unisex fit</p>\n\n                                <p>- 64% polyester, 36% polyurethane</p>\n\n                                <p>- Water column pressure: 4000 mm</p>\n\n                                <p>- Model is 187cm tall and wearing a size S / M</p>\n\n                                <p>- Unisex fit</p>\n\n                                <p>- Drawstring hood with built-in cap</p>\n\n                                <p>- Front placket with snap buttons</p>\n\n                                <p>- Ventilation under armpit</p>\n\n                                <p>- Adjustable cuffs</p>\n\n                                <p>- Double welted front pockets</p>\n\n                                <p>- Adjustable elastic string at hempen</p>\n\n                                <p>- Ultrasonically welded seams</p>\n\n                                <p>This is a unisex item, please check our clothing &amp; footwear sizing guide for specific Rains jacket sizing information. RAINS comes from the rainy nation of Denmark at the edge of the European continent, close to the ocean and with prevailing westerly winds; all factors that contribute to an average of 121 rain days each year. Arising from these rainy weather conditions comes the attitude that a quick rain shower may be beautiful, as well as moody- but first and foremost requires the right outfit. Rains focus on the whole experience of going outside on rainy days, issuing an invitation to explore even in the most mercurial weather.</p>','published','[\"products\\/14.jpg\"]',NULL,'SW-125-A0',0,19,0,1,'in_stock',0,4,0,0,539,NULL,NULL,NULL,16,14,19,680,NULL,147392,'2025-05-03 11:19:05','2025-05-03 11:19:11',0,'Botble\\ACL\\Models\\User',NULL,'physical',NULL,NULL,0,0,0,0,NULL),(15,'Apple MacBook Air Retina 13.3-Inch Laptop','<ul><li> Unrestrained and portable active stereo speaker</li>\n            <li> Free from the confines of wires and chords</li>\n            <li> 20 hours of portable capabilities</li>\n            <li> Double-ended Coil Cord with 3.5mm Stereo Plugs Included</li>\n            <li> 3/4″ Dome Tweeters: 2X and 4″ Woofer: 1X</li></ul>','<p>Short Hooded Coat features a straight body, large pockets with button flaps, ventilation air holes, and a string detail along the hemline. The style is completed with a drawstring hood, featuring Rains’ signature built-in cap. Made from waterproof, matte PU, this lightweight unisex rain jacket is an ode to nostalgia through its classic silhouette and utilitarian design details.</p>\n                                <p>- Casual unisex fit</p>\n\n                                <p>- 64% polyester, 36% polyurethane</p>\n\n                                <p>- Water column pressure: 4000 mm</p>\n\n                                <p>- Model is 187cm tall and wearing a size S / M</p>\n\n                                <p>- Unisex fit</p>\n\n                                <p>- Drawstring hood with built-in cap</p>\n\n                                <p>- Front placket with snap buttons</p>\n\n                                <p>- Ventilation under armpit</p>\n\n                                <p>- Adjustable cuffs</p>\n\n                                <p>- Double welted front pockets</p>\n\n                                <p>- Adjustable elastic string at hempen</p>\n\n                                <p>- Ultrasonically welded seams</p>\n\n                                <p>This is a unisex item, please check our clothing &amp; footwear sizing guide for specific Rains jacket sizing information. RAINS comes from the rainy nation of Denmark at the edge of the European continent, close to the ocean and with prevailing westerly winds; all factors that contribute to an average of 121 rain days each year. Arising from these rainy weather conditions comes the attitude that a quick rain shower may be beautiful, as well as moody- but first and foremost requires the right outfit. Rains focus on the whole experience of going outside on rainy days, issuing an invitation to explore even in the most mercurial weather.</p>','published','[\"products\\/15.jpg\",\"products\\/15-1.jpg\"]',NULL,'SW-156-A0',0,14,0,1,'in_stock',0,4,0,0,564,NULL,NULL,NULL,20,10,15,641,NULL,117906,'2025-05-03 11:19:05','2025-05-03 11:19:11',0,'Botble\\ACL\\Models\\User',NULL,'physical',NULL,NULL,0,0,0,0,NULL),(16,'Apple MacBook Air Retina 12-Inch Laptop','<ul><li> Unrestrained and portable active stereo speaker</li>\n            <li> Free from the confines of wires and chords</li>\n            <li> 20 hours of portable capabilities</li>\n            <li> Double-ended Coil Cord with 3.5mm Stereo Plugs Included</li>\n            <li> 3/4″ Dome Tweeters: 2X and 4″ Woofer: 1X</li></ul>','<p>Short Hooded Coat features a straight body, large pockets with button flaps, ventilation air holes, and a string detail along the hemline. The style is completed with a drawstring hood, featuring Rains’ signature built-in cap. Made from waterproof, matte PU, this lightweight unisex rain jacket is an ode to nostalgia through its classic silhouette and utilitarian design details.</p>\n                                <p>- Casual unisex fit</p>\n\n                                <p>- 64% polyester, 36% polyurethane</p>\n\n                                <p>- Water column pressure: 4000 mm</p>\n\n                                <p>- Model is 187cm tall and wearing a size S / M</p>\n\n                                <p>- Unisex fit</p>\n\n                                <p>- Drawstring hood with built-in cap</p>\n\n                                <p>- Front placket with snap buttons</p>\n\n                                <p>- Ventilation under armpit</p>\n\n                                <p>- Adjustable cuffs</p>\n\n                                <p>- Double welted front pockets</p>\n\n                                <p>- Adjustable elastic string at hempen</p>\n\n                                <p>- Ultrasonically welded seams</p>\n\n                                <p>This is a unisex item, please check our clothing &amp; footwear sizing guide for specific Rains jacket sizing information. RAINS comes from the rainy nation of Denmark at the edge of the European continent, close to the ocean and with prevailing westerly winds; all factors that contribute to an average of 121 rain days each year. Arising from these rainy weather conditions comes the attitude that a quick rain shower may be beautiful, as well as moody- but first and foremost requires the right outfit. Rains focus on the whole experience of going outside on rainy days, issuing an invitation to explore even in the most mercurial weather.</p>','published','[\"products\\/16.jpg\"]',NULL,'SW-165-A0',0,12,0,1,'in_stock',0,5,0,0,554,426.58,NULL,NULL,11,12,14,851,NULL,75031,'2025-05-03 11:19:05','2025-05-03 11:19:11',0,'Botble\\ACL\\Models\\User',NULL,'physical',NULL,NULL,0,0,0,0,NULL),(17,'Samsung Gear VR Virtual Reality Headset (Digital)','<ul><li> Unrestrained and portable active stereo speaker</li>\n            <li> Free from the confines of wires and chords</li>\n            <li> 20 hours of portable capabilities</li>\n            <li> Double-ended Coil Cord with 3.5mm Stereo Plugs Included</li>\n            <li> 3/4″ Dome Tweeters: 2X and 4″ Woofer: 1X</li></ul>','<p>Short Hooded Coat features a straight body, large pockets with button flaps, ventilation air holes, and a string detail along the hemline. The style is completed with a drawstring hood, featuring Rains’ signature built-in cap. Made from waterproof, matte PU, this lightweight unisex rain jacket is an ode to nostalgia through its classic silhouette and utilitarian design details.</p>\n                                <p>- Casual unisex fit</p>\n\n                                <p>- 64% polyester, 36% polyurethane</p>\n\n                                <p>- Water column pressure: 4000 mm</p>\n\n                                <p>- Model is 187cm tall and wearing a size S / M</p>\n\n                                <p>- Unisex fit</p>\n\n                                <p>- Drawstring hood with built-in cap</p>\n\n                                <p>- Front placket with snap buttons</p>\n\n                                <p>- Ventilation under armpit</p>\n\n                                <p>- Adjustable cuffs</p>\n\n                                <p>- Double welted front pockets</p>\n\n                                <p>- Adjustable elastic string at hempen</p>\n\n                                <p>- Ultrasonically welded seams</p>\n\n                                <p>This is a unisex item, please check our clothing &amp; footwear sizing guide for specific Rains jacket sizing information. RAINS comes from the rainy nation of Denmark at the edge of the European continent, close to the ocean and with prevailing westerly winds; all factors that contribute to an average of 121 rain days each year. Arising from these rainy weather conditions comes the attitude that a quick rain shower may be beautiful, as well as moody- but first and foremost requires the right outfit. Rains focus on the whole experience of going outside on rainy days, issuing an invitation to explore even in the most mercurial weather.</p>','published','[\"products\\/17.jpg\",\"products\\/17-1.jpg\",\"products\\/17-2.jpg\",\"products\\/17-3.jpg\"]',NULL,'SW-124-A0',0,12,0,1,'in_stock',0,4,0,0,531,NULL,NULL,NULL,19,11,11,863,NULL,76271,'2025-05-03 11:19:05','2025-05-03 11:19:11',0,'Botble\\ACL\\Models\\User',NULL,'digital',NULL,NULL,0,0,0,0,NULL),(18,'Aveeno Moisturizing Body Shower 450ml','<ul><li> Unrestrained and portable active stereo speaker</li>\n            <li> Free from the confines of wires and chords</li>\n            <li> 20 hours of portable capabilities</li>\n            <li> Double-ended Coil Cord with 3.5mm Stereo Plugs Included</li>\n            <li> 3/4″ Dome Tweeters: 2X and 4″ Woofer: 1X</li></ul>','<p>Short Hooded Coat features a straight body, large pockets with button flaps, ventilation air holes, and a string detail along the hemline. The style is completed with a drawstring hood, featuring Rains’ signature built-in cap. Made from waterproof, matte PU, this lightweight unisex rain jacket is an ode to nostalgia through its classic silhouette and utilitarian design details.</p>\n                                <p>- Casual unisex fit</p>\n\n                                <p>- 64% polyester, 36% polyurethane</p>\n\n                                <p>- Water column pressure: 4000 mm</p>\n\n                                <p>- Model is 187cm tall and wearing a size S / M</p>\n\n                                <p>- Unisex fit</p>\n\n                                <p>- Drawstring hood with built-in cap</p>\n\n                                <p>- Front placket with snap buttons</p>\n\n                                <p>- Ventilation under armpit</p>\n\n                                <p>- Adjustable cuffs</p>\n\n                                <p>- Double welted front pockets</p>\n\n                                <p>- Adjustable elastic string at hempen</p>\n\n                                <p>- Ultrasonically welded seams</p>\n\n                                <p>This is a unisex item, please check our clothing &amp; footwear sizing guide for specific Rains jacket sizing information. RAINS comes from the rainy nation of Denmark at the edge of the European continent, close to the ocean and with prevailing westerly winds; all factors that contribute to an average of 121 rain days each year. Arising from these rainy weather conditions comes the attitude that a quick rain shower may be beautiful, as well as moody- but first and foremost requires the right outfit. Rains focus on the whole experience of going outside on rainy days, issuing an invitation to explore even in the most mercurial weather.</p>','published','[\"products\\/18.jpg\",\"products\\/18-1.jpg\",\"products\\/18-2.jpg\",\"products\\/18-3.jpg\"]',NULL,'SW-134-A0',0,13,0,1,'in_stock',0,2,0,0,1077,NULL,NULL,NULL,18,20,19,680,NULL,164619,'2025-05-03 11:19:05','2025-05-03 11:19:11',0,'Botble\\ACL\\Models\\User',NULL,'physical',NULL,NULL,0,0,0,0,NULL),(19,'NYX Beauty Couton Pallete Makeup 12','<ul><li> Unrestrained and portable active stereo speaker</li>\n            <li> Free from the confines of wires and chords</li>\n            <li> 20 hours of portable capabilities</li>\n            <li> Double-ended Coil Cord with 3.5mm Stereo Plugs Included</li>\n            <li> 3/4″ Dome Tweeters: 2X and 4″ Woofer: 1X</li></ul>','<p>Short Hooded Coat features a straight body, large pockets with button flaps, ventilation air holes, and a string detail along the hemline. The style is completed with a drawstring hood, featuring Rains’ signature built-in cap. Made from waterproof, matte PU, this lightweight unisex rain jacket is an ode to nostalgia through its classic silhouette and utilitarian design details.</p>\n                                <p>- Casual unisex fit</p>\n\n                                <p>- 64% polyester, 36% polyurethane</p>\n\n                                <p>- Water column pressure: 4000 mm</p>\n\n                                <p>- Model is 187cm tall and wearing a size S / M</p>\n\n                                <p>- Unisex fit</p>\n\n                                <p>- Drawstring hood with built-in cap</p>\n\n                                <p>- Front placket with snap buttons</p>\n\n                                <p>- Ventilation under armpit</p>\n\n                                <p>- Adjustable cuffs</p>\n\n                                <p>- Double welted front pockets</p>\n\n                                <p>- Adjustable elastic string at hempen</p>\n\n                                <p>- Ultrasonically welded seams</p>\n\n                                <p>This is a unisex item, please check our clothing &amp; footwear sizing guide for specific Rains jacket sizing information. RAINS comes from the rainy nation of Denmark at the edge of the European continent, close to the ocean and with prevailing westerly winds; all factors that contribute to an average of 121 rain days each year. Arising from these rainy weather conditions comes the attitude that a quick rain shower may be beautiful, as well as moody- but first and foremost requires the right outfit. Rains focus on the whole experience of going outside on rainy days, issuing an invitation to explore even in the most mercurial weather.</p>','published','[\"products\\/19.jpg\",\"products\\/19-1.jpg\",\"products\\/19-2.jpg\",\"products\\/19-3.jpg\"]',NULL,'SW-183-A0',0,19,0,1,'in_stock',0,5,0,0,1294,NULL,NULL,NULL,18,12,18,735,NULL,173978,'2025-05-03 11:19:05','2025-05-03 11:19:11',0,'Botble\\ACL\\Models\\User',NULL,'physical',NULL,NULL,0,0,0,0,NULL),(20,'NYX Beauty Couton Pallete Makeup 12','<ul><li> Unrestrained and portable active stereo speaker</li>\n            <li> Free from the confines of wires and chords</li>\n            <li> 20 hours of portable capabilities</li>\n            <li> Double-ended Coil Cord with 3.5mm Stereo Plugs Included</li>\n            <li> 3/4″ Dome Tweeters: 2X and 4″ Woofer: 1X</li></ul>','<p>Short Hooded Coat features a straight body, large pockets with button flaps, ventilation air holes, and a string detail along the hemline. The style is completed with a drawstring hood, featuring Rains’ signature built-in cap. Made from waterproof, matte PU, this lightweight unisex rain jacket is an ode to nostalgia through its classic silhouette and utilitarian design details.</p>\n                                <p>- Casual unisex fit</p>\n\n                                <p>- 64% polyester, 36% polyurethane</p>\n\n                                <p>- Water column pressure: 4000 mm</p>\n\n                                <p>- Model is 187cm tall and wearing a size S / M</p>\n\n                                <p>- Unisex fit</p>\n\n                                <p>- Drawstring hood with built-in cap</p>\n\n                                <p>- Front placket with snap buttons</p>\n\n                                <p>- Ventilation under armpit</p>\n\n                                <p>- Adjustable cuffs</p>\n\n                                <p>- Double welted front pockets</p>\n\n                                <p>- Adjustable elastic string at hempen</p>\n\n                                <p>- Ultrasonically welded seams</p>\n\n                                <p>This is a unisex item, please check our clothing &amp; footwear sizing guide for specific Rains jacket sizing information. RAINS comes from the rainy nation of Denmark at the edge of the European continent, close to the ocean and with prevailing westerly winds; all factors that contribute to an average of 121 rain days each year. Arising from these rainy weather conditions comes the attitude that a quick rain shower may be beautiful, as well as moody- but first and foremost requires the right outfit. Rains focus on the whole experience of going outside on rainy days, issuing an invitation to explore even in the most mercurial weather.</p>','published','[\"products\\/20.jpg\",\"products\\/20-1.jpg\",\"products\\/20-2.jpg\",\"products\\/20-3.jpg\"]',NULL,'SW-197-A0',0,19,0,1,'in_stock',0,3,0,0,835,609.55,NULL,NULL,14,18,10,542,NULL,88663,'2025-05-03 11:19:05','2025-05-03 11:19:12',0,'Botble\\ACL\\Models\\User',NULL,'physical',NULL,NULL,0,0,0,0,NULL),(21,'MVMTH Classical Leather Watch In Black (Digital)','<ul><li> Unrestrained and portable active stereo speaker</li>\n            <li> Free from the confines of wires and chords</li>\n            <li> 20 hours of portable capabilities</li>\n            <li> Double-ended Coil Cord with 3.5mm Stereo Plugs Included</li>\n            <li> 3/4″ Dome Tweeters: 2X and 4″ Woofer: 1X</li></ul>','<p>Short Hooded Coat features a straight body, large pockets with button flaps, ventilation air holes, and a string detail along the hemline. The style is completed with a drawstring hood, featuring Rains’ signature built-in cap. Made from waterproof, matte PU, this lightweight unisex rain jacket is an ode to nostalgia through its classic silhouette and utilitarian design details.</p>\n                                <p>- Casual unisex fit</p>\n\n                                <p>- 64% polyester, 36% polyurethane</p>\n\n                                <p>- Water column pressure: 4000 mm</p>\n\n                                <p>- Model is 187cm tall and wearing a size S / M</p>\n\n                                <p>- Unisex fit</p>\n\n                                <p>- Drawstring hood with built-in cap</p>\n\n                                <p>- Front placket with snap buttons</p>\n\n                                <p>- Ventilation under armpit</p>\n\n                                <p>- Adjustable cuffs</p>\n\n                                <p>- Double welted front pockets</p>\n\n                                <p>- Adjustable elastic string at hempen</p>\n\n                                <p>- Ultrasonically welded seams</p>\n\n                                <p>This is a unisex item, please check our clothing &amp; footwear sizing guide for specific Rains jacket sizing information. RAINS comes from the rainy nation of Denmark at the edge of the European continent, close to the ocean and with prevailing westerly winds; all factors that contribute to an average of 121 rain days each year. Arising from these rainy weather conditions comes the attitude that a quick rain shower may be beautiful, as well as moody- but first and foremost requires the right outfit. Rains focus on the whole experience of going outside on rainy days, issuing an invitation to explore even in the most mercurial weather.</p>','published','[\"products\\/21.jpg\",\"products\\/21-1.jpg\",\"products\\/21-2.jpg\"]',NULL,'SW-188-A0',0,17,0,1,'in_stock',0,5,0,0,782,NULL,NULL,NULL,18,18,20,563,NULL,45615,'2025-05-03 11:19:05','2025-05-03 11:19:12',0,'Botble\\ACL\\Models\\User',NULL,'digital',NULL,NULL,0,0,0,0,NULL),(22,'Baxter Care Hair Kit For Bearded Mens','<ul><li> Unrestrained and portable active stereo speaker</li>\n            <li> Free from the confines of wires and chords</li>\n            <li> 20 hours of portable capabilities</li>\n            <li> Double-ended Coil Cord with 3.5mm Stereo Plugs Included</li>\n            <li> 3/4″ Dome Tweeters: 2X and 4″ Woofer: 1X</li></ul>','<p>Short Hooded Coat features a straight body, large pockets with button flaps, ventilation air holes, and a string detail along the hemline. The style is completed with a drawstring hood, featuring Rains’ signature built-in cap. Made from waterproof, matte PU, this lightweight unisex rain jacket is an ode to nostalgia through its classic silhouette and utilitarian design details.</p>\n                                <p>- Casual unisex fit</p>\n\n                                <p>- 64% polyester, 36% polyurethane</p>\n\n                                <p>- Water column pressure: 4000 mm</p>\n\n                                <p>- Model is 187cm tall and wearing a size S / M</p>\n\n                                <p>- Unisex fit</p>\n\n                                <p>- Drawstring hood with built-in cap</p>\n\n                                <p>- Front placket with snap buttons</p>\n\n                                <p>- Ventilation under armpit</p>\n\n                                <p>- Adjustable cuffs</p>\n\n                                <p>- Double welted front pockets</p>\n\n                                <p>- Adjustable elastic string at hempen</p>\n\n                                <p>- Ultrasonically welded seams</p>\n\n                                <p>This is a unisex item, please check our clothing &amp; footwear sizing guide for specific Rains jacket sizing information. RAINS comes from the rainy nation of Denmark at the edge of the European continent, close to the ocean and with prevailing westerly winds; all factors that contribute to an average of 121 rain days each year. Arising from these rainy weather conditions comes the attitude that a quick rain shower may be beautiful, as well as moody- but first and foremost requires the right outfit. Rains focus on the whole experience of going outside on rainy days, issuing an invitation to explore even in the most mercurial weather.</p>','published','[\"products\\/22.jpg\",\"products\\/22-1.jpg\",\"products\\/22-2.jpg\",\"products\\/22-3.jpg\"]',NULL,'SW-140-A0',0,20,0,1,'in_stock',0,1,0,0,412,NULL,NULL,NULL,17,19,16,562,NULL,103771,'2025-05-03 11:19:05','2025-05-03 11:19:12',0,'Botble\\ACL\\Models\\User',NULL,'physical',NULL,NULL,0,0,0,0,NULL),(23,'Ciate Palemore Lipstick Bold Red Color','<ul><li> Unrestrained and portable active stereo speaker</li>\n            <li> Free from the confines of wires and chords</li>\n            <li> 20 hours of portable capabilities</li>\n            <li> Double-ended Coil Cord with 3.5mm Stereo Plugs Included</li>\n            <li> 3/4″ Dome Tweeters: 2X and 4″ Woofer: 1X</li></ul>','<p>Short Hooded Coat features a straight body, large pockets with button flaps, ventilation air holes, and a string detail along the hemline. The style is completed with a drawstring hood, featuring Rains’ signature built-in cap. Made from waterproof, matte PU, this lightweight unisex rain jacket is an ode to nostalgia through its classic silhouette and utilitarian design details.</p>\n                                <p>- Casual unisex fit</p>\n\n                                <p>- 64% polyester, 36% polyurethane</p>\n\n                                <p>- Water column pressure: 4000 mm</p>\n\n                                <p>- Model is 187cm tall and wearing a size S / M</p>\n\n                                <p>- Unisex fit</p>\n\n                                <p>- Drawstring hood with built-in cap</p>\n\n                                <p>- Front placket with snap buttons</p>\n\n                                <p>- Ventilation under armpit</p>\n\n                                <p>- Adjustable cuffs</p>\n\n                                <p>- Double welted front pockets</p>\n\n                                <p>- Adjustable elastic string at hempen</p>\n\n                                <p>- Ultrasonically welded seams</p>\n\n                                <p>This is a unisex item, please check our clothing &amp; footwear sizing guide for specific Rains jacket sizing information. RAINS comes from the rainy nation of Denmark at the edge of the European continent, close to the ocean and with prevailing westerly winds; all factors that contribute to an average of 121 rain days each year. Arising from these rainy weather conditions comes the attitude that a quick rain shower may be beautiful, as well as moody- but first and foremost requires the right outfit. Rains focus on the whole experience of going outside on rainy days, issuing an invitation to explore even in the most mercurial weather.</p>','published','[\"products\\/23.jpg\",\"products\\/23-1.jpg\",\"products\\/23-2.jpg\",\"products\\/23-3.jpg\"]',NULL,'SW-102-A0',0,12,0,1,'in_stock',0,5,0,0,956,NULL,NULL,NULL,13,18,20,819,NULL,1069,'2025-05-03 11:19:05','2025-05-03 11:19:12',0,'Botble\\ACL\\Models\\User',NULL,'physical',NULL,NULL,0,0,0,0,NULL),(24,'Vimto Squash Remix Apple 1.5 Litres','<ul><li> Unrestrained and portable active stereo speaker</li>\n            <li> Free from the confines of wires and chords</li>\n            <li> 20 hours of portable capabilities</li>\n            <li> Double-ended Coil Cord with 3.5mm Stereo Plugs Included</li>\n            <li> 3/4″ Dome Tweeters: 2X and 4″ Woofer: 1X</li></ul>','<p>Short Hooded Coat features a straight body, large pockets with button flaps, ventilation air holes, and a string detail along the hemline. The style is completed with a drawstring hood, featuring Rains’ signature built-in cap. Made from waterproof, matte PU, this lightweight unisex rain jacket is an ode to nostalgia through its classic silhouette and utilitarian design details.</p>\n                                <p>- Casual unisex fit</p>\n\n                                <p>- 64% polyester, 36% polyurethane</p>\n\n                                <p>- Water column pressure: 4000 mm</p>\n\n                                <p>- Model is 187cm tall and wearing a size S / M</p>\n\n                                <p>- Unisex fit</p>\n\n                                <p>- Drawstring hood with built-in cap</p>\n\n                                <p>- Front placket with snap buttons</p>\n\n                                <p>- Ventilation under armpit</p>\n\n                                <p>- Adjustable cuffs</p>\n\n                                <p>- Double welted front pockets</p>\n\n                                <p>- Adjustable elastic string at hempen</p>\n\n                                <p>- Ultrasonically welded seams</p>\n\n                                <p>This is a unisex item, please check our clothing &amp; footwear sizing guide for specific Rains jacket sizing information. RAINS comes from the rainy nation of Denmark at the edge of the European continent, close to the ocean and with prevailing westerly winds; all factors that contribute to an average of 121 rain days each year. Arising from these rainy weather conditions comes the attitude that a quick rain shower may be beautiful, as well as moody- but first and foremost requires the right outfit. Rains focus on the whole experience of going outside on rainy days, issuing an invitation to explore even in the most mercurial weather.</p>','published','[\"products\\/24.jpg\",\"products\\/24-1.jpg\",\"products\\/24-2.jpg\"]',NULL,'SW-151-A0',0,20,0,1,'in_stock',0,4,0,0,671,509.96,NULL,NULL,16,12,14,538,NULL,166031,'2025-05-03 11:19:06','2025-05-03 11:19:12',0,'Botble\\ACL\\Models\\User',NULL,'physical',NULL,NULL,0,0,0,0,NULL),(25,'Crock Pot Slow Cooker (Digital)','<ul><li> Unrestrained and portable active stereo speaker</li>\n            <li> Free from the confines of wires and chords</li>\n            <li> 20 hours of portable capabilities</li>\n            <li> Double-ended Coil Cord with 3.5mm Stereo Plugs Included</li>\n            <li> 3/4″ Dome Tweeters: 2X and 4″ Woofer: 1X</li></ul>','<p>Short Hooded Coat features a straight body, large pockets with button flaps, ventilation air holes, and a string detail along the hemline. The style is completed with a drawstring hood, featuring Rains’ signature built-in cap. Made from waterproof, matte PU, this lightweight unisex rain jacket is an ode to nostalgia through its classic silhouette and utilitarian design details.</p>\n                                <p>- Casual unisex fit</p>\n\n                                <p>- 64% polyester, 36% polyurethane</p>\n\n                                <p>- Water column pressure: 4000 mm</p>\n\n                                <p>- Model is 187cm tall and wearing a size S / M</p>\n\n                                <p>- Unisex fit</p>\n\n                                <p>- Drawstring hood with built-in cap</p>\n\n                                <p>- Front placket with snap buttons</p>\n\n                                <p>- Ventilation under armpit</p>\n\n                                <p>- Adjustable cuffs</p>\n\n                                <p>- Double welted front pockets</p>\n\n                                <p>- Adjustable elastic string at hempen</p>\n\n                                <p>- Ultrasonically welded seams</p>\n\n                                <p>This is a unisex item, please check our clothing &amp; footwear sizing guide for specific Rains jacket sizing information. RAINS comes from the rainy nation of Denmark at the edge of the European continent, close to the ocean and with prevailing westerly winds; all factors that contribute to an average of 121 rain days each year. Arising from these rainy weather conditions comes the attitude that a quick rain shower may be beautiful, as well as moody- but first and foremost requires the right outfit. Rains focus on the whole experience of going outside on rainy days, issuing an invitation to explore even in the most mercurial weather.</p>','published','[\"products\\/25.jpg\",\"products\\/25-1.jpg\",\"products\\/25-2.jpg\"]',NULL,'SW-102-A0',0,19,0,1,'in_stock',0,4,0,0,594,NULL,NULL,NULL,16,18,10,599,NULL,13279,'2025-05-03 11:19:06','2025-05-03 11:19:12',0,'Botble\\ACL\\Models\\User',NULL,'digital',NULL,NULL,0,0,0,0,NULL),(26,'Taylors of Harrogate Yorkshire Coffee','<ul><li> Unrestrained and portable active stereo speaker</li>\n            <li> Free from the confines of wires and chords</li>\n            <li> 20 hours of portable capabilities</li>\n            <li> Double-ended Coil Cord with 3.5mm Stereo Plugs Included</li>\n            <li> 3/4″ Dome Tweeters: 2X and 4″ Woofer: 1X</li></ul>','<p>Short Hooded Coat features a straight body, large pockets with button flaps, ventilation air holes, and a string detail along the hemline. The style is completed with a drawstring hood, featuring Rains’ signature built-in cap. Made from waterproof, matte PU, this lightweight unisex rain jacket is an ode to nostalgia through its classic silhouette and utilitarian design details.</p>\n                                <p>- Casual unisex fit</p>\n\n                                <p>- 64% polyester, 36% polyurethane</p>\n\n                                <p>- Water column pressure: 4000 mm</p>\n\n                                <p>- Model is 187cm tall and wearing a size S / M</p>\n\n                                <p>- Unisex fit</p>\n\n                                <p>- Drawstring hood with built-in cap</p>\n\n                                <p>- Front placket with snap buttons</p>\n\n                                <p>- Ventilation under armpit</p>\n\n                                <p>- Adjustable cuffs</p>\n\n                                <p>- Double welted front pockets</p>\n\n                                <p>- Adjustable elastic string at hempen</p>\n\n                                <p>- Ultrasonically welded seams</p>\n\n                                <p>This is a unisex item, please check our clothing &amp; footwear sizing guide for specific Rains jacket sizing information. RAINS comes from the rainy nation of Denmark at the edge of the European continent, close to the ocean and with prevailing westerly winds; all factors that contribute to an average of 121 rain days each year. Arising from these rainy weather conditions comes the attitude that a quick rain shower may be beautiful, as well as moody- but first and foremost requires the right outfit. Rains focus on the whole experience of going outside on rainy days, issuing an invitation to explore even in the most mercurial weather.</p>','published','[\"products\\/26.jpg\",\"products\\/26-1.jpg\"]',NULL,'SW-128-A0',0,12,0,1,'in_stock',0,3,0,0,635,NULL,NULL,NULL,14,19,17,796,NULL,79094,'2025-05-03 11:19:06','2025-05-03 11:19:13',0,'Botble\\ACL\\Models\\User',NULL,'physical',NULL,NULL,0,0,0,0,NULL),(27,'Soft Mochi &amp; Galeto Ice Cream','<ul><li> Unrestrained and portable active stereo speaker</li>\n            <li> Free from the confines of wires and chords</li>\n            <li> 20 hours of portable capabilities</li>\n            <li> Double-ended Coil Cord with 3.5mm Stereo Plugs Included</li>\n            <li> 3/4″ Dome Tweeters: 2X and 4″ Woofer: 1X</li></ul>','<p>Short Hooded Coat features a straight body, large pockets with button flaps, ventilation air holes, and a string detail along the hemline. The style is completed with a drawstring hood, featuring Rains’ signature built-in cap. Made from waterproof, matte PU, this lightweight unisex rain jacket is an ode to nostalgia through its classic silhouette and utilitarian design details.</p>\n                                <p>- Casual unisex fit</p>\n\n                                <p>- 64% polyester, 36% polyurethane</p>\n\n                                <p>- Water column pressure: 4000 mm</p>\n\n                                <p>- Model is 187cm tall and wearing a size S / M</p>\n\n                                <p>- Unisex fit</p>\n\n                                <p>- Drawstring hood with built-in cap</p>\n\n                                <p>- Front placket with snap buttons</p>\n\n                                <p>- Ventilation under armpit</p>\n\n                                <p>- Adjustable cuffs</p>\n\n                                <p>- Double welted front pockets</p>\n\n                                <p>- Adjustable elastic string at hempen</p>\n\n                                <p>- Ultrasonically welded seams</p>\n\n                                <p>This is a unisex item, please check our clothing &amp; footwear sizing guide for specific Rains jacket sizing information. RAINS comes from the rainy nation of Denmark at the edge of the European continent, close to the ocean and with prevailing westerly winds; all factors that contribute to an average of 121 rain days each year. Arising from these rainy weather conditions comes the attitude that a quick rain shower may be beautiful, as well as moody- but first and foremost requires the right outfit. Rains focus on the whole experience of going outside on rainy days, issuing an invitation to explore even in the most mercurial weather.</p>','published','[\"products\\/27.jpg\",\"products\\/27-1.jpg\"]',NULL,'SW-149-A0',0,11,0,1,'in_stock',0,3,0,0,592,NULL,NULL,NULL,12,18,20,597,NULL,152388,'2025-05-03 11:19:06','2025-05-03 11:19:13',0,'Botble\\ACL\\Models\\User',NULL,'physical',NULL,NULL,0,0,0,0,NULL),(28,'Naked Noodle Egg Noodles Singapore','<ul><li> Unrestrained and portable active stereo speaker</li>\n            <li> Free from the confines of wires and chords</li>\n            <li> 20 hours of portable capabilities</li>\n            <li> Double-ended Coil Cord with 3.5mm Stereo Plugs Included</li>\n            <li> 3/4″ Dome Tweeters: 2X and 4″ Woofer: 1X</li></ul>','<p>Short Hooded Coat features a straight body, large pockets with button flaps, ventilation air holes, and a string detail along the hemline. The style is completed with a drawstring hood, featuring Rains’ signature built-in cap. Made from waterproof, matte PU, this lightweight unisex rain jacket is an ode to nostalgia through its classic silhouette and utilitarian design details.</p>\n                                <p>- Casual unisex fit</p>\n\n                                <p>- 64% polyester, 36% polyurethane</p>\n\n                                <p>- Water column pressure: 4000 mm</p>\n\n                                <p>- Model is 187cm tall and wearing a size S / M</p>\n\n                                <p>- Unisex fit</p>\n\n                                <p>- Drawstring hood with built-in cap</p>\n\n                                <p>- Front placket with snap buttons</p>\n\n                                <p>- Ventilation under armpit</p>\n\n                                <p>- Adjustable cuffs</p>\n\n                                <p>- Double welted front pockets</p>\n\n                                <p>- Adjustable elastic string at hempen</p>\n\n                                <p>- Ultrasonically welded seams</p>\n\n                                <p>This is a unisex item, please check our clothing &amp; footwear sizing guide for specific Rains jacket sizing information. RAINS comes from the rainy nation of Denmark at the edge of the European continent, close to the ocean and with prevailing westerly winds; all factors that contribute to an average of 121 rain days each year. Arising from these rainy weather conditions comes the attitude that a quick rain shower may be beautiful, as well as moody- but first and foremost requires the right outfit. Rains focus on the whole experience of going outside on rainy days, issuing an invitation to explore even in the most mercurial weather.</p>','published','[\"products\\/28.jpg\",\"products\\/28-1.jpg\",\"products\\/28-2.jpg\"]',NULL,'SW-135-A0',0,18,0,1,'in_stock',0,3,0,0,715,550.55,NULL,NULL,19,18,11,841,NULL,62017,'2025-05-03 11:19:06','2025-05-03 11:19:13',0,'Botble\\ACL\\Models\\User',NULL,'physical',NULL,NULL,0,0,0,0,NULL),(29,'Saute Pan Silver (Digital)','<ul><li> Unrestrained and portable active stereo speaker</li>\n            <li> Free from the confines of wires and chords</li>\n            <li> 20 hours of portable capabilities</li>\n            <li> Double-ended Coil Cord with 3.5mm Stereo Plugs Included</li>\n            <li> 3/4″ Dome Tweeters: 2X and 4″ Woofer: 1X</li></ul>','<p>Short Hooded Coat features a straight body, large pockets with button flaps, ventilation air holes, and a string detail along the hemline. The style is completed with a drawstring hood, featuring Rains’ signature built-in cap. Made from waterproof, matte PU, this lightweight unisex rain jacket is an ode to nostalgia through its classic silhouette and utilitarian design details.</p>\n                                <p>- Casual unisex fit</p>\n\n                                <p>- 64% polyester, 36% polyurethane</p>\n\n                                <p>- Water column pressure: 4000 mm</p>\n\n                                <p>- Model is 187cm tall and wearing a size S / M</p>\n\n                                <p>- Unisex fit</p>\n\n                                <p>- Drawstring hood with built-in cap</p>\n\n                                <p>- Front placket with snap buttons</p>\n\n                                <p>- Ventilation under armpit</p>\n\n                                <p>- Adjustable cuffs</p>\n\n                                <p>- Double welted front pockets</p>\n\n                                <p>- Adjustable elastic string at hempen</p>\n\n                                <p>- Ultrasonically welded seams</p>\n\n                                <p>This is a unisex item, please check our clothing &amp; footwear sizing guide for specific Rains jacket sizing information. RAINS comes from the rainy nation of Denmark at the edge of the European continent, close to the ocean and with prevailing westerly winds; all factors that contribute to an average of 121 rain days each year. Arising from these rainy weather conditions comes the attitude that a quick rain shower may be beautiful, as well as moody- but first and foremost requires the right outfit. Rains focus on the whole experience of going outside on rainy days, issuing an invitation to explore even in the most mercurial weather.</p>','published','[\"products\\/29.jpg\",\"products\\/29-1.jpg\",\"products\\/29-2.jpg\"]',NULL,'SW-144-A0',0,18,0,1,'in_stock',0,5,0,0,1229,NULL,NULL,NULL,11,13,14,891,NULL,51862,'2025-05-03 11:19:06','2025-05-03 11:19:13',0,'Botble\\ACL\\Models\\User',NULL,'digital',NULL,NULL,0,0,0,0,NULL),(30,'Bar S – Classic Bun Length Franks','<ul><li> Unrestrained and portable active stereo speaker</li>\n            <li> Free from the confines of wires and chords</li>\n            <li> 20 hours of portable capabilities</li>\n            <li> Double-ended Coil Cord with 3.5mm Stereo Plugs Included</li>\n            <li> 3/4″ Dome Tweeters: 2X and 4″ Woofer: 1X</li></ul>','<p>Short Hooded Coat features a straight body, large pockets with button flaps, ventilation air holes, and a string detail along the hemline. The style is completed with a drawstring hood, featuring Rains’ signature built-in cap. Made from waterproof, matte PU, this lightweight unisex rain jacket is an ode to nostalgia through its classic silhouette and utilitarian design details.</p>\n                                <p>- Casual unisex fit</p>\n\n                                <p>- 64% polyester, 36% polyurethane</p>\n\n                                <p>- Water column pressure: 4000 mm</p>\n\n                                <p>- Model is 187cm tall and wearing a size S / M</p>\n\n                                <p>- Unisex fit</p>\n\n                                <p>- Drawstring hood with built-in cap</p>\n\n                                <p>- Front placket with snap buttons</p>\n\n                                <p>- Ventilation under armpit</p>\n\n                                <p>- Adjustable cuffs</p>\n\n                                <p>- Double welted front pockets</p>\n\n                                <p>- Adjustable elastic string at hempen</p>\n\n                                <p>- Ultrasonically welded seams</p>\n\n                                <p>This is a unisex item, please check our clothing &amp; footwear sizing guide for specific Rains jacket sizing information. RAINS comes from the rainy nation of Denmark at the edge of the European continent, close to the ocean and with prevailing westerly winds; all factors that contribute to an average of 121 rain days each year. Arising from these rainy weather conditions comes the attitude that a quick rain shower may be beautiful, as well as moody- but first and foremost requires the right outfit. Rains focus on the whole experience of going outside on rainy days, issuing an invitation to explore even in the most mercurial weather.</p>','published','[\"products\\/30.jpg\",\"products\\/30-1.jpg\",\"products\\/30-2.jpg\"]',NULL,'SW-178-A0',0,18,0,1,'in_stock',0,3,0,0,949,NULL,NULL,NULL,13,16,20,679,NULL,101183,'2025-05-03 11:19:06','2025-05-03 11:19:13',0,'Botble\\ACL\\Models\\User',NULL,'physical',NULL,NULL,0,0,0,0,NULL),(31,'Broccoli Crowns','<ul><li> Unrestrained and portable active stereo speaker</li>\n            <li> Free from the confines of wires and chords</li>\n            <li> 20 hours of portable capabilities</li>\n            <li> Double-ended Coil Cord with 3.5mm Stereo Plugs Included</li>\n            <li> 3/4″ Dome Tweeters: 2X and 4″ Woofer: 1X</li></ul>','<p>Short Hooded Coat features a straight body, large pockets with button flaps, ventilation air holes, and a string detail along the hemline. The style is completed with a drawstring hood, featuring Rains’ signature built-in cap. Made from waterproof, matte PU, this lightweight unisex rain jacket is an ode to nostalgia through its classic silhouette and utilitarian design details.</p>\n                                <p>- Casual unisex fit</p>\n\n                                <p>- 64% polyester, 36% polyurethane</p>\n\n                                <p>- Water column pressure: 4000 mm</p>\n\n                                <p>- Model is 187cm tall and wearing a size S / M</p>\n\n                                <p>- Unisex fit</p>\n\n                                <p>- Drawstring hood with built-in cap</p>\n\n                                <p>- Front placket with snap buttons</p>\n\n                                <p>- Ventilation under armpit</p>\n\n                                <p>- Adjustable cuffs</p>\n\n                                <p>- Double welted front pockets</p>\n\n                                <p>- Adjustable elastic string at hempen</p>\n\n                                <p>- Ultrasonically welded seams</p>\n\n                                <p>This is a unisex item, please check our clothing &amp; footwear sizing guide for specific Rains jacket sizing information. RAINS comes from the rainy nation of Denmark at the edge of the European continent, close to the ocean and with prevailing westerly winds; all factors that contribute to an average of 121 rain days each year. Arising from these rainy weather conditions comes the attitude that a quick rain shower may be beautiful, as well as moody- but first and foremost requires the right outfit. Rains focus on the whole experience of going outside on rainy days, issuing an invitation to explore even in the most mercurial weather.</p>','published','[\"products\\/31.jpg\",\"products\\/31-1.jpg\"]',NULL,'SW-141-A0',0,10,0,1,'in_stock',0,4,0,0,845,NULL,NULL,NULL,14,13,20,596,NULL,101434,'2025-05-03 11:19:06','2025-05-03 11:19:13',0,'Botble\\ACL\\Models\\User',NULL,'physical',NULL,NULL,0,0,0,0,NULL),(32,'Slimming World Vegan Mac Greens','<ul><li> Unrestrained and portable active stereo speaker</li>\n            <li> Free from the confines of wires and chords</li>\n            <li> 20 hours of portable capabilities</li>\n            <li> Double-ended Coil Cord with 3.5mm Stereo Plugs Included</li>\n            <li> 3/4″ Dome Tweeters: 2X and 4″ Woofer: 1X</li></ul>','<p>Short Hooded Coat features a straight body, large pockets with button flaps, ventilation air holes, and a string detail along the hemline. The style is completed with a drawstring hood, featuring Rains’ signature built-in cap. Made from waterproof, matte PU, this lightweight unisex rain jacket is an ode to nostalgia through its classic silhouette and utilitarian design details.</p>\n                                <p>- Casual unisex fit</p>\n\n                                <p>- 64% polyester, 36% polyurethane</p>\n\n                                <p>- Water column pressure: 4000 mm</p>\n\n                                <p>- Model is 187cm tall and wearing a size S / M</p>\n\n                                <p>- Unisex fit</p>\n\n                                <p>- Drawstring hood with built-in cap</p>\n\n                                <p>- Front placket with snap buttons</p>\n\n                                <p>- Ventilation under armpit</p>\n\n                                <p>- Adjustable cuffs</p>\n\n                                <p>- Double welted front pockets</p>\n\n                                <p>- Adjustable elastic string at hempen</p>\n\n                                <p>- Ultrasonically welded seams</p>\n\n                                <p>This is a unisex item, please check our clothing &amp; footwear sizing guide for specific Rains jacket sizing information. RAINS comes from the rainy nation of Denmark at the edge of the European continent, close to the ocean and with prevailing westerly winds; all factors that contribute to an average of 121 rain days each year. Arising from these rainy weather conditions comes the attitude that a quick rain shower may be beautiful, as well as moody- but first and foremost requires the right outfit. Rains focus on the whole experience of going outside on rainy days, issuing an invitation to explore even in the most mercurial weather.</p>','published','[\"products\\/32.jpg\",\"products\\/32-1.jpg\",\"products\\/32-2.jpg\"]',NULL,'SW-149-A0',0,19,0,1,'in_stock',0,5,0,0,687,563.34,NULL,NULL,18,11,10,682,NULL,133388,'2025-05-03 11:19:06','2025-05-03 11:19:13',0,'Botble\\ACL\\Models\\User',NULL,'physical',NULL,NULL,0,0,0,0,NULL),(33,'Häagen-Dazs Salted Caramel (Digital)','<ul><li> Unrestrained and portable active stereo speaker</li>\n            <li> Free from the confines of wires and chords</li>\n            <li> 20 hours of portable capabilities</li>\n            <li> Double-ended Coil Cord with 3.5mm Stereo Plugs Included</li>\n            <li> 3/4″ Dome Tweeters: 2X and 4″ Woofer: 1X</li></ul>','<p>Short Hooded Coat features a straight body, large pockets with button flaps, ventilation air holes, and a string detail along the hemline. The style is completed with a drawstring hood, featuring Rains’ signature built-in cap. Made from waterproof, matte PU, this lightweight unisex rain jacket is an ode to nostalgia through its classic silhouette and utilitarian design details.</p>\n                                <p>- Casual unisex fit</p>\n\n                                <p>- 64% polyester, 36% polyurethane</p>\n\n                                <p>- Water column pressure: 4000 mm</p>\n\n                                <p>- Model is 187cm tall and wearing a size S / M</p>\n\n                                <p>- Unisex fit</p>\n\n                                <p>- Drawstring hood with built-in cap</p>\n\n                                <p>- Front placket with snap buttons</p>\n\n                                <p>- Ventilation under armpit</p>\n\n                                <p>- Adjustable cuffs</p>\n\n                                <p>- Double welted front pockets</p>\n\n                                <p>- Adjustable elastic string at hempen</p>\n\n                                <p>- Ultrasonically welded seams</p>\n\n                                <p>This is a unisex item, please check our clothing &amp; footwear sizing guide for specific Rains jacket sizing information. RAINS comes from the rainy nation of Denmark at the edge of the European continent, close to the ocean and with prevailing westerly winds; all factors that contribute to an average of 121 rain days each year. Arising from these rainy weather conditions comes the attitude that a quick rain shower may be beautiful, as well as moody- but first and foremost requires the right outfit. Rains focus on the whole experience of going outside on rainy days, issuing an invitation to explore even in the most mercurial weather.</p>','published','[\"products\\/33.jpg\",\"products\\/33-1.jpg\",\"products\\/33-2.jpg\"]',NULL,'SW-196-A0',0,15,0,1,'in_stock',0,3,0,0,838,NULL,NULL,NULL,18,14,19,785,NULL,13407,'2025-05-03 11:19:06','2025-05-03 11:19:14',0,'Botble\\ACL\\Models\\User',NULL,'digital',NULL,NULL,0,0,0,0,NULL),(34,'Iceland 3 Solo Exotic Burst','<ul><li> Unrestrained and portable active stereo speaker</li>\n            <li> Free from the confines of wires and chords</li>\n            <li> 20 hours of portable capabilities</li>\n            <li> Double-ended Coil Cord with 3.5mm Stereo Plugs Included</li>\n            <li> 3/4″ Dome Tweeters: 2X and 4″ Woofer: 1X</li></ul>','<p>Short Hooded Coat features a straight body, large pockets with button flaps, ventilation air holes, and a string detail along the hemline. The style is completed with a drawstring hood, featuring Rains’ signature built-in cap. Made from waterproof, matte PU, this lightweight unisex rain jacket is an ode to nostalgia through its classic silhouette and utilitarian design details.</p>\n                                <p>- Casual unisex fit</p>\n\n                                <p>- 64% polyester, 36% polyurethane</p>\n\n                                <p>- Water column pressure: 4000 mm</p>\n\n                                <p>- Model is 187cm tall and wearing a size S / M</p>\n\n                                <p>- Unisex fit</p>\n\n                                <p>- Drawstring hood with built-in cap</p>\n\n                                <p>- Front placket with snap buttons</p>\n\n                                <p>- Ventilation under armpit</p>\n\n                                <p>- Adjustable cuffs</p>\n\n                                <p>- Double welted front pockets</p>\n\n                                <p>- Adjustable elastic string at hempen</p>\n\n                                <p>- Ultrasonically welded seams</p>\n\n                                <p>This is a unisex item, please check our clothing &amp; footwear sizing guide for specific Rains jacket sizing information. RAINS comes from the rainy nation of Denmark at the edge of the European continent, close to the ocean and with prevailing westerly winds; all factors that contribute to an average of 121 rain days each year. Arising from these rainy weather conditions comes the attitude that a quick rain shower may be beautiful, as well as moody- but first and foremost requires the right outfit. Rains focus on the whole experience of going outside on rainy days, issuing an invitation to explore even in the most mercurial weather.</p>','published','[\"products\\/34.jpg\",\"products\\/34-1.jpg\"]',NULL,'SW-141-A0',0,13,0,1,'in_stock',0,1,0,0,925,NULL,NULL,NULL,16,20,14,846,NULL,198638,'2025-05-03 11:19:06','2025-05-03 11:19:14',0,'Botble\\ACL\\Models\\User',NULL,'physical',NULL,NULL,0,0,0,0,NULL),(35,'Extreme Budweiser Light Can','<ul><li> Unrestrained and portable active stereo speaker</li>\n            <li> Free from the confines of wires and chords</li>\n            <li> 20 hours of portable capabilities</li>\n            <li> Double-ended Coil Cord with 3.5mm Stereo Plugs Included</li>\n            <li> 3/4″ Dome Tweeters: 2X and 4″ Woofer: 1X</li></ul>','<p>Short Hooded Coat features a straight body, large pockets with button flaps, ventilation air holes, and a string detail along the hemline. The style is completed with a drawstring hood, featuring Rains’ signature built-in cap. Made from waterproof, matte PU, this lightweight unisex rain jacket is an ode to nostalgia through its classic silhouette and utilitarian design details.</p>\n                                <p>- Casual unisex fit</p>\n\n                                <p>- 64% polyester, 36% polyurethane</p>\n\n                                <p>- Water column pressure: 4000 mm</p>\n\n                                <p>- Model is 187cm tall and wearing a size S / M</p>\n\n                                <p>- Unisex fit</p>\n\n                                <p>- Drawstring hood with built-in cap</p>\n\n                                <p>- Front placket with snap buttons</p>\n\n                                <p>- Ventilation under armpit</p>\n\n                                <p>- Adjustable cuffs</p>\n\n                                <p>- Double welted front pockets</p>\n\n                                <p>- Adjustable elastic string at hempen</p>\n\n                                <p>- Ultrasonically welded seams</p>\n\n                                <p>This is a unisex item, please check our clothing &amp; footwear sizing guide for specific Rains jacket sizing information. RAINS comes from the rainy nation of Denmark at the edge of the European continent, close to the ocean and with prevailing westerly winds; all factors that contribute to an average of 121 rain days each year. Arising from these rainy weather conditions comes the attitude that a quick rain shower may be beautiful, as well as moody- but first and foremost requires the right outfit. Rains focus on the whole experience of going outside on rainy days, issuing an invitation to explore even in the most mercurial weather.</p>','published','[\"products\\/35.jpg\",\"products\\/35-1.jpg\"]',NULL,'SW-120-A0',0,10,0,1,'in_stock',0,3,0,0,1201,NULL,NULL,NULL,17,18,14,668,NULL,45599,'2025-05-03 11:19:06','2025-05-03 11:19:14',0,'Botble\\ACL\\Models\\User',NULL,'physical',NULL,NULL,0,0,0,0,NULL),(36,'Iceland Macaroni Cheese Traybake','<ul><li> Unrestrained and portable active stereo speaker</li>\n            <li> Free from the confines of wires and chords</li>\n            <li> 20 hours of portable capabilities</li>\n            <li> Double-ended Coil Cord with 3.5mm Stereo Plugs Included</li>\n            <li> 3/4″ Dome Tweeters: 2X and 4″ Woofer: 1X</li></ul>','<p>Short Hooded Coat features a straight body, large pockets with button flaps, ventilation air holes, and a string detail along the hemline. The style is completed with a drawstring hood, featuring Rains’ signature built-in cap. Made from waterproof, matte PU, this lightweight unisex rain jacket is an ode to nostalgia through its classic silhouette and utilitarian design details.</p>\n                                <p>- Casual unisex fit</p>\n\n                                <p>- 64% polyester, 36% polyurethane</p>\n\n                                <p>- Water column pressure: 4000 mm</p>\n\n                                <p>- Model is 187cm tall and wearing a size S / M</p>\n\n                                <p>- Unisex fit</p>\n\n                                <p>- Drawstring hood with built-in cap</p>\n\n                                <p>- Front placket with snap buttons</p>\n\n                                <p>- Ventilation under armpit</p>\n\n                                <p>- Adjustable cuffs</p>\n\n                                <p>- Double welted front pockets</p>\n\n                                <p>- Adjustable elastic string at hempen</p>\n\n                                <p>- Ultrasonically welded seams</p>\n\n                                <p>This is a unisex item, please check our clothing &amp; footwear sizing guide for specific Rains jacket sizing information. RAINS comes from the rainy nation of Denmark at the edge of the European continent, close to the ocean and with prevailing westerly winds; all factors that contribute to an average of 121 rain days each year. Arising from these rainy weather conditions comes the attitude that a quick rain shower may be beautiful, as well as moody- but first and foremost requires the right outfit. Rains focus on the whole experience of going outside on rainy days, issuing an invitation to explore even in the most mercurial weather.</p>','published','[\"products\\/36.jpg\",\"products\\/36-1.jpg\",\"products\\/36-2.jpg\"]',NULL,'SW-136-A0',0,13,0,1,'in_stock',0,4,0,0,728,546,NULL,NULL,14,20,19,856,NULL,162011,'2025-05-03 11:19:06','2025-05-03 11:19:14',0,'Botble\\ACL\\Models\\User',NULL,'physical',NULL,NULL,0,0,0,0,NULL),(37,'Dolmio Bolognese Pasta Sauce (Digital)','<ul><li> Unrestrained and portable active stereo speaker</li>\n            <li> Free from the confines of wires and chords</li>\n            <li> 20 hours of portable capabilities</li>\n            <li> Double-ended Coil Cord with 3.5mm Stereo Plugs Included</li>\n            <li> 3/4″ Dome Tweeters: 2X and 4″ Woofer: 1X</li></ul>','<p>Short Hooded Coat features a straight body, large pockets with button flaps, ventilation air holes, and a string detail along the hemline. The style is completed with a drawstring hood, featuring Rains’ signature built-in cap. Made from waterproof, matte PU, this lightweight unisex rain jacket is an ode to nostalgia through its classic silhouette and utilitarian design details.</p>\n                                <p>- Casual unisex fit</p>\n\n                                <p>- 64% polyester, 36% polyurethane</p>\n\n                                <p>- Water column pressure: 4000 mm</p>\n\n                                <p>- Model is 187cm tall and wearing a size S / M</p>\n\n                                <p>- Unisex fit</p>\n\n                                <p>- Drawstring hood with built-in cap</p>\n\n                                <p>- Front placket with snap buttons</p>\n\n                                <p>- Ventilation under armpit</p>\n\n                                <p>- Adjustable cuffs</p>\n\n                                <p>- Double welted front pockets</p>\n\n                                <p>- Adjustable elastic string at hempen</p>\n\n                                <p>- Ultrasonically welded seams</p>\n\n                                <p>This is a unisex item, please check our clothing &amp; footwear sizing guide for specific Rains jacket sizing information. RAINS comes from the rainy nation of Denmark at the edge of the European continent, close to the ocean and with prevailing westerly winds; all factors that contribute to an average of 121 rain days each year. Arising from these rainy weather conditions comes the attitude that a quick rain shower may be beautiful, as well as moody- but first and foremost requires the right outfit. Rains focus on the whole experience of going outside on rainy days, issuing an invitation to explore even in the most mercurial weather.</p>','published','[\"products\\/37.jpg\",\"products\\/37-1.jpg\",\"products\\/37-2.jpg\"]',NULL,'SW-181-A0',0,16,0,1,'in_stock',0,1,0,0,692,NULL,NULL,NULL,18,11,10,539,NULL,47360,'2025-05-03 11:19:06','2025-05-03 11:19:14',0,'Botble\\ACL\\Models\\User',NULL,'digital',NULL,NULL,0,0,0,0,NULL),(38,'Sitema BakeIT Plastic Box','<ul><li> Unrestrained and portable active stereo speaker</li>\n            <li> Free from the confines of wires and chords</li>\n            <li> 20 hours of portable capabilities</li>\n            <li> Double-ended Coil Cord with 3.5mm Stereo Plugs Included</li>\n            <li> 3/4″ Dome Tweeters: 2X and 4″ Woofer: 1X</li></ul>','<p>Short Hooded Coat features a straight body, large pockets with button flaps, ventilation air holes, and a string detail along the hemline. The style is completed with a drawstring hood, featuring Rains’ signature built-in cap. Made from waterproof, matte PU, this lightweight unisex rain jacket is an ode to nostalgia through its classic silhouette and utilitarian design details.</p>\n                                <p>- Casual unisex fit</p>\n\n                                <p>- 64% polyester, 36% polyurethane</p>\n\n                                <p>- Water column pressure: 4000 mm</p>\n\n                                <p>- Model is 187cm tall and wearing a size S / M</p>\n\n                                <p>- Unisex fit</p>\n\n                                <p>- Drawstring hood with built-in cap</p>\n\n                                <p>- Front placket with snap buttons</p>\n\n                                <p>- Ventilation under armpit</p>\n\n                                <p>- Adjustable cuffs</p>\n\n                                <p>- Double welted front pockets</p>\n\n                                <p>- Adjustable elastic string at hempen</p>\n\n                                <p>- Ultrasonically welded seams</p>\n\n                                <p>This is a unisex item, please check our clothing &amp; footwear sizing guide for specific Rains jacket sizing information. RAINS comes from the rainy nation of Denmark at the edge of the European continent, close to the ocean and with prevailing westerly winds; all factors that contribute to an average of 121 rain days each year. Arising from these rainy weather conditions comes the attitude that a quick rain shower may be beautiful, as well as moody- but first and foremost requires the right outfit. Rains focus on the whole experience of going outside on rainy days, issuing an invitation to explore even in the most mercurial weather.</p>','published','[\"products\\/38.jpg\",\"products\\/38-1.jpg\",\"products\\/38-2.jpg\",\"products\\/38-3.jpg\"]',NULL,'SW-174-A0',0,12,0,1,'in_stock',0,5,0,0,823,NULL,NULL,NULL,18,10,12,811,NULL,21518,'2025-05-03 11:19:06','2025-05-03 11:19:15',0,'Botble\\ACL\\Models\\User',NULL,'physical',NULL,NULL,0,0,0,0,NULL),(39,'Wayfair Basics Dinner Plate Storage','<ul><li> Unrestrained and portable active stereo speaker</li>\n            <li> Free from the confines of wires and chords</li>\n            <li> 20 hours of portable capabilities</li>\n            <li> Double-ended Coil Cord with 3.5mm Stereo Plugs Included</li>\n            <li> 3/4″ Dome Tweeters: 2X and 4″ Woofer: 1X</li></ul>','<p>Short Hooded Coat features a straight body, large pockets with button flaps, ventilation air holes, and a string detail along the hemline. The style is completed with a drawstring hood, featuring Rains’ signature built-in cap. Made from waterproof, matte PU, this lightweight unisex rain jacket is an ode to nostalgia through its classic silhouette and utilitarian design details.</p>\n                                <p>- Casual unisex fit</p>\n\n                                <p>- 64% polyester, 36% polyurethane</p>\n\n                                <p>- Water column pressure: 4000 mm</p>\n\n                                <p>- Model is 187cm tall and wearing a size S / M</p>\n\n                                <p>- Unisex fit</p>\n\n                                <p>- Drawstring hood with built-in cap</p>\n\n                                <p>- Front placket with snap buttons</p>\n\n                                <p>- Ventilation under armpit</p>\n\n                                <p>- Adjustable cuffs</p>\n\n                                <p>- Double welted front pockets</p>\n\n                                <p>- Adjustable elastic string at hempen</p>\n\n                                <p>- Ultrasonically welded seams</p>\n\n                                <p>This is a unisex item, please check our clothing &amp; footwear sizing guide for specific Rains jacket sizing information. RAINS comes from the rainy nation of Denmark at the edge of the European continent, close to the ocean and with prevailing westerly winds; all factors that contribute to an average of 121 rain days each year. Arising from these rainy weather conditions comes the attitude that a quick rain shower may be beautiful, as well as moody- but first and foremost requires the right outfit. Rains focus on the whole experience of going outside on rainy days, issuing an invitation to explore even in the most mercurial weather.</p>','published','[\"products\\/39.jpg\",\"products\\/39-1.jpg\",\"products\\/39-2.jpg\"]',NULL,'SW-171-A0',0,19,0,1,'in_stock',0,5,0,0,1293,NULL,NULL,NULL,15,17,20,692,NULL,110439,'2025-05-03 11:19:07','2025-05-03 11:19:15',0,'Botble\\ACL\\Models\\User',NULL,'physical',NULL,NULL,0,0,0,0,NULL),(40,'Miko The Panda Water Bottle','<ul><li> Unrestrained and portable active stereo speaker</li>\n            <li> Free from the confines of wires and chords</li>\n            <li> 20 hours of portable capabilities</li>\n            <li> Double-ended Coil Cord with 3.5mm Stereo Plugs Included</li>\n            <li> 3/4″ Dome Tweeters: 2X and 4″ Woofer: 1X</li></ul>','<p>Short Hooded Coat features a straight body, large pockets with button flaps, ventilation air holes, and a string detail along the hemline. The style is completed with a drawstring hood, featuring Rains’ signature built-in cap. Made from waterproof, matte PU, this lightweight unisex rain jacket is an ode to nostalgia through its classic silhouette and utilitarian design details.</p>\n                                <p>- Casual unisex fit</p>\n\n                                <p>- 64% polyester, 36% polyurethane</p>\n\n                                <p>- Water column pressure: 4000 mm</p>\n\n                                <p>- Model is 187cm tall and wearing a size S / M</p>\n\n                                <p>- Unisex fit</p>\n\n                                <p>- Drawstring hood with built-in cap</p>\n\n                                <p>- Front placket with snap buttons</p>\n\n                                <p>- Ventilation under armpit</p>\n\n                                <p>- Adjustable cuffs</p>\n\n                                <p>- Double welted front pockets</p>\n\n                                <p>- Adjustable elastic string at hempen</p>\n\n                                <p>- Ultrasonically welded seams</p>\n\n                                <p>This is a unisex item, please check our clothing &amp; footwear sizing guide for specific Rains jacket sizing information. RAINS comes from the rainy nation of Denmark at the edge of the European continent, close to the ocean and with prevailing westerly winds; all factors that contribute to an average of 121 rain days each year. Arising from these rainy weather conditions comes the attitude that a quick rain shower may be beautiful, as well as moody- but first and foremost requires the right outfit. Rains focus on the whole experience of going outside on rainy days, issuing an invitation to explore even in the most mercurial weather.</p>','published','[\"products\\/40.jpg\",\"products\\/40-1.jpg\"]',NULL,'SW-194-A0',0,11,0,1,'in_stock',0,5,0,0,1195,872.35,NULL,NULL,13,13,18,887,NULL,78161,'2025-05-03 11:19:07','2025-05-03 11:19:15',0,'Botble\\ACL\\Models\\User',NULL,'physical',NULL,NULL,0,0,0,0,NULL),(41,'Sesame Seed Bread (Digital)','<ul><li> Unrestrained and portable active stereo speaker</li>\n            <li> Free from the confines of wires and chords</li>\n            <li> 20 hours of portable capabilities</li>\n            <li> Double-ended Coil Cord with 3.5mm Stereo Plugs Included</li>\n            <li> 3/4″ Dome Tweeters: 2X and 4″ Woofer: 1X</li></ul>','<p>Short Hooded Coat features a straight body, large pockets with button flaps, ventilation air holes, and a string detail along the hemline. The style is completed with a drawstring hood, featuring Rains’ signature built-in cap. Made from waterproof, matte PU, this lightweight unisex rain jacket is an ode to nostalgia through its classic silhouette and utilitarian design details.</p>\n                                <p>- Casual unisex fit</p>\n\n                                <p>- 64% polyester, 36% polyurethane</p>\n\n                                <p>- Water column pressure: 4000 mm</p>\n\n                                <p>- Model is 187cm tall and wearing a size S / M</p>\n\n                                <p>- Unisex fit</p>\n\n                                <p>- Drawstring hood with built-in cap</p>\n\n                                <p>- Front placket with snap buttons</p>\n\n                                <p>- Ventilation under armpit</p>\n\n                                <p>- Adjustable cuffs</p>\n\n                                <p>- Double welted front pockets</p>\n\n                                <p>- Adjustable elastic string at hempen</p>\n\n                                <p>- Ultrasonically welded seams</p>\n\n                                <p>This is a unisex item, please check our clothing &amp; footwear sizing guide for specific Rains jacket sizing information. RAINS comes from the rainy nation of Denmark at the edge of the European continent, close to the ocean and with prevailing westerly winds; all factors that contribute to an average of 121 rain days each year. Arising from these rainy weather conditions comes the attitude that a quick rain shower may be beautiful, as well as moody- but first and foremost requires the right outfit. Rains focus on the whole experience of going outside on rainy days, issuing an invitation to explore even in the most mercurial weather.</p>','published','[\"products\\/41.jpg\",\"products\\/41-1.jpg\",\"products\\/41-2.jpg\"]',NULL,'SW-126-A0',0,16,0,1,'in_stock',0,4,0,0,1220,NULL,NULL,NULL,18,20,13,720,NULL,152363,'2025-05-03 11:19:07','2025-05-03 11:19:15',0,'Botble\\ACL\\Models\\User',NULL,'digital',NULL,NULL,0,0,0,0,NULL),(42,'Morrisons The Best Beef','<ul><li> Unrestrained and portable active stereo speaker</li>\n            <li> Free from the confines of wires and chords</li>\n            <li> 20 hours of portable capabilities</li>\n            <li> Double-ended Coil Cord with 3.5mm Stereo Plugs Included</li>\n            <li> 3/4″ Dome Tweeters: 2X and 4″ Woofer: 1X</li></ul>','<p>Short Hooded Coat features a straight body, large pockets with button flaps, ventilation air holes, and a string detail along the hemline. The style is completed with a drawstring hood, featuring Rains’ signature built-in cap. Made from waterproof, matte PU, this lightweight unisex rain jacket is an ode to nostalgia through its classic silhouette and utilitarian design details.</p>\n                                <p>- Casual unisex fit</p>\n\n                                <p>- 64% polyester, 36% polyurethane</p>\n\n                                <p>- Water column pressure: 4000 mm</p>\n\n                                <p>- Model is 187cm tall and wearing a size S / M</p>\n\n                                <p>- Unisex fit</p>\n\n                                <p>- Drawstring hood with built-in cap</p>\n\n                                <p>- Front placket with snap buttons</p>\n\n                                <p>- Ventilation under armpit</p>\n\n                                <p>- Adjustable cuffs</p>\n\n                                <p>- Double welted front pockets</p>\n\n                                <p>- Adjustable elastic string at hempen</p>\n\n                                <p>- Ultrasonically welded seams</p>\n\n                                <p>This is a unisex item, please check our clothing &amp; footwear sizing guide for specific Rains jacket sizing information. RAINS comes from the rainy nation of Denmark at the edge of the European continent, close to the ocean and with prevailing westerly winds; all factors that contribute to an average of 121 rain days each year. Arising from these rainy weather conditions comes the attitude that a quick rain shower may be beautiful, as well as moody- but first and foremost requires the right outfit. Rains focus on the whole experience of going outside on rainy days, issuing an invitation to explore even in the most mercurial weather.</p>','published','[\"products\\/42.jpg\",\"products\\/42-1.jpg\",\"products\\/42-2.jpg\"]',NULL,'SW-153-A0',0,15,0,1,'in_stock',0,2,0,0,1096,NULL,NULL,NULL,10,15,15,653,NULL,178541,'2025-05-03 11:19:07','2025-05-03 11:19:15',0,'Botble\\ACL\\Models\\User',NULL,'physical',NULL,NULL,0,0,0,0,NULL),(43,'Avocado, Hass Large','<ul><li> Unrestrained and portable active stereo speaker</li>\n            <li> Free from the confines of wires and chords</li>\n            <li> 20 hours of portable capabilities</li>\n            <li> Double-ended Coil Cord with 3.5mm Stereo Plugs Included</li>\n            <li> 3/4″ Dome Tweeters: 2X and 4″ Woofer: 1X</li></ul>','<p>Short Hooded Coat features a straight body, large pockets with button flaps, ventilation air holes, and a string detail along the hemline. The style is completed with a drawstring hood, featuring Rains’ signature built-in cap. Made from waterproof, matte PU, this lightweight unisex rain jacket is an ode to nostalgia through its classic silhouette and utilitarian design details.</p>\n                                <p>- Casual unisex fit</p>\n\n                                <p>- 64% polyester, 36% polyurethane</p>\n\n                                <p>- Water column pressure: 4000 mm</p>\n\n                                <p>- Model is 187cm tall and wearing a size S / M</p>\n\n                                <p>- Unisex fit</p>\n\n                                <p>- Drawstring hood with built-in cap</p>\n\n                                <p>- Front placket with snap buttons</p>\n\n                                <p>- Ventilation under armpit</p>\n\n                                <p>- Adjustable cuffs</p>\n\n                                <p>- Double welted front pockets</p>\n\n                                <p>- Adjustable elastic string at hempen</p>\n\n                                <p>- Ultrasonically welded seams</p>\n\n                                <p>This is a unisex item, please check our clothing &amp; footwear sizing guide for specific Rains jacket sizing information. RAINS comes from the rainy nation of Denmark at the edge of the European continent, close to the ocean and with prevailing westerly winds; all factors that contribute to an average of 121 rain days each year. Arising from these rainy weather conditions comes the attitude that a quick rain shower may be beautiful, as well as moody- but first and foremost requires the right outfit. Rains focus on the whole experience of going outside on rainy days, issuing an invitation to explore even in the most mercurial weather.</p>','published','[\"products\\/43.jpg\",\"products\\/43-1.jpg\",\"products\\/43-2.jpg\"]',NULL,'SW-125-A0',0,11,0,1,'in_stock',0,5,0,0,1145,NULL,NULL,NULL,13,14,19,742,NULL,62659,'2025-05-03 11:19:07','2025-05-03 11:19:15',0,'Botble\\ACL\\Models\\User',NULL,'physical',NULL,NULL,0,0,0,0,NULL),(44,'Italia Beef Lasagne','<ul><li> Unrestrained and portable active stereo speaker</li>\n            <li> Free from the confines of wires and chords</li>\n            <li> 20 hours of portable capabilities</li>\n            <li> Double-ended Coil Cord with 3.5mm Stereo Plugs Included</li>\n            <li> 3/4″ Dome Tweeters: 2X and 4″ Woofer: 1X</li></ul>','<p>Short Hooded Coat features a straight body, large pockets with button flaps, ventilation air holes, and a string detail along the hemline. The style is completed with a drawstring hood, featuring Rains’ signature built-in cap. Made from waterproof, matte PU, this lightweight unisex rain jacket is an ode to nostalgia through its classic silhouette and utilitarian design details.</p>\n                                <p>- Casual unisex fit</p>\n\n                                <p>- 64% polyester, 36% polyurethane</p>\n\n                                <p>- Water column pressure: 4000 mm</p>\n\n                                <p>- Model is 187cm tall and wearing a size S / M</p>\n\n                                <p>- Unisex fit</p>\n\n                                <p>- Drawstring hood with built-in cap</p>\n\n                                <p>- Front placket with snap buttons</p>\n\n                                <p>- Ventilation under armpit</p>\n\n                                <p>- Adjustable cuffs</p>\n\n                                <p>- Double welted front pockets</p>\n\n                                <p>- Adjustable elastic string at hempen</p>\n\n                                <p>- Ultrasonically welded seams</p>\n\n                                <p>This is a unisex item, please check our clothing &amp; footwear sizing guide for specific Rains jacket sizing information. RAINS comes from the rainy nation of Denmark at the edge of the European continent, close to the ocean and with prevailing westerly winds; all factors that contribute to an average of 121 rain days each year. Arising from these rainy weather conditions comes the attitude that a quick rain shower may be beautiful, as well as moody- but first and foremost requires the right outfit. Rains focus on the whole experience of going outside on rainy days, issuing an invitation to explore even in the most mercurial weather.</p>','published','[\"products\\/44.jpg\",\"products\\/44-1.jpg\",\"products\\/44-2.jpg\"]',NULL,'SW-127-A0',0,18,0,1,'in_stock',0,5,0,0,772,648.48,NULL,NULL,12,13,19,669,NULL,43381,'2025-05-03 11:19:07','2025-05-03 11:19:16',0,'Botble\\ACL\\Models\\User',NULL,'physical',NULL,NULL,0,0,0,0,NULL),(45,'Maxwell House Classic Roast Mocha (Digital)','<ul><li> Unrestrained and portable active stereo speaker</li>\n            <li> Free from the confines of wires and chords</li>\n            <li> 20 hours of portable capabilities</li>\n            <li> Double-ended Coil Cord with 3.5mm Stereo Plugs Included</li>\n            <li> 3/4″ Dome Tweeters: 2X and 4″ Woofer: 1X</li></ul>','<p>Short Hooded Coat features a straight body, large pockets with button flaps, ventilation air holes, and a string detail along the hemline. The style is completed with a drawstring hood, featuring Rains’ signature built-in cap. Made from waterproof, matte PU, this lightweight unisex rain jacket is an ode to nostalgia through its classic silhouette and utilitarian design details.</p>\n                                <p>- Casual unisex fit</p>\n\n                                <p>- 64% polyester, 36% polyurethane</p>\n\n                                <p>- Water column pressure: 4000 mm</p>\n\n                                <p>- Model is 187cm tall and wearing a size S / M</p>\n\n                                <p>- Unisex fit</p>\n\n                                <p>- Drawstring hood with built-in cap</p>\n\n                                <p>- Front placket with snap buttons</p>\n\n                                <p>- Ventilation under armpit</p>\n\n                                <p>- Adjustable cuffs</p>\n\n                                <p>- Double welted front pockets</p>\n\n                                <p>- Adjustable elastic string at hempen</p>\n\n                                <p>- Ultrasonically welded seams</p>\n\n                                <p>This is a unisex item, please check our clothing &amp; footwear sizing guide for specific Rains jacket sizing information. RAINS comes from the rainy nation of Denmark at the edge of the European continent, close to the ocean and with prevailing westerly winds; all factors that contribute to an average of 121 rain days each year. Arising from these rainy weather conditions comes the attitude that a quick rain shower may be beautiful, as well as moody- but first and foremost requires the right outfit. Rains focus on the whole experience of going outside on rainy days, issuing an invitation to explore even in the most mercurial weather.</p>','published','[\"products\\/45.jpg\",\"products\\/45-1.jpg\"]',NULL,'SW-134-A0',0,11,0,1,'in_stock',0,3,0,0,1260,NULL,NULL,NULL,20,18,18,743,NULL,147389,'2025-05-03 11:19:07','2025-05-03 11:19:16',0,'Botble\\ACL\\Models\\User',NULL,'digital',NULL,NULL,0,0,0,0,NULL),(46,'Bottled Pure Water 500ml','<ul><li> Unrestrained and portable active stereo speaker</li>\n            <li> Free from the confines of wires and chords</li>\n            <li> 20 hours of portable capabilities</li>\n            <li> Double-ended Coil Cord with 3.5mm Stereo Plugs Included</li>\n            <li> 3/4″ Dome Tweeters: 2X and 4″ Woofer: 1X</li></ul>','<p>Short Hooded Coat features a straight body, large pockets with button flaps, ventilation air holes, and a string detail along the hemline. The style is completed with a drawstring hood, featuring Rains’ signature built-in cap. Made from waterproof, matte PU, this lightweight unisex rain jacket is an ode to nostalgia through its classic silhouette and utilitarian design details.</p>\n                                <p>- Casual unisex fit</p>\n\n                                <p>- 64% polyester, 36% polyurethane</p>\n\n                                <p>- Water column pressure: 4000 mm</p>\n\n                                <p>- Model is 187cm tall and wearing a size S / M</p>\n\n                                <p>- Unisex fit</p>\n\n                                <p>- Drawstring hood with built-in cap</p>\n\n                                <p>- Front placket with snap buttons</p>\n\n                                <p>- Ventilation under armpit</p>\n\n                                <p>- Adjustable cuffs</p>\n\n                                <p>- Double welted front pockets</p>\n\n                                <p>- Adjustable elastic string at hempen</p>\n\n                                <p>- Ultrasonically welded seams</p>\n\n                                <p>This is a unisex item, please check our clothing &amp; footwear sizing guide for specific Rains jacket sizing information. RAINS comes from the rainy nation of Denmark at the edge of the European continent, close to the ocean and with prevailing westerly winds; all factors that contribute to an average of 121 rain days each year. Arising from these rainy weather conditions comes the attitude that a quick rain shower may be beautiful, as well as moody- but first and foremost requires the right outfit. Rains focus on the whole experience of going outside on rainy days, issuing an invitation to explore even in the most mercurial weather.</p>','published','[\"products\\/46.jpg\",\"products\\/46-1.jpg\"]',NULL,'SW-171-A0',0,18,0,1,'in_stock',0,2,0,0,962,NULL,NULL,NULL,17,18,14,696,NULL,110640,'2025-05-03 11:19:07','2025-05-03 11:19:16',0,'Botble\\ACL\\Models\\User',NULL,'physical',NULL,NULL,0,0,0,0,NULL),(47,'Famart Farmhouse Soft White','<ul><li> Unrestrained and portable active stereo speaker</li>\n            <li> Free from the confines of wires and chords</li>\n            <li> 20 hours of portable capabilities</li>\n            <li> Double-ended Coil Cord with 3.5mm Stereo Plugs Included</li>\n            <li> 3/4″ Dome Tweeters: 2X and 4″ Woofer: 1X</li></ul>','<p>Short Hooded Coat features a straight body, large pockets with button flaps, ventilation air holes, and a string detail along the hemline. The style is completed with a drawstring hood, featuring Rains’ signature built-in cap. Made from waterproof, matte PU, this lightweight unisex rain jacket is an ode to nostalgia through its classic silhouette and utilitarian design details.</p>\n                                <p>- Casual unisex fit</p>\n\n                                <p>- 64% polyester, 36% polyurethane</p>\n\n                                <p>- Water column pressure: 4000 mm</p>\n\n                                <p>- Model is 187cm tall and wearing a size S / M</p>\n\n                                <p>- Unisex fit</p>\n\n                                <p>- Drawstring hood with built-in cap</p>\n\n                                <p>- Front placket with snap buttons</p>\n\n                                <p>- Ventilation under armpit</p>\n\n                                <p>- Adjustable cuffs</p>\n\n                                <p>- Double welted front pockets</p>\n\n                                <p>- Adjustable elastic string at hempen</p>\n\n                                <p>- Ultrasonically welded seams</p>\n\n                                <p>This is a unisex item, please check our clothing &amp; footwear sizing guide for specific Rains jacket sizing information. RAINS comes from the rainy nation of Denmark at the edge of the European continent, close to the ocean and with prevailing westerly winds; all factors that contribute to an average of 121 rain days each year. Arising from these rainy weather conditions comes the attitude that a quick rain shower may be beautiful, as well as moody- but first and foremost requires the right outfit. Rains focus on the whole experience of going outside on rainy days, issuing an invitation to explore even in the most mercurial weather.</p>','published','[\"products\\/47.jpg\",\"products\\/47-1.jpg\"]',NULL,'SW-155-A0',0,18,0,1,'in_stock',0,4,0,0,618,NULL,NULL,NULL,15,17,15,791,NULL,51467,'2025-05-03 11:19:07','2025-05-03 11:19:16',0,'Botble\\ACL\\Models\\User',NULL,'physical',NULL,NULL,0,0,0,0,NULL),(48,'Coca-Cola Original Taste','<ul><li> Unrestrained and portable active stereo speaker</li>\n            <li> Free from the confines of wires and chords</li>\n            <li> 20 hours of portable capabilities</li>\n            <li> Double-ended Coil Cord with 3.5mm Stereo Plugs Included</li>\n            <li> 3/4″ Dome Tweeters: 2X and 4″ Woofer: 1X</li></ul>','<p>Short Hooded Coat features a straight body, large pockets with button flaps, ventilation air holes, and a string detail along the hemline. The style is completed with a drawstring hood, featuring Rains’ signature built-in cap. Made from waterproof, matte PU, this lightweight unisex rain jacket is an ode to nostalgia through its classic silhouette and utilitarian design details.</p>\n                                <p>- Casual unisex fit</p>\n\n                                <p>- 64% polyester, 36% polyurethane</p>\n\n                                <p>- Water column pressure: 4000 mm</p>\n\n                                <p>- Model is 187cm tall and wearing a size S / M</p>\n\n                                <p>- Unisex fit</p>\n\n                                <p>- Drawstring hood with built-in cap</p>\n\n                                <p>- Front placket with snap buttons</p>\n\n                                <p>- Ventilation under armpit</p>\n\n                                <p>- Adjustable cuffs</p>\n\n                                <p>- Double welted front pockets</p>\n\n                                <p>- Adjustable elastic string at hempen</p>\n\n                                <p>- Ultrasonically welded seams</p>\n\n                                <p>This is a unisex item, please check our clothing &amp; footwear sizing guide for specific Rains jacket sizing information. RAINS comes from the rainy nation of Denmark at the edge of the European continent, close to the ocean and with prevailing westerly winds; all factors that contribute to an average of 121 rain days each year. Arising from these rainy weather conditions comes the attitude that a quick rain shower may be beautiful, as well as moody- but first and foremost requires the right outfit. Rains focus on the whole experience of going outside on rainy days, issuing an invitation to explore even in the most mercurial weather.</p>','published','[\"products\\/48.jpg\",\"products\\/48-1.jpg\",\"products\\/48-2.jpg\"]',NULL,'SW-175-A0',0,18,0,1,'in_stock',0,1,0,0,1185,959.85,NULL,NULL,20,13,15,610,NULL,191160,'2025-05-03 11:19:07','2025-05-03 11:19:16',0,'Botble\\ACL\\Models\\User',NULL,'physical',NULL,NULL,0,0,0,0,NULL),(49,'Casillero Diablo Cabernet Sauvignon (Digital)','<ul><li> Unrestrained and portable active stereo speaker</li>\n            <li> Free from the confines of wires and chords</li>\n            <li> 20 hours of portable capabilities</li>\n            <li> Double-ended Coil Cord with 3.5mm Stereo Plugs Included</li>\n            <li> 3/4″ Dome Tweeters: 2X and 4″ Woofer: 1X</li></ul>','<p>Short Hooded Coat features a straight body, large pockets with button flaps, ventilation air holes, and a string detail along the hemline. The style is completed with a drawstring hood, featuring Rains’ signature built-in cap. Made from waterproof, matte PU, this lightweight unisex rain jacket is an ode to nostalgia through its classic silhouette and utilitarian design details.</p>\n                                <p>- Casual unisex fit</p>\n\n                                <p>- 64% polyester, 36% polyurethane</p>\n\n                                <p>- Water column pressure: 4000 mm</p>\n\n                                <p>- Model is 187cm tall and wearing a size S / M</p>\n\n                                <p>- Unisex fit</p>\n\n                                <p>- Drawstring hood with built-in cap</p>\n\n                                <p>- Front placket with snap buttons</p>\n\n                                <p>- Ventilation under armpit</p>\n\n                                <p>- Adjustable cuffs</p>\n\n                                <p>- Double welted front pockets</p>\n\n                                <p>- Adjustable elastic string at hempen</p>\n\n                                <p>- Ultrasonically welded seams</p>\n\n                                <p>This is a unisex item, please check our clothing &amp; footwear sizing guide for specific Rains jacket sizing information. RAINS comes from the rainy nation of Denmark at the edge of the European continent, close to the ocean and with prevailing westerly winds; all factors that contribute to an average of 121 rain days each year. Arising from these rainy weather conditions comes the attitude that a quick rain shower may be beautiful, as well as moody- but first and foremost requires the right outfit. Rains focus on the whole experience of going outside on rainy days, issuing an invitation to explore even in the most mercurial weather.</p>','published','[\"products\\/49.jpg\",\"products\\/49-1.jpg\",\"products\\/49-2.jpg\"]',NULL,'SW-109-A0',0,10,0,1,'in_stock',0,5,0,0,922,NULL,NULL,NULL,19,14,11,674,NULL,3162,'2025-05-03 11:19:07','2025-05-03 11:19:16',0,'Botble\\ACL\\Models\\User',NULL,'digital',NULL,NULL,0,0,0,0,NULL),(50,'Arla Organic Free Range Milk','<ul><li> Unrestrained and portable active stereo speaker</li>\n            <li> Free from the confines of wires and chords</li>\n            <li> 20 hours of portable capabilities</li>\n            <li> Double-ended Coil Cord with 3.5mm Stereo Plugs Included</li>\n            <li> 3/4″ Dome Tweeters: 2X and 4″ Woofer: 1X</li></ul>','<p>Short Hooded Coat features a straight body, large pockets with button flaps, ventilation air holes, and a string detail along the hemline. The style is completed with a drawstring hood, featuring Rains’ signature built-in cap. Made from waterproof, matte PU, this lightweight unisex rain jacket is an ode to nostalgia through its classic silhouette and utilitarian design details.</p>\n                                <p>- Casual unisex fit</p>\n\n                                <p>- 64% polyester, 36% polyurethane</p>\n\n                                <p>- Water column pressure: 4000 mm</p>\n\n                                <p>- Model is 187cm tall and wearing a size S / M</p>\n\n                                <p>- Unisex fit</p>\n\n                                <p>- Drawstring hood with built-in cap</p>\n\n                                <p>- Front placket with snap buttons</p>\n\n                                <p>- Ventilation under armpit</p>\n\n                                <p>- Adjustable cuffs</p>\n\n                                <p>- Double welted front pockets</p>\n\n                                <p>- Adjustable elastic string at hempen</p>\n\n                                <p>- Ultrasonically welded seams</p>\n\n                                <p>This is a unisex item, please check our clothing &amp; footwear sizing guide for specific Rains jacket sizing information. RAINS comes from the rainy nation of Denmark at the edge of the European continent, close to the ocean and with prevailing westerly winds; all factors that contribute to an average of 121 rain days each year. Arising from these rainy weather conditions comes the attitude that a quick rain shower may be beautiful, as well as moody- but first and foremost requires the right outfit. Rains focus on the whole experience of going outside on rainy days, issuing an invitation to explore even in the most mercurial weather.</p>','published','[\"products\\/50.jpg\",\"products\\/50-1.jpg\"]',NULL,'SW-120-A0',0,13,0,1,'in_stock',0,4,0,0,691,NULL,NULL,NULL,14,16,16,701,NULL,33436,'2025-05-03 11:19:07','2025-05-03 11:19:17',0,'Botble\\ACL\\Models\\User',NULL,'physical',NULL,NULL,0,0,0,0,NULL),(51,'Aptamil Follow On Baby Milk','<ul><li> Unrestrained and portable active stereo speaker</li>\n            <li> Free from the confines of wires and chords</li>\n            <li> 20 hours of portable capabilities</li>\n            <li> Double-ended Coil Cord with 3.5mm Stereo Plugs Included</li>\n            <li> 3/4″ Dome Tweeters: 2X and 4″ Woofer: 1X</li></ul>','<p>Short Hooded Coat features a straight body, large pockets with button flaps, ventilation air holes, and a string detail along the hemline. The style is completed with a drawstring hood, featuring Rains’ signature built-in cap. Made from waterproof, matte PU, this lightweight unisex rain jacket is an ode to nostalgia through its classic silhouette and utilitarian design details.</p>\n                                <p>- Casual unisex fit</p>\n\n                                <p>- 64% polyester, 36% polyurethane</p>\n\n                                <p>- Water column pressure: 4000 mm</p>\n\n                                <p>- Model is 187cm tall and wearing a size S / M</p>\n\n                                <p>- Unisex fit</p>\n\n                                <p>- Drawstring hood with built-in cap</p>\n\n                                <p>- Front placket with snap buttons</p>\n\n                                <p>- Ventilation under armpit</p>\n\n                                <p>- Adjustable cuffs</p>\n\n                                <p>- Double welted front pockets</p>\n\n                                <p>- Adjustable elastic string at hempen</p>\n\n                                <p>- Ultrasonically welded seams</p>\n\n                                <p>This is a unisex item, please check our clothing &amp; footwear sizing guide for specific Rains jacket sizing information. RAINS comes from the rainy nation of Denmark at the edge of the European continent, close to the ocean and with prevailing westerly winds; all factors that contribute to an average of 121 rain days each year. Arising from these rainy weather conditions comes the attitude that a quick rain shower may be beautiful, as well as moody- but first and foremost requires the right outfit. Rains focus on the whole experience of going outside on rainy days, issuing an invitation to explore even in the most mercurial weather.</p>','published','[\"products\\/51.jpg\"]',NULL,'SW-180-A0',0,12,0,1,'in_stock',0,5,0,0,958,NULL,NULL,NULL,11,18,11,548,NULL,26909,'2025-05-03 11:19:07','2025-05-03 11:19:17',0,'Botble\\ACL\\Models\\User',NULL,'physical',NULL,NULL,0,0,0,0,NULL),(52,'Cuisinart Chef’S Classic Hard-Anodized','<ul><li> Unrestrained and portable active stereo speaker</li>\n            <li> Free from the confines of wires and chords</li>\n            <li> 20 hours of portable capabilities</li>\n            <li> Double-ended Coil Cord with 3.5mm Stereo Plugs Included</li>\n            <li> 3/4″ Dome Tweeters: 2X and 4″ Woofer: 1X</li></ul>','<p>Short Hooded Coat features a straight body, large pockets with button flaps, ventilation air holes, and a string detail along the hemline. The style is completed with a drawstring hood, featuring Rains’ signature built-in cap. Made from waterproof, matte PU, this lightweight unisex rain jacket is an ode to nostalgia through its classic silhouette and utilitarian design details.</p>\n                                <p>- Casual unisex fit</p>\n\n                                <p>- 64% polyester, 36% polyurethane</p>\n\n                                <p>- Water column pressure: 4000 mm</p>\n\n                                <p>- Model is 187cm tall and wearing a size S / M</p>\n\n                                <p>- Unisex fit</p>\n\n                                <p>- Drawstring hood with built-in cap</p>\n\n                                <p>- Front placket with snap buttons</p>\n\n                                <p>- Ventilation under armpit</p>\n\n                                <p>- Adjustable cuffs</p>\n\n                                <p>- Double welted front pockets</p>\n\n                                <p>- Adjustable elastic string at hempen</p>\n\n                                <p>- Ultrasonically welded seams</p>\n\n                                <p>This is a unisex item, please check our clothing &amp; footwear sizing guide for specific Rains jacket sizing information. RAINS comes from the rainy nation of Denmark at the edge of the European continent, close to the ocean and with prevailing westerly winds; all factors that contribute to an average of 121 rain days each year. Arising from these rainy weather conditions comes the attitude that a quick rain shower may be beautiful, as well as moody- but first and foremost requires the right outfit. Rains focus on the whole experience of going outside on rainy days, issuing an invitation to explore even in the most mercurial weather.</p>','published','[\"products\\/52.jpg\",\"products\\/52-1.jpg\",\"products\\/52-2.jpg\"]',NULL,'SW-176-A0',0,15,0,1,'in_stock',0,2,0,0,1265,1012,NULL,NULL,14,18,14,627,NULL,62381,'2025-05-03 11:19:07','2025-05-03 11:19:17',0,'Botble\\ACL\\Models\\User',NULL,'physical',NULL,NULL,0,0,0,0,NULL),(53,'Corn, Yellow Sweet (Digital)','<ul><li> Unrestrained and portable active stereo speaker</li>\n            <li> Free from the confines of wires and chords</li>\n            <li> 20 hours of portable capabilities</li>\n            <li> Double-ended Coil Cord with 3.5mm Stereo Plugs Included</li>\n            <li> 3/4″ Dome Tweeters: 2X and 4″ Woofer: 1X</li></ul>','<p>Short Hooded Coat features a straight body, large pockets with button flaps, ventilation air holes, and a string detail along the hemline. The style is completed with a drawstring hood, featuring Rains’ signature built-in cap. Made from waterproof, matte PU, this lightweight unisex rain jacket is an ode to nostalgia through its classic silhouette and utilitarian design details.</p>\n                                <p>- Casual unisex fit</p>\n\n                                <p>- 64% polyester, 36% polyurethane</p>\n\n                                <p>- Water column pressure: 4000 mm</p>\n\n                                <p>- Model is 187cm tall and wearing a size S / M</p>\n\n                                <p>- Unisex fit</p>\n\n                                <p>- Drawstring hood with built-in cap</p>\n\n                                <p>- Front placket with snap buttons</p>\n\n                                <p>- Ventilation under armpit</p>\n\n                                <p>- Adjustable cuffs</p>\n\n                                <p>- Double welted front pockets</p>\n\n                                <p>- Adjustable elastic string at hempen</p>\n\n                                <p>- Ultrasonically welded seams</p>\n\n                                <p>This is a unisex item, please check our clothing &amp; footwear sizing guide for specific Rains jacket sizing information. RAINS comes from the rainy nation of Denmark at the edge of the European continent, close to the ocean and with prevailing westerly winds; all factors that contribute to an average of 121 rain days each year. Arising from these rainy weather conditions comes the attitude that a quick rain shower may be beautiful, as well as moody- but first and foremost requires the right outfit. Rains focus on the whole experience of going outside on rainy days, issuing an invitation to explore even in the most mercurial weather.</p>','published','[\"products\\/53.jpg\",\"products\\/53-1.jpg\"]',NULL,'SW-136-A0',0,18,0,1,'in_stock',0,5,0,0,1008,NULL,NULL,NULL,19,11,11,536,NULL,173951,'2025-05-03 11:19:08','2025-05-03 11:19:17',0,'Botble\\ACL\\Models\\User',NULL,'digital',NULL,NULL,0,0,0,0,NULL),(54,'Hobnobs The Nobbly Biscuit','<ul><li> Unrestrained and portable active stereo speaker</li>\n            <li> Free from the confines of wires and chords</li>\n            <li> 20 hours of portable capabilities</li>\n            <li> Double-ended Coil Cord with 3.5mm Stereo Plugs Included</li>\n            <li> 3/4″ Dome Tweeters: 2X and 4″ Woofer: 1X</li></ul>','<p>Short Hooded Coat features a straight body, large pockets with button flaps, ventilation air holes, and a string detail along the hemline. The style is completed with a drawstring hood, featuring Rains’ signature built-in cap. Made from waterproof, matte PU, this lightweight unisex rain jacket is an ode to nostalgia through its classic silhouette and utilitarian design details.</p>\n                                <p>- Casual unisex fit</p>\n\n                                <p>- 64% polyester, 36% polyurethane</p>\n\n                                <p>- Water column pressure: 4000 mm</p>\n\n                                <p>- Model is 187cm tall and wearing a size S / M</p>\n\n                                <p>- Unisex fit</p>\n\n                                <p>- Drawstring hood with built-in cap</p>\n\n                                <p>- Front placket with snap buttons</p>\n\n                                <p>- Ventilation under armpit</p>\n\n                                <p>- Adjustable cuffs</p>\n\n                                <p>- Double welted front pockets</p>\n\n                                <p>- Adjustable elastic string at hempen</p>\n\n                                <p>- Ultrasonically welded seams</p>\n\n                                <p>This is a unisex item, please check our clothing &amp; footwear sizing guide for specific Rains jacket sizing information. RAINS comes from the rainy nation of Denmark at the edge of the European continent, close to the ocean and with prevailing westerly winds; all factors that contribute to an average of 121 rain days each year. Arising from these rainy weather conditions comes the attitude that a quick rain shower may be beautiful, as well as moody- but first and foremost requires the right outfit. Rains focus on the whole experience of going outside on rainy days, issuing an invitation to explore even in the most mercurial weather.</p>','published','[\"products\\/54.jpg\",\"products\\/54-1.jpg\"]',NULL,'SW-186-A0',0,19,0,1,'in_stock',0,5,0,0,1247,NULL,NULL,NULL,16,17,20,594,NULL,143076,'2025-05-03 11:19:08','2025-05-03 11:19:17',0,'Botble\\ACL\\Models\\User',NULL,'physical',NULL,NULL,0,0,0,0,NULL),(55,'Honest Organic Still Lemonade','<ul><li> Unrestrained and portable active stereo speaker</li>\n            <li> Free from the confines of wires and chords</li>\n            <li> 20 hours of portable capabilities</li>\n            <li> Double-ended Coil Cord with 3.5mm Stereo Plugs Included</li>\n            <li> 3/4″ Dome Tweeters: 2X and 4″ Woofer: 1X</li></ul>','<p>Short Hooded Coat features a straight body, large pockets with button flaps, ventilation air holes, and a string detail along the hemline. The style is completed with a drawstring hood, featuring Rains’ signature built-in cap. Made from waterproof, matte PU, this lightweight unisex rain jacket is an ode to nostalgia through its classic silhouette and utilitarian design details.</p>\n                                <p>- Casual unisex fit</p>\n\n                                <p>- 64% polyester, 36% polyurethane</p>\n\n                                <p>- Water column pressure: 4000 mm</p>\n\n                                <p>- Model is 187cm tall and wearing a size S / M</p>\n\n                                <p>- Unisex fit</p>\n\n                                <p>- Drawstring hood with built-in cap</p>\n\n                                <p>- Front placket with snap buttons</p>\n\n                                <p>- Ventilation under armpit</p>\n\n                                <p>- Adjustable cuffs</p>\n\n                                <p>- Double welted front pockets</p>\n\n                                <p>- Adjustable elastic string at hempen</p>\n\n                                <p>- Ultrasonically welded seams</p>\n\n                                <p>This is a unisex item, please check our clothing &amp; footwear sizing guide for specific Rains jacket sizing information. RAINS comes from the rainy nation of Denmark at the edge of the European continent, close to the ocean and with prevailing westerly winds; all factors that contribute to an average of 121 rain days each year. Arising from these rainy weather conditions comes the attitude that a quick rain shower may be beautiful, as well as moody- but first and foremost requires the right outfit. Rains focus on the whole experience of going outside on rainy days, issuing an invitation to explore even in the most mercurial weather.</p>','published','[\"products\\/55.jpg\",\"products\\/55-1.jpg\",\"products\\/55-2.jpg\"]',NULL,'SW-194-A0',0,13,0,1,'in_stock',0,4,0,0,1075,NULL,NULL,NULL,16,10,18,696,NULL,59586,'2025-05-03 11:19:08','2025-05-03 11:19:17',0,'Botble\\ACL\\Models\\User',NULL,'physical',NULL,NULL,0,0,0,0,NULL),(56,'Ice Beck’s Beer 350ml x 24 Pieces','<ul><li> Unrestrained and portable active stereo speaker</li>\n            <li> Free from the confines of wires and chords</li>\n            <li> 20 hours of portable capabilities</li>\n            <li> Double-ended Coil Cord with 3.5mm Stereo Plugs Included</li>\n            <li> 3/4″ Dome Tweeters: 2X and 4″ Woofer: 1X</li></ul>','<p>Short Hooded Coat features a straight body, large pockets with button flaps, ventilation air holes, and a string detail along the hemline. The style is completed with a drawstring hood, featuring Rains’ signature built-in cap. Made from waterproof, matte PU, this lightweight unisex rain jacket is an ode to nostalgia through its classic silhouette and utilitarian design details.</p>\n                                <p>- Casual unisex fit</p>\n\n                                <p>- 64% polyester, 36% polyurethane</p>\n\n                                <p>- Water column pressure: 4000 mm</p>\n\n                                <p>- Model is 187cm tall and wearing a size S / M</p>\n\n                                <p>- Unisex fit</p>\n\n                                <p>- Drawstring hood with built-in cap</p>\n\n                                <p>- Front placket with snap buttons</p>\n\n                                <p>- Ventilation under armpit</p>\n\n                                <p>- Adjustable cuffs</p>\n\n                                <p>- Double welted front pockets</p>\n\n                                <p>- Adjustable elastic string at hempen</p>\n\n                                <p>- Ultrasonically welded seams</p>\n\n                                <p>This is a unisex item, please check our clothing &amp; footwear sizing guide for specific Rains jacket sizing information. RAINS comes from the rainy nation of Denmark at the edge of the European continent, close to the ocean and with prevailing westerly winds; all factors that contribute to an average of 121 rain days each year. Arising from these rainy weather conditions comes the attitude that a quick rain shower may be beautiful, as well as moody- but first and foremost requires the right outfit. Rains focus on the whole experience of going outside on rainy days, issuing an invitation to explore even in the most mercurial weather.</p>','published','[\"products\\/56.jpg\",\"products\\/56-1.jpg\",\"products\\/56-2.jpg\"]',NULL,'SW-199-A0',0,14,0,1,'in_stock',0,4,0,0,633,512.73,NULL,NULL,16,14,18,574,NULL,175756,'2025-05-03 11:19:08','2025-05-03 11:19:17',0,'Botble\\ACL\\Models\\User',NULL,'physical',NULL,NULL,0,0,0,0,NULL),(57,'Iceland 6 Hot Cross Buns (Digital)','<ul><li> Unrestrained and portable active stereo speaker</li>\n            <li> Free from the confines of wires and chords</li>\n            <li> 20 hours of portable capabilities</li>\n            <li> Double-ended Coil Cord with 3.5mm Stereo Plugs Included</li>\n            <li> 3/4″ Dome Tweeters: 2X and 4″ Woofer: 1X</li></ul>','<p>Short Hooded Coat features a straight body, large pockets with button flaps, ventilation air holes, and a string detail along the hemline. The style is completed with a drawstring hood, featuring Rains’ signature built-in cap. Made from waterproof, matte PU, this lightweight unisex rain jacket is an ode to nostalgia through its classic silhouette and utilitarian design details.</p>\n                                <p>- Casual unisex fit</p>\n\n                                <p>- 64% polyester, 36% polyurethane</p>\n\n                                <p>- Water column pressure: 4000 mm</p>\n\n                                <p>- Model is 187cm tall and wearing a size S / M</p>\n\n                                <p>- Unisex fit</p>\n\n                                <p>- Drawstring hood with built-in cap</p>\n\n                                <p>- Front placket with snap buttons</p>\n\n                                <p>- Ventilation under armpit</p>\n\n                                <p>- Adjustable cuffs</p>\n\n                                <p>- Double welted front pockets</p>\n\n                                <p>- Adjustable elastic string at hempen</p>\n\n                                <p>- Ultrasonically welded seams</p>\n\n                                <p>This is a unisex item, please check our clothing &amp; footwear sizing guide for specific Rains jacket sizing information. RAINS comes from the rainy nation of Denmark at the edge of the European continent, close to the ocean and with prevailing westerly winds; all factors that contribute to an average of 121 rain days each year. Arising from these rainy weather conditions comes the attitude that a quick rain shower may be beautiful, as well as moody- but first and foremost requires the right outfit. Rains focus on the whole experience of going outside on rainy days, issuing an invitation to explore even in the most mercurial weather.</p>','published','[\"products\\/57.jpg\",\"products\\/57-1.jpg\"]',NULL,'SW-187-A0',0,14,0,1,'in_stock',0,2,0,0,670,NULL,NULL,NULL,18,18,18,523,NULL,74078,'2025-05-03 11:19:08','2025-05-03 11:19:18',0,'Botble\\ACL\\Models\\User',NULL,'digital',NULL,NULL,0,0,0,0,NULL),(58,'Iceland Luxury 4 Panini Rolls','<ul><li> Unrestrained and portable active stereo speaker</li>\n            <li> Free from the confines of wires and chords</li>\n            <li> 20 hours of portable capabilities</li>\n            <li> Double-ended Coil Cord with 3.5mm Stereo Plugs Included</li>\n            <li> 3/4″ Dome Tweeters: 2X and 4″ Woofer: 1X</li></ul>','<p>Short Hooded Coat features a straight body, large pockets with button flaps, ventilation air holes, and a string detail along the hemline. The style is completed with a drawstring hood, featuring Rains’ signature built-in cap. Made from waterproof, matte PU, this lightweight unisex rain jacket is an ode to nostalgia through its classic silhouette and utilitarian design details.</p>\n                                <p>- Casual unisex fit</p>\n\n                                <p>- 64% polyester, 36% polyurethane</p>\n\n                                <p>- Water column pressure: 4000 mm</p>\n\n                                <p>- Model is 187cm tall and wearing a size S / M</p>\n\n                                <p>- Unisex fit</p>\n\n                                <p>- Drawstring hood with built-in cap</p>\n\n                                <p>- Front placket with snap buttons</p>\n\n                                <p>- Ventilation under armpit</p>\n\n                                <p>- Adjustable cuffs</p>\n\n                                <p>- Double welted front pockets</p>\n\n                                <p>- Adjustable elastic string at hempen</p>\n\n                                <p>- Ultrasonically welded seams</p>\n\n                                <p>This is a unisex item, please check our clothing &amp; footwear sizing guide for specific Rains jacket sizing information. RAINS comes from the rainy nation of Denmark at the edge of the European continent, close to the ocean and with prevailing westerly winds; all factors that contribute to an average of 121 rain days each year. Arising from these rainy weather conditions comes the attitude that a quick rain shower may be beautiful, as well as moody- but first and foremost requires the right outfit. Rains focus on the whole experience of going outside on rainy days, issuing an invitation to explore even in the most mercurial weather.</p>','published','[\"products\\/58.jpg\",\"products\\/58-1.jpg\",\"products\\/58-2.jpg\"]',NULL,'SW-163-A0',0,13,0,1,'in_stock',0,3,0,0,667,NULL,NULL,NULL,15,13,11,809,NULL,76421,'2025-05-03 11:19:08','2025-05-03 11:19:18',0,'Botble\\ACL\\Models\\User',NULL,'physical',NULL,NULL,0,0,0,0,NULL),(59,'Iceland Soft Scoop Vanilla','<ul><li> Unrestrained and portable active stereo speaker</li>\n            <li> Free from the confines of wires and chords</li>\n            <li> 20 hours of portable capabilities</li>\n            <li> Double-ended Coil Cord with 3.5mm Stereo Plugs Included</li>\n            <li> 3/4″ Dome Tweeters: 2X and 4″ Woofer: 1X</li></ul>','<p>Short Hooded Coat features a straight body, large pockets with button flaps, ventilation air holes, and a string detail along the hemline. The style is completed with a drawstring hood, featuring Rains’ signature built-in cap. Made from waterproof, matte PU, this lightweight unisex rain jacket is an ode to nostalgia through its classic silhouette and utilitarian design details.</p>\n                                <p>- Casual unisex fit</p>\n\n                                <p>- 64% polyester, 36% polyurethane</p>\n\n                                <p>- Water column pressure: 4000 mm</p>\n\n                                <p>- Model is 187cm tall and wearing a size S / M</p>\n\n                                <p>- Unisex fit</p>\n\n                                <p>- Drawstring hood with built-in cap</p>\n\n                                <p>- Front placket with snap buttons</p>\n\n                                <p>- Ventilation under armpit</p>\n\n                                <p>- Adjustable cuffs</p>\n\n                                <p>- Double welted front pockets</p>\n\n                                <p>- Adjustable elastic string at hempen</p>\n\n                                <p>- Ultrasonically welded seams</p>\n\n                                <p>This is a unisex item, please check our clothing &amp; footwear sizing guide for specific Rains jacket sizing information. RAINS comes from the rainy nation of Denmark at the edge of the European continent, close to the ocean and with prevailing westerly winds; all factors that contribute to an average of 121 rain days each year. Arising from these rainy weather conditions comes the attitude that a quick rain shower may be beautiful, as well as moody- but first and foremost requires the right outfit. Rains focus on the whole experience of going outside on rainy days, issuing an invitation to explore even in the most mercurial weather.</p>','published','[\"products\\/59.jpg\",\"products\\/59-1.jpg\",\"products\\/59-2.jpg\",\"products\\/59-3.jpg\"]',NULL,'SW-148-A0',0,10,0,1,'in_stock',0,4,0,0,1009,NULL,NULL,NULL,19,11,13,739,NULL,7098,'2025-05-03 11:19:08','2025-05-03 11:19:18',0,'Botble\\ACL\\Models\\User',NULL,'physical',NULL,NULL,0,0,0,0,NULL),(60,'Iceland Spaghetti Bolognese','<ul><li> Unrestrained and portable active stereo speaker</li>\n            <li> Free from the confines of wires and chords</li>\n            <li> 20 hours of portable capabilities</li>\n            <li> Double-ended Coil Cord with 3.5mm Stereo Plugs Included</li>\n            <li> 3/4″ Dome Tweeters: 2X and 4″ Woofer: 1X</li></ul>','<p>Short Hooded Coat features a straight body, large pockets with button flaps, ventilation air holes, and a string detail along the hemline. The style is completed with a drawstring hood, featuring Rains’ signature built-in cap. Made from waterproof, matte PU, this lightweight unisex rain jacket is an ode to nostalgia through its classic silhouette and utilitarian design details.</p>\n                                <p>- Casual unisex fit</p>\n\n                                <p>- 64% polyester, 36% polyurethane</p>\n\n                                <p>- Water column pressure: 4000 mm</p>\n\n                                <p>- Model is 187cm tall and wearing a size S / M</p>\n\n                                <p>- Unisex fit</p>\n\n                                <p>- Drawstring hood with built-in cap</p>\n\n                                <p>- Front placket with snap buttons</p>\n\n                                <p>- Ventilation under armpit</p>\n\n                                <p>- Adjustable cuffs</p>\n\n                                <p>- Double welted front pockets</p>\n\n                                <p>- Adjustable elastic string at hempen</p>\n\n                                <p>- Ultrasonically welded seams</p>\n\n                                <p>This is a unisex item, please check our clothing &amp; footwear sizing guide for specific Rains jacket sizing information. RAINS comes from the rainy nation of Denmark at the edge of the European continent, close to the ocean and with prevailing westerly winds; all factors that contribute to an average of 121 rain days each year. Arising from these rainy weather conditions comes the attitude that a quick rain shower may be beautiful, as well as moody- but first and foremost requires the right outfit. Rains focus on the whole experience of going outside on rainy days, issuing an invitation to explore even in the most mercurial weather.</p>','published','[\"products\\/60.jpg\",\"products\\/60-1.jpg\",\"products\\/60-2.jpg\"]',NULL,'SW-104-A0',0,14,0,1,'in_stock',0,5,0,0,1157,879.32,NULL,NULL,16,17,12,616,NULL,92307,'2025-05-03 11:19:08','2025-05-03 11:19:18',0,'Botble\\ACL\\Models\\User',NULL,'physical',NULL,NULL,0,0,0,0,NULL),(61,'Kellogg’s Coco Pops Cereal (Digital)','<ul><li> Unrestrained and portable active stereo speaker</li>\n            <li> Free from the confines of wires and chords</li>\n            <li> 20 hours of portable capabilities</li>\n            <li> Double-ended Coil Cord with 3.5mm Stereo Plugs Included</li>\n            <li> 3/4″ Dome Tweeters: 2X and 4″ Woofer: 1X</li></ul>','<p>Short Hooded Coat features a straight body, large pockets with button flaps, ventilation air holes, and a string detail along the hemline. The style is completed with a drawstring hood, featuring Rains’ signature built-in cap. Made from waterproof, matte PU, this lightweight unisex rain jacket is an ode to nostalgia through its classic silhouette and utilitarian design details.</p>\n                                <p>- Casual unisex fit</p>\n\n                                <p>- 64% polyester, 36% polyurethane</p>\n\n                                <p>- Water column pressure: 4000 mm</p>\n\n                                <p>- Model is 187cm tall and wearing a size S / M</p>\n\n                                <p>- Unisex fit</p>\n\n                                <p>- Drawstring hood with built-in cap</p>\n\n                                <p>- Front placket with snap buttons</p>\n\n                                <p>- Ventilation under armpit</p>\n\n                                <p>- Adjustable cuffs</p>\n\n                                <p>- Double welted front pockets</p>\n\n                                <p>- Adjustable elastic string at hempen</p>\n\n                                <p>- Ultrasonically welded seams</p>\n\n                                <p>This is a unisex item, please check our clothing &amp; footwear sizing guide for specific Rains jacket sizing information. RAINS comes from the rainy nation of Denmark at the edge of the European continent, close to the ocean and with prevailing westerly winds; all factors that contribute to an average of 121 rain days each year. Arising from these rainy weather conditions comes the attitude that a quick rain shower may be beautiful, as well as moody- but first and foremost requires the right outfit. Rains focus on the whole experience of going outside on rainy days, issuing an invitation to explore even in the most mercurial weather.</p>','published','[\"products\\/61.jpg\",\"products\\/61-1.jpg\"]',NULL,'SW-182-A0',0,15,0,1,'in_stock',0,4,0,0,1063,NULL,NULL,NULL,12,20,12,879,NULL,114354,'2025-05-03 11:19:08','2025-05-03 11:19:18',0,'Botble\\ACL\\Models\\User',NULL,'digital',NULL,NULL,0,0,0,0,NULL),(62,'Kit Kat Chunky Milk Chocolate','<ul><li> Unrestrained and portable active stereo speaker</li>\n            <li> Free from the confines of wires and chords</li>\n            <li> 20 hours of portable capabilities</li>\n            <li> Double-ended Coil Cord with 3.5mm Stereo Plugs Included</li>\n            <li> 3/4″ Dome Tweeters: 2X and 4″ Woofer: 1X</li></ul>','<p>Short Hooded Coat features a straight body, large pockets with button flaps, ventilation air holes, and a string detail along the hemline. The style is completed with a drawstring hood, featuring Rains’ signature built-in cap. Made from waterproof, matte PU, this lightweight unisex rain jacket is an ode to nostalgia through its classic silhouette and utilitarian design details.</p>\n                                <p>- Casual unisex fit</p>\n\n                                <p>- 64% polyester, 36% polyurethane</p>\n\n                                <p>- Water column pressure: 4000 mm</p>\n\n                                <p>- Model is 187cm tall and wearing a size S / M</p>\n\n                                <p>- Unisex fit</p>\n\n                                <p>- Drawstring hood with built-in cap</p>\n\n                                <p>- Front placket with snap buttons</p>\n\n                                <p>- Ventilation under armpit</p>\n\n                                <p>- Adjustable cuffs</p>\n\n                                <p>- Double welted front pockets</p>\n\n                                <p>- Adjustable elastic string at hempen</p>\n\n                                <p>- Ultrasonically welded seams</p>\n\n                                <p>This is a unisex item, please check our clothing &amp; footwear sizing guide for specific Rains jacket sizing information. RAINS comes from the rainy nation of Denmark at the edge of the European continent, close to the ocean and with prevailing westerly winds; all factors that contribute to an average of 121 rain days each year. Arising from these rainy weather conditions comes the attitude that a quick rain shower may be beautiful, as well as moody- but first and foremost requires the right outfit. Rains focus on the whole experience of going outside on rainy days, issuing an invitation to explore even in the most mercurial weather.</p>','published','[\"products\\/62.jpg\",\"products\\/62-1.jpg\"]',NULL,'SW-114-A0',0,20,0,1,'in_stock',0,3,0,0,978,NULL,NULL,NULL,10,15,11,782,NULL,86168,'2025-05-03 11:19:08','2025-05-03 11:19:18',0,'Botble\\ACL\\Models\\User',NULL,'physical',NULL,NULL,0,0,0,0,NULL),(63,'Large Green Bell Pepper','<ul><li> Unrestrained and portable active stereo speaker</li>\n            <li> Free from the confines of wires and chords</li>\n            <li> 20 hours of portable capabilities</li>\n            <li> Double-ended Coil Cord with 3.5mm Stereo Plugs Included</li>\n            <li> 3/4″ Dome Tweeters: 2X and 4″ Woofer: 1X</li></ul>','<p>Short Hooded Coat features a straight body, large pockets with button flaps, ventilation air holes, and a string detail along the hemline. The style is completed with a drawstring hood, featuring Rains’ signature built-in cap. Made from waterproof, matte PU, this lightweight unisex rain jacket is an ode to nostalgia through its classic silhouette and utilitarian design details.</p>\n                                <p>- Casual unisex fit</p>\n\n                                <p>- 64% polyester, 36% polyurethane</p>\n\n                                <p>- Water column pressure: 4000 mm</p>\n\n                                <p>- Model is 187cm tall and wearing a size S / M</p>\n\n                                <p>- Unisex fit</p>\n\n                                <p>- Drawstring hood with built-in cap</p>\n\n                                <p>- Front placket with snap buttons</p>\n\n                                <p>- Ventilation under armpit</p>\n\n                                <p>- Adjustable cuffs</p>\n\n                                <p>- Double welted front pockets</p>\n\n                                <p>- Adjustable elastic string at hempen</p>\n\n                                <p>- Ultrasonically welded seams</p>\n\n                                <p>This is a unisex item, please check our clothing &amp; footwear sizing guide for specific Rains jacket sizing information. RAINS comes from the rainy nation of Denmark at the edge of the European continent, close to the ocean and with prevailing westerly winds; all factors that contribute to an average of 121 rain days each year. Arising from these rainy weather conditions comes the attitude that a quick rain shower may be beautiful, as well as moody- but first and foremost requires the right outfit. Rains focus on the whole experience of going outside on rainy days, issuing an invitation to explore even in the most mercurial weather.</p>','published','[\"products\\/63.jpg\",\"products\\/63-1.jpg\"]',NULL,'SW-162-A0',0,19,0,1,'in_stock',0,4,0,0,669,NULL,NULL,NULL,19,12,18,737,NULL,150595,'2025-05-03 11:19:08','2025-05-03 11:19:19',0,'Botble\\ACL\\Models\\User',NULL,'physical',NULL,NULL,0,0,0,0,NULL),(64,'Pice 94w Beasley Journal','<ul><li> Unrestrained and portable active stereo speaker</li>\n            <li> Free from the confines of wires and chords</li>\n            <li> 20 hours of portable capabilities</li>\n            <li> Double-ended Coil Cord with 3.5mm Stereo Plugs Included</li>\n            <li> 3/4″ Dome Tweeters: 2X and 4″ Woofer: 1X</li></ul>','<p>Short Hooded Coat features a straight body, large pockets with button flaps, ventilation air holes, and a string detail along the hemline. The style is completed with a drawstring hood, featuring Rains’ signature built-in cap. Made from waterproof, matte PU, this lightweight unisex rain jacket is an ode to nostalgia through its classic silhouette and utilitarian design details.</p>\n                                <p>- Casual unisex fit</p>\n\n                                <p>- 64% polyester, 36% polyurethane</p>\n\n                                <p>- Water column pressure: 4000 mm</p>\n\n                                <p>- Model is 187cm tall and wearing a size S / M</p>\n\n                                <p>- Unisex fit</p>\n\n                                <p>- Drawstring hood with built-in cap</p>\n\n                                <p>- Front placket with snap buttons</p>\n\n                                <p>- Ventilation under armpit</p>\n\n                                <p>- Adjustable cuffs</p>\n\n                                <p>- Double welted front pockets</p>\n\n                                <p>- Adjustable elastic string at hempen</p>\n\n                                <p>- Ultrasonically welded seams</p>\n\n                                <p>This is a unisex item, please check our clothing &amp; footwear sizing guide for specific Rains jacket sizing information. RAINS comes from the rainy nation of Denmark at the edge of the European continent, close to the ocean and with prevailing westerly winds; all factors that contribute to an average of 121 rain days each year. Arising from these rainy weather conditions comes the attitude that a quick rain shower may be beautiful, as well as moody- but first and foremost requires the right outfit. Rains focus on the whole experience of going outside on rainy days, issuing an invitation to explore even in the most mercurial weather.</p>','published','[\"products\\/64.jpg\",\"products\\/64-1.jpg\"]',NULL,'SW-147-A0',0,16,0,1,'in_stock',0,1,0,0,577,490.45,NULL,NULL,20,18,12,837,NULL,169582,'2025-05-03 11:19:08','2025-05-03 11:19:19',0,'Botble\\ACL\\Models\\User',NULL,'physical',NULL,NULL,0,0,0,0,NULL),(65,'Province Piece Glass Drinking Glass (Digital)','<ul><li> Unrestrained and portable active stereo speaker</li>\n            <li> Free from the confines of wires and chords</li>\n            <li> 20 hours of portable capabilities</li>\n            <li> Double-ended Coil Cord with 3.5mm Stereo Plugs Included</li>\n            <li> 3/4″ Dome Tweeters: 2X and 4″ Woofer: 1X</li></ul>','<p>Short Hooded Coat features a straight body, large pockets with button flaps, ventilation air holes, and a string detail along the hemline. The style is completed with a drawstring hood, featuring Rains’ signature built-in cap. Made from waterproof, matte PU, this lightweight unisex rain jacket is an ode to nostalgia through its classic silhouette and utilitarian design details.</p>\n                                <p>- Casual unisex fit</p>\n\n                                <p>- 64% polyester, 36% polyurethane</p>\n\n                                <p>- Water column pressure: 4000 mm</p>\n\n                                <p>- Model is 187cm tall and wearing a size S / M</p>\n\n                                <p>- Unisex fit</p>\n\n                                <p>- Drawstring hood with built-in cap</p>\n\n                                <p>- Front placket with snap buttons</p>\n\n                                <p>- Ventilation under armpit</p>\n\n                                <p>- Adjustable cuffs</p>\n\n                                <p>- Double welted front pockets</p>\n\n                                <p>- Adjustable elastic string at hempen</p>\n\n                                <p>- Ultrasonically welded seams</p>\n\n                                <p>This is a unisex item, please check our clothing &amp; footwear sizing guide for specific Rains jacket sizing information. RAINS comes from the rainy nation of Denmark at the edge of the European continent, close to the ocean and with prevailing westerly winds; all factors that contribute to an average of 121 rain days each year. Arising from these rainy weather conditions comes the attitude that a quick rain shower may be beautiful, as well as moody- but first and foremost requires the right outfit. Rains focus on the whole experience of going outside on rainy days, issuing an invitation to explore even in the most mercurial weather.</p>','published','[\"products\\/65.jpg\",\"products\\/65-1.jpg\",\"products\\/65-2.jpg\"]',NULL,'SW-170-A0',0,15,0,1,'in_stock',0,2,0,0,1002,NULL,NULL,NULL,19,15,20,744,NULL,84113,'2025-05-03 11:19:08','2025-05-03 11:19:19',0,'Botble\\ACL\\Models\\User',NULL,'digital',NULL,NULL,0,0,0,0,NULL),(66,'Dual Camera 20MP (Digital)',NULL,NULL,'published','[\"products\\/1.jpg\"]',NULL,'SW-143-A0',0,19,0,1,'in_stock',0,1,1,0,80.25,NULL,NULL,NULL,19,18,14,729,NULL,0,'2025-05-03 11:19:09','2025-05-03 11:19:09',0,'Botble\\ACL\\Models\\User',NULL,'digital',NULL,NULL,0,0,0,0,NULL),(67,'Smart Watches',NULL,NULL,'published','[\"products\\/2.jpg\"]',NULL,'SW-114-A0',0,13,0,1,'in_stock',0,4,1,0,40.5,NULL,NULL,NULL,20,16,14,828,NULL,0,'2025-05-03 11:19:09','2025-05-03 11:19:09',0,'Botble\\ACL\\Models\\User',NULL,'physical',NULL,NULL,0,0,0,0,NULL),(68,'Smart Watches',NULL,NULL,'published','[\"products\\/2-1.jpg\"]',NULL,'SW-114-A0-A1',0,13,0,1,'in_stock',0,4,1,0,40.5,NULL,NULL,NULL,20,16,14,828,NULL,0,'2025-05-03 11:19:09','2025-05-03 11:19:09',0,'Botble\\ACL\\Models\\User',NULL,'physical',NULL,NULL,0,0,0,0,NULL),(69,'Smart Watches',NULL,NULL,'published','[\"products\\/2-2.jpg\"]',NULL,'SW-114-A0-A2',0,13,0,1,'in_stock',0,4,1,0,40.5,NULL,NULL,NULL,20,16,14,828,NULL,0,'2025-05-03 11:19:09','2025-05-03 11:19:09',0,'Botble\\ACL\\Models\\User',NULL,'physical',NULL,NULL,0,0,0,0,NULL),(70,'Smart Watches',NULL,NULL,'published','[\"products\\/2-3.jpg\"]',NULL,'SW-114-A0-A3',0,13,0,1,'in_stock',0,4,1,0,40.5,NULL,NULL,NULL,20,16,14,828,NULL,0,'2025-05-03 11:19:09','2025-05-03 11:19:09',0,'Botble\\ACL\\Models\\User',NULL,'physical',NULL,NULL,0,0,0,0,NULL),(71,'Beat Headphone',NULL,NULL,'published','[\"products\\/3.jpg\"]',NULL,'SW-195-A0',0,11,0,1,'in_stock',0,5,1,0,20,NULL,NULL,NULL,10,17,16,530,NULL,0,'2025-05-03 11:19:09','2025-05-03 11:19:09',0,'Botble\\ACL\\Models\\User',NULL,'physical',NULL,NULL,0,0,0,0,NULL),(72,'Beat Headphone',NULL,NULL,'published','[\"products\\/3.jpg\"]',NULL,'SW-195-A0-A1',0,11,0,1,'in_stock',0,5,1,0,20,NULL,NULL,NULL,10,17,16,530,NULL,0,'2025-05-03 11:19:09','2025-05-03 11:19:09',0,'Botble\\ACL\\Models\\User',NULL,'physical',NULL,NULL,0,0,0,0,NULL),(73,'Beat Headphone',NULL,NULL,'published','[\"products\\/3.jpg\"]',NULL,'SW-195-A0-A2',0,11,0,1,'in_stock',0,5,1,0,20,NULL,NULL,NULL,10,17,16,530,NULL,0,'2025-05-03 11:19:09','2025-05-03 11:19:09',0,'Botble\\ACL\\Models\\User',NULL,'physical',NULL,NULL,0,0,0,0,NULL),(74,'Beat Headphone',NULL,NULL,'published','[\"products\\/3.jpg\"]',NULL,'SW-195-A0-A3',0,11,0,1,'in_stock',0,5,1,0,20,NULL,NULL,NULL,10,17,16,530,NULL,0,'2025-05-03 11:19:09','2025-05-03 11:19:09',0,'Botble\\ACL\\Models\\User',NULL,'physical',NULL,NULL,0,0,0,0,NULL),(75,'Red & Black Headphone',NULL,NULL,'published','[\"products\\/4.jpg\"]',NULL,'SW-128-A0',0,12,0,1,'in_stock',0,1,1,0,525,409.5,NULL,NULL,10,11,19,639,NULL,0,'2025-05-03 11:19:09','2025-05-03 11:19:09',0,'Botble\\ACL\\Models\\User',NULL,'physical',NULL,NULL,0,0,0,0,NULL),(76,'Red &amp; Black Headphone',NULL,NULL,'published','[\"products\\/4-1.jpg\"]',NULL,'SW-128-A0-A1',0,12,0,1,'in_stock',0,1,1,0,525,425.25,NULL,NULL,10,11,19,639,NULL,0,'2025-05-03 11:19:09','2025-05-03 11:19:09',0,'Botble\\ACL\\Models\\User',NULL,'physical',NULL,NULL,0,0,0,0,NULL),(77,'Red &amp; Black Headphone',NULL,NULL,'published','[\"products\\/4-2.jpg\"]',NULL,'SW-128-A0-A2',0,12,0,1,'in_stock',0,1,1,0,525,435.75,NULL,NULL,10,11,19,639,NULL,0,'2025-05-03 11:19:09','2025-05-03 11:19:09',0,'Botble\\ACL\\Models\\User',NULL,'physical',NULL,NULL,0,0,0,0,NULL),(78,'Smart Watch External (Digital)',NULL,NULL,'published','[\"products\\/5.jpg\"]',NULL,'SW-186-A0',0,10,0,1,'in_stock',0,5,1,0,754,NULL,NULL,NULL,14,10,18,741,NULL,0,'2025-05-03 11:19:09','2025-05-03 11:19:09',0,'Botble\\ACL\\Models\\User',NULL,'digital',NULL,NULL,0,0,0,0,NULL),(79,'Smart Watch External (Digital)',NULL,NULL,'published','[\"products\\/5-1.jpg\"]',NULL,'SW-186-A0-A1',0,10,0,1,'in_stock',0,5,1,0,754,NULL,NULL,NULL,14,10,18,741,NULL,0,'2025-05-03 11:19:09','2025-05-03 11:19:09',0,'Botble\\ACL\\Models\\User',NULL,'digital',NULL,NULL,0,0,0,0,NULL),(80,'Nikon HD camera',NULL,NULL,'published','[\"products\\/6.jpg\"]',NULL,'SW-187-A0',0,13,0,1,'in_stock',0,5,1,0,471,NULL,NULL,NULL,15,15,20,639,NULL,0,'2025-05-03 11:19:09','2025-05-03 11:19:09',0,'Botble\\ACL\\Models\\User',NULL,'physical',NULL,NULL,0,0,0,0,NULL),(81,'Audio Equipment',NULL,NULL,'published','[\"products\\/7.jpg\"]',NULL,'SW-193-A0',0,16,0,1,'in_stock',0,2,1,0,524,NULL,NULL,NULL,20,20,10,827,NULL,0,'2025-05-03 11:19:10','2025-05-03 11:19:10',0,'Botble\\ACL\\Models\\User',NULL,'physical',NULL,NULL,0,0,0,0,NULL),(82,'Audio Equipment',NULL,NULL,'published','[\"products\\/7.jpg\"]',NULL,'SW-193-A0-A1',0,16,0,1,'in_stock',0,2,1,0,524,NULL,NULL,NULL,20,20,10,827,NULL,0,'2025-05-03 11:19:10','2025-05-03 11:19:10',0,'Botble\\ACL\\Models\\User',NULL,'physical',NULL,NULL,0,0,0,0,NULL),(83,'Audio Equipment',NULL,NULL,'published','[\"products\\/7.jpg\"]',NULL,'SW-193-A0-A2',0,16,0,1,'in_stock',0,2,1,0,524,NULL,NULL,NULL,20,20,10,827,NULL,0,'2025-05-03 11:19:10','2025-05-03 11:19:10',0,'Botble\\ACL\\Models\\User',NULL,'physical',NULL,NULL,0,0,0,0,NULL),(84,'Audio Equipment',NULL,NULL,'published','[\"products\\/7.jpg\"]',NULL,'SW-193-A0-A3',0,16,0,1,'in_stock',0,2,1,0,524,NULL,NULL,NULL,20,20,10,827,NULL,0,'2025-05-03 11:19:10','2025-05-03 11:19:10',0,'Botble\\ACL\\Models\\User',NULL,'physical',NULL,NULL,0,0,0,0,NULL),(85,'Smart Televisions',NULL,NULL,'published','[\"products\\/8.jpg\"]',NULL,'SW-109-A0',0,15,0,1,'in_stock',0,3,1,0,1234,1098.26,NULL,NULL,19,18,14,790,NULL,0,'2025-05-03 11:19:10','2025-05-03 11:19:10',0,'Botble\\ACL\\Models\\User',NULL,'physical',NULL,NULL,0,0,0,0,NULL),(86,'Smart Televisions',NULL,NULL,'published','[\"products\\/8-1.jpg\"]',NULL,'SW-109-A0-A1',0,15,0,1,'in_stock',0,3,1,0,1234,974.86,NULL,NULL,19,18,14,790,NULL,0,'2025-05-03 11:19:10','2025-05-03 11:19:10',0,'Botble\\ACL\\Models\\User',NULL,'physical',NULL,NULL,0,0,0,0,NULL),(87,'Smart Televisions',NULL,NULL,'published','[\"products\\/8-2.jpg\"]',NULL,'SW-109-A0-A2',0,15,0,1,'in_stock',0,3,1,0,1234,1011.88,NULL,NULL,19,18,14,790,NULL,0,'2025-05-03 11:19:10','2025-05-03 11:19:10',0,'Botble\\ACL\\Models\\User',NULL,'physical',NULL,NULL,0,0,0,0,NULL),(88,'Samsung Smart Phone (Digital)',NULL,NULL,'published','[\"products\\/9.jpg\"]',NULL,'SW-172-A0',0,16,0,1,'in_stock',0,5,1,0,556,NULL,NULL,NULL,14,13,19,702,NULL,0,'2025-05-03 11:19:10','2025-05-03 11:19:10',0,'Botble\\ACL\\Models\\User',NULL,'digital',NULL,NULL,0,0,0,0,NULL),(89,'Samsung Smart Phone (Digital)',NULL,NULL,'published','[\"products\\/9-1.jpg\"]',NULL,'SW-172-A0-A1',0,16,0,1,'in_stock',0,5,1,0,556,NULL,NULL,NULL,14,13,19,702,NULL,0,'2025-05-03 11:19:10','2025-05-03 11:19:10',0,'Botble\\ACL\\Models\\User',NULL,'digital',NULL,NULL,0,0,0,0,NULL),(90,'Herschel Leather Duffle Bag In Brown Color',NULL,NULL,'published','[\"products\\/10.jpg\"]',NULL,'SW-125-A0',0,10,0,1,'in_stock',0,1,1,0,1174,NULL,NULL,NULL,17,11,17,692,NULL,0,'2025-05-03 11:19:10','2025-05-03 11:19:10',0,'Botble\\ACL\\Models\\User',NULL,'physical',NULL,NULL,0,0,0,0,NULL),(91,'Herschel Leather Duffle Bag In Brown Color',NULL,NULL,'published','[\"products\\/10-1.jpg\"]',NULL,'SW-125-A0-A1',0,10,0,1,'in_stock',0,1,1,0,1174,NULL,NULL,NULL,17,11,17,692,NULL,0,'2025-05-03 11:19:10','2025-05-03 11:19:10',0,'Botble\\ACL\\Models\\User',NULL,'physical',NULL,NULL,0,0,0,0,NULL),(92,'Xbox One Wireless Controller Black Color',NULL,NULL,'published','[\"products\\/11.jpg\"]',NULL,'SW-144-A0',0,12,0,1,'in_stock',0,5,1,0,1197,NULL,NULL,NULL,11,16,20,615,NULL,0,'2025-05-03 11:19:10','2025-05-03 11:19:10',0,'Botble\\ACL\\Models\\User',NULL,'physical',NULL,NULL,0,0,0,0,NULL),(93,'Xbox One Wireless Controller Black Color',NULL,NULL,'published','[\"products\\/11-1.jpg\"]',NULL,'SW-144-A0-A1',0,12,0,1,'in_stock',0,5,1,0,1197,NULL,NULL,NULL,11,16,20,615,NULL,0,'2025-05-03 11:19:10','2025-05-03 11:19:10',0,'Botble\\ACL\\Models\\User',NULL,'physical',NULL,NULL,0,0,0,0,NULL),(94,'EPSION Plaster Printer',NULL,NULL,'published','[\"products\\/12.jpg\"]',NULL,'SW-124-A0',0,20,0,1,'in_stock',0,2,1,0,554,448.74,NULL,NULL,18,16,15,706,NULL,0,'2025-05-03 11:19:10','2025-05-03 11:19:10',0,'Botble\\ACL\\Models\\User',NULL,'physical',NULL,NULL,0,0,0,0,NULL),(95,'EPSION Plaster Printer',NULL,NULL,'published','[\"products\\/12-1.jpg\"]',NULL,'SW-124-A0-A1',0,20,0,1,'in_stock',0,2,1,0,554,387.8,NULL,NULL,18,16,15,706,NULL,0,'2025-05-03 11:19:10','2025-05-03 11:19:10',0,'Botble\\ACL\\Models\\User',NULL,'physical',NULL,NULL,0,0,0,0,NULL),(96,'EPSION Plaster Printer',NULL,NULL,'published','[\"products\\/12-2.jpg\"]',NULL,'SW-124-A0-A2',0,20,0,1,'in_stock',0,2,1,0,554,409.96,NULL,NULL,18,16,15,706,NULL,0,'2025-05-03 11:19:10','2025-05-03 11:19:10',0,'Botble\\ACL\\Models\\User',NULL,'physical',NULL,NULL,0,0,0,0,NULL),(97,'Sound Intone I65 Earphone White Version (Digital)',NULL,NULL,'published','[\"products\\/13.jpg\"]',NULL,'SW-120-A0',0,20,0,1,'in_stock',0,5,1,0,564,NULL,NULL,NULL,18,15,13,842,NULL,0,'2025-05-03 11:19:10','2025-05-03 11:19:10',0,'Botble\\ACL\\Models\\User',NULL,'digital',NULL,NULL,0,0,0,0,NULL),(98,'Sound Intone I65 Earphone White Version (Digital)',NULL,NULL,'published','[\"products\\/13-1.jpg\"]',NULL,'SW-120-A0-A1',0,20,0,1,'in_stock',0,5,1,0,564,NULL,NULL,NULL,18,15,13,842,NULL,0,'2025-05-03 11:19:11','2025-05-03 11:19:11',0,'Botble\\ACL\\Models\\User',NULL,'digital',NULL,NULL,0,0,0,0,NULL),(99,'B&O Play Mini Bluetooth Speaker',NULL,NULL,'published','[\"products\\/14.jpg\"]',NULL,'SW-125-A0',0,19,0,1,'in_stock',0,4,1,0,539,NULL,NULL,NULL,16,14,19,680,NULL,0,'2025-05-03 11:19:11','2025-05-03 11:19:11',0,'Botble\\ACL\\Models\\User',NULL,'physical',NULL,NULL,0,0,0,0,NULL),(100,'B&amp;O Play Mini Bluetooth Speaker',NULL,NULL,'published','[\"products\\/14.jpg\"]',NULL,'SW-125-A0-A1',0,19,0,1,'in_stock',0,4,1,0,539,NULL,NULL,NULL,16,14,19,680,NULL,0,'2025-05-03 11:19:11','2025-05-03 11:19:11',0,'Botble\\ACL\\Models\\User',NULL,'physical',NULL,NULL,0,0,0,0,NULL),(101,'Apple MacBook Air Retina 13.3-Inch Laptop',NULL,NULL,'published','[\"products\\/15.jpg\"]',NULL,'SW-156-A0',0,14,0,1,'in_stock',0,4,1,0,564,NULL,NULL,NULL,20,10,15,641,NULL,0,'2025-05-03 11:19:11','2025-05-03 11:19:11',0,'Botble\\ACL\\Models\\User',NULL,'physical',NULL,NULL,0,0,0,0,NULL),(102,'Apple MacBook Air Retina 13.3-Inch Laptop',NULL,NULL,'published','[\"products\\/15-1.jpg\"]',NULL,'SW-156-A0-A1',0,14,0,1,'in_stock',0,4,1,0,564,NULL,NULL,NULL,20,10,15,641,NULL,0,'2025-05-03 11:19:11','2025-05-03 11:19:11',0,'Botble\\ACL\\Models\\User',NULL,'physical',NULL,NULL,0,0,0,0,NULL),(103,'Apple MacBook Air Retina 13.3-Inch Laptop',NULL,NULL,'published','[\"products\\/15.jpg\"]',NULL,'SW-156-A0-A2',0,14,0,1,'in_stock',0,4,1,0,564,NULL,NULL,NULL,20,10,15,641,NULL,0,'2025-05-03 11:19:11','2025-05-03 11:19:11',0,'Botble\\ACL\\Models\\User',NULL,'physical',NULL,NULL,0,0,0,0,NULL),(104,'Apple MacBook Air Retina 12-Inch Laptop',NULL,NULL,'published','[\"products\\/16.jpg\"]',NULL,'SW-165-A0',0,12,0,1,'in_stock',0,5,1,0,554,426.58,NULL,NULL,11,12,14,851,NULL,0,'2025-05-03 11:19:11','2025-05-03 11:19:11',0,'Botble\\ACL\\Models\\User',NULL,'physical',NULL,NULL,0,0,0,0,NULL),(105,'Apple MacBook Air Retina 12-Inch Laptop',NULL,NULL,'published','[\"products\\/16.jpg\"]',NULL,'SW-165-A0-A1',0,12,0,1,'in_stock',0,5,1,0,554,448.74,NULL,NULL,11,12,14,851,NULL,0,'2025-05-03 11:19:11','2025-05-03 11:19:11',0,'Botble\\ACL\\Models\\User',NULL,'physical',NULL,NULL,0,0,0,0,NULL),(106,'Apple MacBook Air Retina 12-Inch Laptop',NULL,NULL,'published','[\"products\\/16.jpg\"]',NULL,'SW-165-A0-A2',0,12,0,1,'in_stock',0,5,1,0,554,415.5,NULL,NULL,11,12,14,851,NULL,0,'2025-05-03 11:19:11','2025-05-03 11:19:11',0,'Botble\\ACL\\Models\\User',NULL,'physical',NULL,NULL,0,0,0,0,NULL),(107,'Apple MacBook Air Retina 12-Inch Laptop',NULL,NULL,'published','[\"products\\/16.jpg\"]',NULL,'SW-165-A0-A3',0,12,0,1,'in_stock',0,5,1,0,554,493.06,NULL,NULL,11,12,14,851,NULL,0,'2025-05-03 11:19:11','2025-05-03 11:19:11',0,'Botble\\ACL\\Models\\User',NULL,'physical',NULL,NULL,0,0,0,0,NULL),(108,'Samsung Gear VR Virtual Reality Headset (Digital)',NULL,NULL,'published','[\"products\\/17.jpg\"]',NULL,'SW-124-A0',0,12,0,1,'in_stock',0,4,1,0,531,NULL,NULL,NULL,19,11,11,863,NULL,0,'2025-05-03 11:19:11','2025-05-03 11:19:11',0,'Botble\\ACL\\Models\\User',NULL,'digital',NULL,NULL,0,0,0,0,NULL),(109,'Samsung Gear VR Virtual Reality Headset (Digital)',NULL,NULL,'published','[\"products\\/17-1.jpg\"]',NULL,'SW-124-A0-A1',0,12,0,1,'in_stock',0,4,1,0,531,NULL,NULL,NULL,19,11,11,863,NULL,0,'2025-05-03 11:19:11','2025-05-03 11:19:11',0,'Botble\\ACL\\Models\\User',NULL,'digital',NULL,NULL,0,0,0,0,NULL),(110,'Samsung Gear VR Virtual Reality Headset (Digital)',NULL,NULL,'published','[\"products\\/17-2.jpg\"]',NULL,'SW-124-A0-A2',0,12,0,1,'in_stock',0,4,1,0,531,NULL,NULL,NULL,19,11,11,863,NULL,0,'2025-05-03 11:19:11','2025-05-03 11:19:11',0,'Botble\\ACL\\Models\\User',NULL,'digital',NULL,NULL,0,0,0,0,NULL),(111,'Samsung Gear VR Virtual Reality Headset (Digital)',NULL,NULL,'published','[\"products\\/17-3.jpg\"]',NULL,'SW-124-A0-A3',0,12,0,1,'in_stock',0,4,1,0,531,NULL,NULL,NULL,19,11,11,863,NULL,0,'2025-05-03 11:19:11','2025-05-03 11:19:11',0,'Botble\\ACL\\Models\\User',NULL,'digital',NULL,NULL,0,0,0,0,NULL),(112,'Aveeno Moisturizing Body Shower 450ml',NULL,NULL,'published','[\"products\\/18.jpg\"]',NULL,'SW-134-A0',0,13,0,1,'in_stock',0,2,1,0,1077,NULL,NULL,NULL,18,20,19,680,NULL,0,'2025-05-03 11:19:11','2025-05-03 11:19:11',0,'Botble\\ACL\\Models\\User',NULL,'physical',NULL,NULL,0,0,0,0,NULL),(113,'NYX Beauty Couton Pallete Makeup 12',NULL,NULL,'published','[\"products\\/19.jpg\"]',NULL,'SW-183-A0',0,19,0,1,'in_stock',0,5,1,0,1294,NULL,NULL,NULL,18,12,18,735,NULL,0,'2025-05-03 11:19:11','2025-05-03 11:19:11',0,'Botble\\ACL\\Models\\User',NULL,'physical',NULL,NULL,0,0,0,0,NULL),(114,'NYX Beauty Couton Pallete Makeup 12',NULL,NULL,'published','[\"products\\/19-1.jpg\"]',NULL,'SW-183-A0-A1',0,19,0,1,'in_stock',0,5,1,0,1294,NULL,NULL,NULL,18,12,18,735,NULL,0,'2025-05-03 11:19:12','2025-05-03 11:19:12',0,'Botble\\ACL\\Models\\User',NULL,'physical',NULL,NULL,0,0,0,0,NULL),(115,'NYX Beauty Couton Pallete Makeup 12',NULL,NULL,'published','[\"products\\/20.jpg\"]',NULL,'SW-197-A0',0,19,0,1,'in_stock',0,3,1,0,835,609.55,NULL,NULL,14,18,10,542,NULL,0,'2025-05-03 11:19:12','2025-05-03 11:19:12',0,'Botble\\ACL\\Models\\User',NULL,'physical',NULL,NULL,0,0,0,0,NULL),(116,'NYX Beauty Couton Pallete Makeup 12',NULL,NULL,'published','[\"products\\/20-1.jpg\"]',NULL,'SW-197-A0-A1',0,19,0,1,'in_stock',0,3,1,0,835,709.75,NULL,NULL,14,18,10,542,NULL,0,'2025-05-03 11:19:12','2025-05-03 11:19:12',0,'Botble\\ACL\\Models\\User',NULL,'physical',NULL,NULL,0,0,0,0,NULL),(117,'NYX Beauty Couton Pallete Makeup 12',NULL,NULL,'published','[\"products\\/20-2.jpg\"]',NULL,'SW-197-A0-A2',0,19,0,1,'in_stock',0,3,1,0,835,601.2,NULL,NULL,14,18,10,542,NULL,0,'2025-05-03 11:19:12','2025-05-03 11:19:12',0,'Botble\\ACL\\Models\\User',NULL,'physical',NULL,NULL,0,0,0,0,NULL),(118,'MVMTH Classical Leather Watch In Black (Digital)',NULL,NULL,'published','[\"products\\/21.jpg\"]',NULL,'SW-188-A0',0,17,0,1,'in_stock',0,5,1,0,782,NULL,NULL,NULL,18,18,20,563,NULL,0,'2025-05-03 11:19:12','2025-05-03 11:19:12',0,'Botble\\ACL\\Models\\User',NULL,'digital',NULL,NULL,0,0,0,0,NULL),(119,'MVMTH Classical Leather Watch In Black (Digital)',NULL,NULL,'published','[\"products\\/21-1.jpg\"]',NULL,'SW-188-A0-A1',0,17,0,1,'in_stock',0,5,1,0,782,NULL,NULL,NULL,18,18,20,563,NULL,0,'2025-05-03 11:19:12','2025-05-03 11:19:12',0,'Botble\\ACL\\Models\\User',NULL,'digital',NULL,NULL,0,0,0,0,NULL),(120,'MVMTH Classical Leather Watch In Black (Digital)',NULL,NULL,'published','[\"products\\/21-2.jpg\"]',NULL,'SW-188-A0-A2',0,17,0,1,'in_stock',0,5,1,0,782,NULL,NULL,NULL,18,18,20,563,NULL,0,'2025-05-03 11:19:12','2025-05-03 11:19:12',0,'Botble\\ACL\\Models\\User',NULL,'digital',NULL,NULL,0,0,0,0,NULL),(121,'MVMTH Classical Leather Watch In Black (Digital)',NULL,NULL,'published','[\"products\\/21.jpg\"]',NULL,'SW-188-A0-A3',0,17,0,1,'in_stock',0,5,1,0,782,NULL,NULL,NULL,18,18,20,563,NULL,0,'2025-05-03 11:19:12','2025-05-03 11:19:12',0,'Botble\\ACL\\Models\\User',NULL,'digital',NULL,NULL,0,0,0,0,NULL),(122,'Baxter Care Hair Kit For Bearded Mens',NULL,NULL,'published','[\"products\\/22.jpg\"]',NULL,'SW-140-A0',0,20,0,1,'in_stock',0,1,1,0,412,NULL,NULL,NULL,17,19,16,562,NULL,0,'2025-05-03 11:19:12','2025-05-03 11:19:12',0,'Botble\\ACL\\Models\\User',NULL,'physical',NULL,NULL,0,0,0,0,NULL),(123,'Baxter Care Hair Kit For Bearded Mens',NULL,NULL,'published','[\"products\\/22-1.jpg\"]',NULL,'SW-140-A0-A1',0,20,0,1,'in_stock',0,1,1,0,412,NULL,NULL,NULL,17,19,16,562,NULL,0,'2025-05-03 11:19:12','2025-05-03 11:19:12',0,'Botble\\ACL\\Models\\User',NULL,'physical',NULL,NULL,0,0,0,0,NULL),(124,'Ciate Palemore Lipstick Bold Red Color',NULL,NULL,'published','[\"products\\/23.jpg\"]',NULL,'SW-102-A0',0,12,0,1,'in_stock',0,5,1,0,956,NULL,NULL,NULL,13,18,20,819,NULL,0,'2025-05-03 11:19:12','2025-05-03 11:19:12',0,'Botble\\ACL\\Models\\User',NULL,'physical',NULL,NULL,0,0,0,0,NULL),(125,'Ciate Palemore Lipstick Bold Red Color',NULL,NULL,'published','[\"products\\/23-1.jpg\"]',NULL,'SW-102-A0-A1',0,12,0,1,'in_stock',0,5,1,0,956,NULL,NULL,NULL,13,18,20,819,NULL,0,'2025-05-03 11:19:12','2025-05-03 11:19:12',0,'Botble\\ACL\\Models\\User',NULL,'physical',NULL,NULL,0,0,0,0,NULL),(126,'Vimto Squash Remix Apple 1.5 Litres',NULL,NULL,'published','[\"products\\/24.jpg\"]',NULL,'SW-151-A0',0,20,0,1,'in_stock',0,4,1,0,671,509.96,NULL,NULL,16,12,14,538,NULL,0,'2025-05-03 11:19:12','2025-05-03 11:19:12',0,'Botble\\ACL\\Models\\User',NULL,'physical',NULL,NULL,0,0,0,0,NULL),(127,'Vimto Squash Remix Apple 1.5 Litres',NULL,NULL,'published','[\"products\\/24-1.jpg\"]',NULL,'SW-151-A0-A1',0,20,0,1,'in_stock',0,4,1,0,671,543.51,NULL,NULL,16,12,14,538,NULL,0,'2025-05-03 11:19:12','2025-05-03 11:19:12',0,'Botble\\ACL\\Models\\User',NULL,'physical',NULL,NULL,0,0,0,0,NULL),(128,'Vimto Squash Remix Apple 1.5 Litres',NULL,NULL,'published','[\"products\\/24-2.jpg\"]',NULL,'SW-151-A0-A2',0,20,0,1,'in_stock',0,4,1,0,671,590.48,NULL,NULL,16,12,14,538,NULL,0,'2025-05-03 11:19:12','2025-05-03 11:19:12',0,'Botble\\ACL\\Models\\User',NULL,'physical',NULL,NULL,0,0,0,0,NULL),(129,'Crock Pot Slow Cooker (Digital)',NULL,NULL,'published','[\"products\\/25.jpg\"]',NULL,'SW-102-A0',0,19,0,1,'in_stock',0,4,1,0,594,NULL,NULL,NULL,16,18,10,599,NULL,0,'2025-05-03 11:19:12','2025-05-03 11:19:12',0,'Botble\\ACL\\Models\\User',NULL,'digital',NULL,NULL,0,0,0,0,NULL),(130,'Crock Pot Slow Cooker (Digital)',NULL,NULL,'published','[\"products\\/25-1.jpg\"]',NULL,'SW-102-A0-A1',0,19,0,1,'in_stock',0,4,1,0,594,NULL,NULL,NULL,16,18,10,599,NULL,0,'2025-05-03 11:19:13','2025-05-03 11:19:13',0,'Botble\\ACL\\Models\\User',NULL,'digital',NULL,NULL,0,0,0,0,NULL),(131,'Taylors of Harrogate Yorkshire Coffee',NULL,NULL,'published','[\"products\\/26.jpg\"]',NULL,'SW-128-A0',0,12,0,1,'in_stock',0,3,1,0,635,NULL,NULL,NULL,14,19,17,796,NULL,0,'2025-05-03 11:19:13','2025-05-03 11:19:13',0,'Botble\\ACL\\Models\\User',NULL,'physical',NULL,NULL,0,0,0,0,NULL),(132,'Taylors of Harrogate Yorkshire Coffee',NULL,NULL,'published','[\"products\\/26-1.jpg\"]',NULL,'SW-128-A0-A1',0,12,0,1,'in_stock',0,3,1,0,635,NULL,NULL,NULL,14,19,17,796,NULL,0,'2025-05-03 11:19:13','2025-05-03 11:19:13',0,'Botble\\ACL\\Models\\User',NULL,'physical',NULL,NULL,0,0,0,0,NULL),(133,'Taylors of Harrogate Yorkshire Coffee',NULL,NULL,'published','[\"products\\/26.jpg\"]',NULL,'SW-128-A0-A2',0,12,0,1,'in_stock',0,3,1,0,635,NULL,NULL,NULL,14,19,17,796,NULL,0,'2025-05-03 11:19:13','2025-05-03 11:19:13',0,'Botble\\ACL\\Models\\User',NULL,'physical',NULL,NULL,0,0,0,0,NULL),(134,'Soft Mochi & Galeto Ice Cream',NULL,NULL,'published','[\"products\\/27.jpg\"]',NULL,'SW-149-A0',0,11,0,1,'in_stock',0,3,1,0,592,NULL,NULL,NULL,12,18,20,597,NULL,0,'2025-05-03 11:19:13','2025-05-03 11:19:13',0,'Botble\\ACL\\Models\\User',NULL,'physical',NULL,NULL,0,0,0,0,NULL),(135,'Soft Mochi &amp; Galeto Ice Cream',NULL,NULL,'published','[\"products\\/27-1.jpg\"]',NULL,'SW-149-A0-A1',0,11,0,1,'in_stock',0,3,1,0,592,NULL,NULL,NULL,12,18,20,597,NULL,0,'2025-05-03 11:19:13','2025-05-03 11:19:13',0,'Botble\\ACL\\Models\\User',NULL,'physical',NULL,NULL,0,0,0,0,NULL),(136,'Naked Noodle Egg Noodles Singapore',NULL,NULL,'published','[\"products\\/28.jpg\"]',NULL,'SW-135-A0',0,18,0,1,'in_stock',0,3,1,0,715,550.55,NULL,NULL,19,18,11,841,NULL,0,'2025-05-03 11:19:13','2025-05-03 11:19:13',0,'Botble\\ACL\\Models\\User',NULL,'physical',NULL,NULL,0,0,0,0,NULL),(137,'Naked Noodle Egg Noodles Singapore',NULL,NULL,'published','[\"products\\/28-1.jpg\"]',NULL,'SW-135-A0-A1',0,18,0,1,'in_stock',0,3,1,0,715,600.6,NULL,NULL,19,18,11,841,NULL,0,'2025-05-03 11:19:13','2025-05-03 11:19:13',0,'Botble\\ACL\\Models\\User',NULL,'physical',NULL,NULL,0,0,0,0,NULL),(138,'Naked Noodle Egg Noodles Singapore',NULL,NULL,'published','[\"products\\/28-2.jpg\"]',NULL,'SW-135-A0-A2',0,18,0,1,'in_stock',0,3,1,0,715,579.15,NULL,NULL,19,18,11,841,NULL,0,'2025-05-03 11:19:13','2025-05-03 11:19:13',0,'Botble\\ACL\\Models\\User',NULL,'physical',NULL,NULL,0,0,0,0,NULL),(139,'Naked Noodle Egg Noodles Singapore',NULL,NULL,'published','[\"products\\/28.jpg\"]',NULL,'SW-135-A0-A3',0,18,0,1,'in_stock',0,3,1,0,715,521.95,NULL,NULL,19,18,11,841,NULL,0,'2025-05-03 11:19:13','2025-05-03 11:19:13',0,'Botble\\ACL\\Models\\User',NULL,'physical',NULL,NULL,0,0,0,0,NULL),(140,'Saute Pan Silver (Digital)',NULL,NULL,'published','[\"products\\/29.jpg\"]',NULL,'SW-144-A0',0,18,0,1,'in_stock',0,5,1,0,1229,NULL,NULL,NULL,11,13,14,891,NULL,0,'2025-05-03 11:19:13','2025-05-03 11:19:13',0,'Botble\\ACL\\Models\\User',NULL,'digital',NULL,NULL,0,0,0,0,NULL),(141,'Saute Pan Silver (Digital)',NULL,NULL,'published','[\"products\\/29-1.jpg\"]',NULL,'SW-144-A0-A1',0,18,0,1,'in_stock',0,5,1,0,1229,NULL,NULL,NULL,11,13,14,891,NULL,0,'2025-05-03 11:19:13','2025-05-03 11:19:13',0,'Botble\\ACL\\Models\\User',NULL,'digital',NULL,NULL,0,0,0,0,NULL),(142,'Bar S – Classic Bun Length Franks',NULL,NULL,'published','[\"products\\/30.jpg\"]',NULL,'SW-178-A0',0,18,0,1,'in_stock',0,3,1,0,949,NULL,NULL,NULL,13,16,20,679,NULL,0,'2025-05-03 11:19:13','2025-05-03 11:19:13',0,'Botble\\ACL\\Models\\User',NULL,'physical',NULL,NULL,0,0,0,0,NULL),(143,'Bar S – Classic Bun Length Franks',NULL,NULL,'published','[\"products\\/30-1.jpg\"]',NULL,'SW-178-A0-A1',0,18,0,1,'in_stock',0,3,1,0,949,NULL,NULL,NULL,13,16,20,679,NULL,0,'2025-05-03 11:19:13','2025-05-03 11:19:13',0,'Botble\\ACL\\Models\\User',NULL,'physical',NULL,NULL,0,0,0,0,NULL),(144,'Broccoli Crowns',NULL,NULL,'published','[\"products\\/31.jpg\"]',NULL,'SW-141-A0',0,10,0,1,'in_stock',0,4,1,0,845,NULL,NULL,NULL,14,13,20,596,NULL,0,'2025-05-03 11:19:13','2025-05-03 11:19:13',0,'Botble\\ACL\\Models\\User',NULL,'physical',NULL,NULL,0,0,0,0,NULL),(145,'Broccoli Crowns',NULL,NULL,'published','[\"products\\/31-1.jpg\"]',NULL,'SW-141-A0-A1',0,10,0,1,'in_stock',0,4,1,0,845,NULL,NULL,NULL,14,13,20,596,NULL,0,'2025-05-03 11:19:13','2025-05-03 11:19:13',0,'Botble\\ACL\\Models\\User',NULL,'physical',NULL,NULL,0,0,0,0,NULL),(146,'Slimming World Vegan Mac Greens',NULL,NULL,'published','[\"products\\/32.jpg\"]',NULL,'SW-149-A0',0,19,0,1,'in_stock',0,5,1,0,687,563.34,NULL,NULL,18,11,10,682,NULL,0,'2025-05-03 11:19:13','2025-05-03 11:19:14',0,'Botble\\ACL\\Models\\User',NULL,'physical',NULL,NULL,0,0,0,0,NULL),(147,'Slimming World Vegan Mac Greens',NULL,NULL,'published','[\"products\\/32-1.jpg\"]',NULL,'SW-149-A0-A1',0,19,0,1,'in_stock',0,5,1,0,687,597.69,NULL,NULL,18,11,10,682,NULL,0,'2025-05-03 11:19:14','2025-05-03 11:19:14',0,'Botble\\ACL\\Models\\User',NULL,'physical',NULL,NULL,0,0,0,0,NULL),(148,'Häagen-Dazs Salted Caramel (Digital)',NULL,NULL,'published','[\"products\\/33.jpg\"]',NULL,'SW-196-A0',0,15,0,1,'in_stock',0,3,1,0,838,NULL,NULL,NULL,18,14,19,785,NULL,0,'2025-05-03 11:19:14','2025-05-03 11:19:14',0,'Botble\\ACL\\Models\\User',NULL,'digital',NULL,NULL,0,0,0,0,NULL),(149,'Häagen-Dazs Salted Caramel (Digital)',NULL,NULL,'published','[\"products\\/33-1.jpg\"]',NULL,'SW-196-A0-A1',0,15,0,1,'in_stock',0,3,1,0,838,NULL,NULL,NULL,18,14,19,785,NULL,0,'2025-05-03 11:19:14','2025-05-03 11:19:14',0,'Botble\\ACL\\Models\\User',NULL,'digital',NULL,NULL,0,0,0,0,NULL),(150,'Häagen-Dazs Salted Caramel (Digital)',NULL,NULL,'published','[\"products\\/33-2.jpg\"]',NULL,'SW-196-A0-A2',0,15,0,1,'in_stock',0,3,1,0,838,NULL,NULL,NULL,18,14,19,785,NULL,0,'2025-05-03 11:19:14','2025-05-03 11:19:14',0,'Botble\\ACL\\Models\\User',NULL,'digital',NULL,NULL,0,0,0,0,NULL),(151,'Häagen-Dazs Salted Caramel (Digital)',NULL,NULL,'published','[\"products\\/33.jpg\"]',NULL,'SW-196-A0-A3',0,15,0,1,'in_stock',0,3,1,0,838,NULL,NULL,NULL,18,14,19,785,NULL,0,'2025-05-03 11:19:14','2025-05-03 11:19:14',0,'Botble\\ACL\\Models\\User',NULL,'digital',NULL,NULL,0,0,0,0,NULL),(152,'Iceland 3 Solo Exotic Burst',NULL,NULL,'published','[\"products\\/34.jpg\"]',NULL,'SW-141-A0',0,13,0,1,'in_stock',0,1,1,0,925,NULL,NULL,NULL,16,20,14,846,NULL,0,'2025-05-03 11:19:14','2025-05-03 11:19:14',0,'Botble\\ACL\\Models\\User',NULL,'physical',NULL,NULL,0,0,0,0,NULL),(153,'Iceland 3 Solo Exotic Burst',NULL,NULL,'published','[\"products\\/34-1.jpg\"]',NULL,'SW-141-A0-A1',0,13,0,1,'in_stock',0,1,1,0,925,NULL,NULL,NULL,16,20,14,846,NULL,0,'2025-05-03 11:19:14','2025-05-03 11:19:14',0,'Botble\\ACL\\Models\\User',NULL,'physical',NULL,NULL,0,0,0,0,NULL),(154,'Iceland 3 Solo Exotic Burst',NULL,NULL,'published','[\"products\\/34.jpg\"]',NULL,'SW-141-A0-A2',0,13,0,1,'in_stock',0,1,1,0,925,NULL,NULL,NULL,16,20,14,846,NULL,0,'2025-05-03 11:19:14','2025-05-03 11:19:14',0,'Botble\\ACL\\Models\\User',NULL,'physical',NULL,NULL,0,0,0,0,NULL),(155,'Iceland 3 Solo Exotic Burst',NULL,NULL,'published','[\"products\\/34.jpg\"]',NULL,'SW-141-A0-A3',0,13,0,1,'in_stock',0,1,1,0,925,NULL,NULL,NULL,16,20,14,846,NULL,0,'2025-05-03 11:19:14','2025-05-03 11:19:14',0,'Botble\\ACL\\Models\\User',NULL,'physical',NULL,NULL,0,0,0,0,NULL),(156,'Extreme Budweiser Light Can',NULL,NULL,'published','[\"products\\/35.jpg\"]',NULL,'SW-120-A0',0,10,0,1,'in_stock',0,3,1,0,1201,NULL,NULL,NULL,17,18,14,668,NULL,0,'2025-05-03 11:19:14','2025-05-03 11:19:14',0,'Botble\\ACL\\Models\\User',NULL,'physical',NULL,NULL,0,0,0,0,NULL),(157,'Extreme Budweiser Light Can',NULL,NULL,'published','[\"products\\/35-1.jpg\"]',NULL,'SW-120-A0-A1',0,10,0,1,'in_stock',0,3,1,0,1201,NULL,NULL,NULL,17,18,14,668,NULL,0,'2025-05-03 11:19:14','2025-05-03 11:19:14',0,'Botble\\ACL\\Models\\User',NULL,'physical',NULL,NULL,0,0,0,0,NULL),(158,'Extreme Budweiser Light Can',NULL,NULL,'published','[\"products\\/35.jpg\"]',NULL,'SW-120-A0-A2',0,10,0,1,'in_stock',0,3,1,0,1201,NULL,NULL,NULL,17,18,14,668,NULL,0,'2025-05-03 11:19:14','2025-05-03 11:19:14',0,'Botble\\ACL\\Models\\User',NULL,'physical',NULL,NULL,0,0,0,0,NULL),(159,'Extreme Budweiser Light Can',NULL,NULL,'published','[\"products\\/35.jpg\"]',NULL,'SW-120-A0-A3',0,10,0,1,'in_stock',0,3,1,0,1201,NULL,NULL,NULL,17,18,14,668,NULL,0,'2025-05-03 11:19:14','2025-05-03 11:19:14',0,'Botble\\ACL\\Models\\User',NULL,'physical',NULL,NULL,0,0,0,0,NULL),(160,'Iceland Macaroni Cheese Traybake',NULL,NULL,'published','[\"products\\/36.jpg\"]',NULL,'SW-136-A0',0,13,0,1,'in_stock',0,4,1,0,728,546,NULL,NULL,14,20,19,856,NULL,0,'2025-05-03 11:19:14','2025-05-03 11:19:14',0,'Botble\\ACL\\Models\\User',NULL,'physical',NULL,NULL,0,0,0,0,NULL),(161,'Iceland Macaroni Cheese Traybake',NULL,NULL,'published','[\"products\\/36-1.jpg\"]',NULL,'SW-136-A0-A1',0,13,0,1,'in_stock',0,4,1,0,728,567.84,NULL,NULL,14,20,19,856,NULL,0,'2025-05-03 11:19:14','2025-05-03 11:19:14',0,'Botble\\ACL\\Models\\User',NULL,'physical',NULL,NULL,0,0,0,0,NULL),(162,'Dolmio Bolognese Pasta Sauce (Digital)',NULL,NULL,'published','[\"products\\/37.jpg\"]',NULL,'SW-181-A0',0,16,0,1,'in_stock',0,1,1,0,692,NULL,NULL,NULL,18,11,10,539,NULL,0,'2025-05-03 11:19:14','2025-05-03 11:19:14',0,'Botble\\ACL\\Models\\User',NULL,'digital',NULL,NULL,0,0,0,0,NULL),(163,'Sitema BakeIT Plastic Box',NULL,NULL,'published','[\"products\\/38.jpg\"]',NULL,'SW-174-A0',0,12,0,1,'in_stock',0,5,1,0,823,NULL,NULL,NULL,18,10,12,811,NULL,0,'2025-05-03 11:19:15','2025-05-03 11:19:15',0,'Botble\\ACL\\Models\\User',NULL,'physical',NULL,NULL,0,0,0,0,NULL),(164,'Sitema BakeIT Plastic Box',NULL,NULL,'published','[\"products\\/38-1.jpg\"]',NULL,'SW-174-A0-A1',0,12,0,1,'in_stock',0,5,1,0,823,NULL,NULL,NULL,18,10,12,811,NULL,0,'2025-05-03 11:19:15','2025-05-03 11:19:15',0,'Botble\\ACL\\Models\\User',NULL,'physical',NULL,NULL,0,0,0,0,NULL),(165,'Sitema BakeIT Plastic Box',NULL,NULL,'published','[\"products\\/38-2.jpg\"]',NULL,'SW-174-A0-A2',0,12,0,1,'in_stock',0,5,1,0,823,NULL,NULL,NULL,18,10,12,811,NULL,0,'2025-05-03 11:19:15','2025-05-03 11:19:15',0,'Botble\\ACL\\Models\\User',NULL,'physical',NULL,NULL,0,0,0,0,NULL),(166,'Wayfair Basics Dinner Plate Storage',NULL,NULL,'published','[\"products\\/39.jpg\"]',NULL,'SW-171-A0',0,19,0,1,'in_stock',0,5,1,0,1293,NULL,NULL,NULL,15,17,20,692,NULL,0,'2025-05-03 11:19:15','2025-05-03 11:19:15',0,'Botble\\ACL\\Models\\User',NULL,'physical',NULL,NULL,0,0,0,0,NULL),(167,'Wayfair Basics Dinner Plate Storage',NULL,NULL,'published','[\"products\\/39-1.jpg\"]',NULL,'SW-171-A0-A1',0,19,0,1,'in_stock',0,5,1,0,1293,NULL,NULL,NULL,15,17,20,692,NULL,0,'2025-05-03 11:19:15','2025-05-03 11:19:15',0,'Botble\\ACL\\Models\\User',NULL,'physical',NULL,NULL,0,0,0,0,NULL),(168,'Wayfair Basics Dinner Plate Storage',NULL,NULL,'published','[\"products\\/39-2.jpg\"]',NULL,'SW-171-A0-A2',0,19,0,1,'in_stock',0,5,1,0,1293,NULL,NULL,NULL,15,17,20,692,NULL,0,'2025-05-03 11:19:15','2025-05-03 11:19:15',0,'Botble\\ACL\\Models\\User',NULL,'physical',NULL,NULL,0,0,0,0,NULL),(169,'Miko The Panda Water Bottle',NULL,NULL,'published','[\"products\\/40.jpg\"]',NULL,'SW-194-A0',0,11,0,1,'in_stock',0,5,1,0,1195,872.35,NULL,NULL,13,13,18,887,NULL,0,'2025-05-03 11:19:15','2025-05-03 11:19:15',0,'Botble\\ACL\\Models\\User',NULL,'physical',NULL,NULL,0,0,0,0,NULL),(170,'Sesame Seed Bread (Digital)',NULL,NULL,'published','[\"products\\/41.jpg\"]',NULL,'SW-126-A0',0,16,0,1,'in_stock',0,4,1,0,1220,NULL,NULL,NULL,18,20,13,720,NULL,0,'2025-05-03 11:19:15','2025-05-03 11:19:15',0,'Botble\\ACL\\Models\\User',NULL,'digital',NULL,NULL,0,0,0,0,NULL),(171,'Sesame Seed Bread (Digital)',NULL,NULL,'published','[\"products\\/41-1.jpg\"]',NULL,'SW-126-A0-A1',0,16,0,1,'in_stock',0,4,1,0,1220,NULL,NULL,NULL,18,20,13,720,NULL,0,'2025-05-03 11:19:15','2025-05-03 11:19:15',0,'Botble\\ACL\\Models\\User',NULL,'digital',NULL,NULL,0,0,0,0,NULL),(172,'Sesame Seed Bread (Digital)',NULL,NULL,'published','[\"products\\/41-2.jpg\"]',NULL,'SW-126-A0-A2',0,16,0,1,'in_stock',0,4,1,0,1220,NULL,NULL,NULL,18,20,13,720,NULL,0,'2025-05-03 11:19:15','2025-05-03 11:19:15',0,'Botble\\ACL\\Models\\User',NULL,'digital',NULL,NULL,0,0,0,0,NULL),(173,'Sesame Seed Bread (Digital)',NULL,NULL,'published','[\"products\\/41.jpg\"]',NULL,'SW-126-A0-A3',0,16,0,1,'in_stock',0,4,1,0,1220,NULL,NULL,NULL,18,20,13,720,NULL,0,'2025-05-03 11:19:15','2025-05-03 11:19:15',0,'Botble\\ACL\\Models\\User',NULL,'digital',NULL,NULL,0,0,0,0,NULL),(174,'Morrisons The Best Beef',NULL,NULL,'published','[\"products\\/42.jpg\"]',NULL,'SW-153-A0',0,15,0,1,'in_stock',0,2,1,0,1096,NULL,NULL,NULL,10,15,15,653,NULL,0,'2025-05-03 11:19:15','2025-05-03 11:19:15',0,'Botble\\ACL\\Models\\User',NULL,'physical',NULL,NULL,0,0,0,0,NULL),(175,'Morrisons The Best Beef',NULL,NULL,'published','[\"products\\/42-1.jpg\"]',NULL,'SW-153-A0-A1',0,15,0,1,'in_stock',0,2,1,0,1096,NULL,NULL,NULL,10,15,15,653,NULL,0,'2025-05-03 11:19:15','2025-05-03 11:19:15',0,'Botble\\ACL\\Models\\User',NULL,'physical',NULL,NULL,0,0,0,0,NULL),(176,'Avocado, Hass Large',NULL,NULL,'published','[\"products\\/43.jpg\"]',NULL,'SW-125-A0',0,11,0,1,'in_stock',0,5,1,0,1145,NULL,NULL,NULL,13,14,19,742,NULL,0,'2025-05-03 11:19:15','2025-05-03 11:19:15',0,'Botble\\ACL\\Models\\User',NULL,'physical',NULL,NULL,0,0,0,0,NULL),(177,'Avocado, Hass Large',NULL,NULL,'published','[\"products\\/43-1.jpg\"]',NULL,'SW-125-A0-A1',0,11,0,1,'in_stock',0,5,1,0,1145,NULL,NULL,NULL,13,14,19,742,NULL,0,'2025-05-03 11:19:15','2025-05-03 11:19:15',0,'Botble\\ACL\\Models\\User',NULL,'physical',NULL,NULL,0,0,0,0,NULL),(178,'Avocado, Hass Large',NULL,NULL,'published','[\"products\\/43-2.jpg\"]',NULL,'SW-125-A0-A2',0,11,0,1,'in_stock',0,5,1,0,1145,NULL,NULL,NULL,13,14,19,742,NULL,0,'2025-05-03 11:19:16','2025-05-03 11:19:16',0,'Botble\\ACL\\Models\\User',NULL,'physical',NULL,NULL,0,0,0,0,NULL),(179,'Italia Beef Lasagne',NULL,NULL,'published','[\"products\\/44.jpg\"]',NULL,'SW-127-A0',0,18,0,1,'in_stock',0,5,1,0,772,648.48,NULL,NULL,12,13,19,669,NULL,0,'2025-05-03 11:19:16','2025-05-03 11:19:16',0,'Botble\\ACL\\Models\\User',NULL,'physical',NULL,NULL,0,0,0,0,NULL),(180,'Italia Beef Lasagne',NULL,NULL,'published','[\"products\\/44-1.jpg\"]',NULL,'SW-127-A0-A1',0,18,0,1,'in_stock',0,5,1,0,772,609.88,NULL,NULL,12,13,19,669,NULL,0,'2025-05-03 11:19:16','2025-05-03 11:19:16',0,'Botble\\ACL\\Models\\User',NULL,'physical',NULL,NULL,0,0,0,0,NULL),(181,'Maxwell House Classic Roast Mocha (Digital)',NULL,NULL,'published','[\"products\\/45.jpg\"]',NULL,'SW-134-A0',0,11,0,1,'in_stock',0,3,1,0,1260,NULL,NULL,NULL,20,18,18,743,NULL,0,'2025-05-03 11:19:16','2025-05-03 11:19:16',0,'Botble\\ACL\\Models\\User',NULL,'digital',NULL,NULL,0,0,0,0,NULL),(182,'Bottled Pure Water 500ml',NULL,NULL,'published','[\"products\\/46.jpg\"]',NULL,'SW-171-A0',0,18,0,1,'in_stock',0,2,1,0,962,NULL,NULL,NULL,17,18,14,696,NULL,0,'2025-05-03 11:19:16','2025-05-03 11:19:16',0,'Botble\\ACL\\Models\\User',NULL,'physical',NULL,NULL,0,0,0,0,NULL),(183,'Bottled Pure Water 500ml',NULL,NULL,'published','[\"products\\/46-1.jpg\"]',NULL,'SW-171-A0-A1',0,18,0,1,'in_stock',0,2,1,0,962,NULL,NULL,NULL,17,18,14,696,NULL,0,'2025-05-03 11:19:16','2025-05-03 11:19:16',0,'Botble\\ACL\\Models\\User',NULL,'physical',NULL,NULL,0,0,0,0,NULL),(184,'Bottled Pure Water 500ml',NULL,NULL,'published','[\"products\\/46.jpg\"]',NULL,'SW-171-A0-A2',0,18,0,1,'in_stock',0,2,1,0,962,NULL,NULL,NULL,17,18,14,696,NULL,0,'2025-05-03 11:19:16','2025-05-03 11:19:16',0,'Botble\\ACL\\Models\\User',NULL,'physical',NULL,NULL,0,0,0,0,NULL),(185,'Famart Farmhouse Soft White',NULL,NULL,'published','[\"products\\/47.jpg\"]',NULL,'SW-155-A0',0,18,0,1,'in_stock',0,4,1,0,618,NULL,NULL,NULL,15,17,15,791,NULL,0,'2025-05-03 11:19:16','2025-05-03 11:19:16',0,'Botble\\ACL\\Models\\User',NULL,'physical',NULL,NULL,0,0,0,0,NULL),(186,'Famart Farmhouse Soft White',NULL,NULL,'published','[\"products\\/47-1.jpg\"]',NULL,'SW-155-A0-A1',0,18,0,1,'in_stock',0,4,1,0,618,NULL,NULL,NULL,15,17,15,791,NULL,0,'2025-05-03 11:19:16','2025-05-03 11:19:16',0,'Botble\\ACL\\Models\\User',NULL,'physical',NULL,NULL,0,0,0,0,NULL),(187,'Famart Farmhouse Soft White',NULL,NULL,'published','[\"products\\/47.jpg\"]',NULL,'SW-155-A0-A2',0,18,0,1,'in_stock',0,4,1,0,618,NULL,NULL,NULL,15,17,15,791,NULL,0,'2025-05-03 11:19:16','2025-05-03 11:19:16',0,'Botble\\ACL\\Models\\User',NULL,'physical',NULL,NULL,0,0,0,0,NULL),(188,'Coca-Cola Original Taste',NULL,NULL,'published','[\"products\\/48.jpg\"]',NULL,'SW-175-A0',0,18,0,1,'in_stock',0,1,1,0,1185,959.85,NULL,NULL,20,13,15,610,NULL,0,'2025-05-03 11:19:16','2025-05-03 11:19:16',0,'Botble\\ACL\\Models\\User',NULL,'physical',NULL,NULL,0,0,0,0,NULL),(189,'Coca-Cola Original Taste',NULL,NULL,'published','[\"products\\/48-1.jpg\"]',NULL,'SW-175-A0-A1',0,18,0,1,'in_stock',0,1,1,0,1185,888.75,NULL,NULL,20,13,15,610,NULL,0,'2025-05-03 11:19:16','2025-05-03 11:19:16',0,'Botble\\ACL\\Models\\User',NULL,'physical',NULL,NULL,0,0,0,0,NULL),(190,'Casillero Diablo Cabernet Sauvignon (Digital)',NULL,NULL,'published','[\"products\\/49.jpg\"]',NULL,'SW-109-A0',0,10,0,1,'in_stock',0,5,1,0,922,NULL,NULL,NULL,19,14,11,674,NULL,0,'2025-05-03 11:19:16','2025-05-03 11:19:16',0,'Botble\\ACL\\Models\\User',NULL,'digital',NULL,NULL,0,0,0,0,NULL),(191,'Casillero Diablo Cabernet Sauvignon (Digital)',NULL,NULL,'published','[\"products\\/49-1.jpg\"]',NULL,'SW-109-A0-A1',0,10,0,1,'in_stock',0,5,1,0,922,NULL,NULL,NULL,19,14,11,674,NULL,0,'2025-05-03 11:19:16','2025-05-03 11:19:16',0,'Botble\\ACL\\Models\\User',NULL,'digital',NULL,NULL,0,0,0,0,NULL),(192,'Casillero Diablo Cabernet Sauvignon (Digital)',NULL,NULL,'published','[\"products\\/49-2.jpg\"]',NULL,'SW-109-A0-A2',0,10,0,1,'in_stock',0,5,1,0,922,NULL,NULL,NULL,19,14,11,674,NULL,0,'2025-05-03 11:19:16','2025-05-03 11:19:16',0,'Botble\\ACL\\Models\\User',NULL,'digital',NULL,NULL,0,0,0,0,NULL),(193,'Arla Organic Free Range Milk',NULL,NULL,'published','[\"products\\/50.jpg\"]',NULL,'SW-120-A0',0,13,0,1,'in_stock',0,4,1,0,691,NULL,NULL,NULL,14,16,16,701,NULL,0,'2025-05-03 11:19:17','2025-05-03 11:19:17',0,'Botble\\ACL\\Models\\User',NULL,'physical',NULL,NULL,0,0,0,0,NULL),(194,'Arla Organic Free Range Milk',NULL,NULL,'published','[\"products\\/50-1.jpg\"]',NULL,'SW-120-A0-A1',0,13,0,1,'in_stock',0,4,1,0,691,NULL,NULL,NULL,14,16,16,701,NULL,0,'2025-05-03 11:19:17','2025-05-03 11:19:17',0,'Botble\\ACL\\Models\\User',NULL,'physical',NULL,NULL,0,0,0,0,NULL),(195,'Aptamil Follow On Baby Milk',NULL,NULL,'published','[\"products\\/51.jpg\"]',NULL,'SW-180-A0',0,12,0,1,'in_stock',0,5,1,0,958,NULL,NULL,NULL,11,18,11,548,NULL,0,'2025-05-03 11:19:17','2025-05-03 11:19:17',0,'Botble\\ACL\\Models\\User',NULL,'physical',NULL,NULL,0,0,0,0,NULL),(196,'Aptamil Follow On Baby Milk',NULL,NULL,'published','[\"products\\/51.jpg\"]',NULL,'SW-180-A0-A1',0,12,0,1,'in_stock',0,5,1,0,958,NULL,NULL,NULL,11,18,11,548,NULL,0,'2025-05-03 11:19:17','2025-05-03 11:19:17',0,'Botble\\ACL\\Models\\User',NULL,'physical',NULL,NULL,0,0,0,0,NULL),(197,'Cuisinart Chef’S Classic Hard-Anodized',NULL,NULL,'published','[\"products\\/52.jpg\"]',NULL,'SW-176-A0',0,15,0,1,'in_stock',0,2,1,0,1265,1012,NULL,NULL,14,18,14,627,NULL,0,'2025-05-03 11:19:17','2025-05-03 11:19:17',0,'Botble\\ACL\\Models\\User',NULL,'physical',NULL,NULL,0,0,0,0,NULL),(198,'Corn, Yellow Sweet (Digital)',NULL,NULL,'published','[\"products\\/53.jpg\"]',NULL,'SW-136-A0',0,18,0,1,'in_stock',0,5,1,0,1008,NULL,NULL,NULL,19,11,11,536,NULL,0,'2025-05-03 11:19:17','2025-05-03 11:19:17',0,'Botble\\ACL\\Models\\User',NULL,'digital',NULL,NULL,0,0,0,0,NULL),(199,'Corn, Yellow Sweet (Digital)',NULL,NULL,'published','[\"products\\/53-1.jpg\"]',NULL,'SW-136-A0-A1',0,18,0,1,'in_stock',0,5,1,0,1008,NULL,NULL,NULL,19,11,11,536,NULL,0,'2025-05-03 11:19:17','2025-05-03 11:19:17',0,'Botble\\ACL\\Models\\User',NULL,'digital',NULL,NULL,0,0,0,0,NULL),(200,'Hobnobs The Nobbly Biscuit',NULL,NULL,'published','[\"products\\/54.jpg\"]',NULL,'SW-186-A0',0,19,0,1,'in_stock',0,5,1,0,1247,NULL,NULL,NULL,16,17,20,594,NULL,0,'2025-05-03 11:19:17','2025-05-03 11:19:17',0,'Botble\\ACL\\Models\\User',NULL,'physical',NULL,NULL,0,0,0,0,NULL),(201,'Hobnobs The Nobbly Biscuit',NULL,NULL,'published','[\"products\\/54-1.jpg\"]',NULL,'SW-186-A0-A1',0,19,0,1,'in_stock',0,5,1,0,1247,NULL,NULL,NULL,16,17,20,594,NULL,0,'2025-05-03 11:19:17','2025-05-03 11:19:17',0,'Botble\\ACL\\Models\\User',NULL,'physical',NULL,NULL,0,0,0,0,NULL),(202,'Hobnobs The Nobbly Biscuit',NULL,NULL,'published','[\"products\\/54.jpg\"]',NULL,'SW-186-A0-A2',0,19,0,1,'in_stock',0,5,1,0,1247,NULL,NULL,NULL,16,17,20,594,NULL,0,'2025-05-03 11:19:17','2025-05-03 11:19:17',0,'Botble\\ACL\\Models\\User',NULL,'physical',NULL,NULL,0,0,0,0,NULL),(203,'Hobnobs The Nobbly Biscuit',NULL,NULL,'published','[\"products\\/54.jpg\"]',NULL,'SW-186-A0-A3',0,19,0,1,'in_stock',0,5,1,0,1247,NULL,NULL,NULL,16,17,20,594,NULL,0,'2025-05-03 11:19:17','2025-05-03 11:19:17',0,'Botble\\ACL\\Models\\User',NULL,'physical',NULL,NULL,0,0,0,0,NULL),(204,'Honest Organic Still Lemonade',NULL,NULL,'published','[\"products\\/55.jpg\"]',NULL,'SW-194-A0',0,13,0,1,'in_stock',0,4,1,0,1075,NULL,NULL,NULL,16,10,18,696,NULL,0,'2025-05-03 11:19:17','2025-05-03 11:19:17',0,'Botble\\ACL\\Models\\User',NULL,'physical',NULL,NULL,0,0,0,0,NULL),(205,'Honest Organic Still Lemonade',NULL,NULL,'published','[\"products\\/55-1.jpg\"]',NULL,'SW-194-A0-A1',0,13,0,1,'in_stock',0,4,1,0,1075,NULL,NULL,NULL,16,10,18,696,NULL,0,'2025-05-03 11:19:17','2025-05-03 11:19:17',0,'Botble\\ACL\\Models\\User',NULL,'physical',NULL,NULL,0,0,0,0,NULL),(206,'Honest Organic Still Lemonade',NULL,NULL,'published','[\"products\\/55-2.jpg\"]',NULL,'SW-194-A0-A2',0,13,0,1,'in_stock',0,4,1,0,1075,NULL,NULL,NULL,16,10,18,696,NULL,0,'2025-05-03 11:19:17','2025-05-03 11:19:17',0,'Botble\\ACL\\Models\\User',NULL,'physical',NULL,NULL,0,0,0,0,NULL),(207,'Honest Organic Still Lemonade',NULL,NULL,'published','[\"products\\/55.jpg\"]',NULL,'SW-194-A0-A3',0,13,0,1,'in_stock',0,4,1,0,1075,NULL,NULL,NULL,16,10,18,696,NULL,0,'2025-05-03 11:19:17','2025-05-03 11:19:17',0,'Botble\\ACL\\Models\\User',NULL,'physical',NULL,NULL,0,0,0,0,NULL),(208,'Ice Beck’s Beer 350ml x 24 Pieces',NULL,NULL,'published','[\"products\\/56.jpg\"]',NULL,'SW-199-A0',0,14,0,1,'in_stock',0,4,1,0,633,512.73,NULL,NULL,16,14,18,574,NULL,0,'2025-05-03 11:19:17','2025-05-03 11:19:17',0,'Botble\\ACL\\Models\\User',NULL,'physical',NULL,NULL,0,0,0,0,NULL),(209,'Ice Beck’s Beer 350ml x 24 Pieces',NULL,NULL,'published','[\"products\\/56-1.jpg\"]',NULL,'SW-199-A0-A1',0,14,0,1,'in_stock',0,4,1,0,633,563.37,NULL,NULL,16,14,18,574,NULL,0,'2025-05-03 11:19:18','2025-05-03 11:19:18',0,'Botble\\ACL\\Models\\User',NULL,'physical',NULL,NULL,0,0,0,0,NULL),(210,'Ice Beck’s Beer 350ml x 24 Pieces',NULL,NULL,'published','[\"products\\/56-2.jpg\"]',NULL,'SW-199-A0-A2',0,14,0,1,'in_stock',0,4,1,0,633,525.39,NULL,NULL,16,14,18,574,NULL,0,'2025-05-03 11:19:18','2025-05-03 11:19:18',0,'Botble\\ACL\\Models\\User',NULL,'physical',NULL,NULL,0,0,0,0,NULL),(211,'Iceland 6 Hot Cross Buns (Digital)',NULL,NULL,'published','[\"products\\/57.jpg\"]',NULL,'SW-187-A0',0,14,0,1,'in_stock',0,2,1,0,670,NULL,NULL,NULL,18,18,18,523,NULL,0,'2025-05-03 11:19:18','2025-05-03 11:19:18',0,'Botble\\ACL\\Models\\User',NULL,'digital',NULL,NULL,0,0,0,0,NULL),(212,'Iceland 6 Hot Cross Buns (Digital)',NULL,NULL,'published','[\"products\\/57-1.jpg\"]',NULL,'SW-187-A0-A1',0,14,0,1,'in_stock',0,2,1,0,670,NULL,NULL,NULL,18,18,18,523,NULL,0,'2025-05-03 11:19:18','2025-05-03 11:19:18',0,'Botble\\ACL\\Models\\User',NULL,'digital',NULL,NULL,0,0,0,0,NULL),(213,'Iceland Luxury 4 Panini Rolls',NULL,NULL,'published','[\"products\\/58.jpg\"]',NULL,'SW-163-A0',0,13,0,1,'in_stock',0,3,1,0,667,NULL,NULL,NULL,15,13,11,809,NULL,0,'2025-05-03 11:19:18','2025-05-03 11:19:18',0,'Botble\\ACL\\Models\\User',NULL,'physical',NULL,NULL,0,0,0,0,NULL),(214,'Iceland Luxury 4 Panini Rolls',NULL,NULL,'published','[\"products\\/58-1.jpg\"]',NULL,'SW-163-A0-A1',0,13,0,1,'in_stock',0,3,1,0,667,NULL,NULL,NULL,15,13,11,809,NULL,0,'2025-05-03 11:19:18','2025-05-03 11:19:18',0,'Botble\\ACL\\Models\\User',NULL,'physical',NULL,NULL,0,0,0,0,NULL),(215,'Iceland Luxury 4 Panini Rolls',NULL,NULL,'published','[\"products\\/58-2.jpg\"]',NULL,'SW-163-A0-A2',0,13,0,1,'in_stock',0,3,1,0,667,NULL,NULL,NULL,15,13,11,809,NULL,0,'2025-05-03 11:19:18','2025-05-03 11:19:18',0,'Botble\\ACL\\Models\\User',NULL,'physical',NULL,NULL,0,0,0,0,NULL),(216,'Iceland Luxury 4 Panini Rolls',NULL,NULL,'published','[\"products\\/58.jpg\"]',NULL,'SW-163-A0-A3',0,13,0,1,'in_stock',0,3,1,0,667,NULL,NULL,NULL,15,13,11,809,NULL,0,'2025-05-03 11:19:18','2025-05-03 11:19:18',0,'Botble\\ACL\\Models\\User',NULL,'physical',NULL,NULL,0,0,0,0,NULL),(217,'Iceland Soft Scoop Vanilla',NULL,NULL,'published','[\"products\\/59.jpg\"]',NULL,'SW-148-A0',0,10,0,1,'in_stock',0,4,1,0,1009,NULL,NULL,NULL,19,11,13,739,NULL,0,'2025-05-03 11:19:18','2025-05-03 11:19:18',0,'Botble\\ACL\\Models\\User',NULL,'physical',NULL,NULL,0,0,0,0,NULL),(218,'Iceland Soft Scoop Vanilla',NULL,NULL,'published','[\"products\\/59-1.jpg\"]',NULL,'SW-148-A0-A1',0,10,0,1,'in_stock',0,4,1,0,1009,NULL,NULL,NULL,19,11,13,739,NULL,0,'2025-05-03 11:19:18','2025-05-03 11:19:18',0,'Botble\\ACL\\Models\\User',NULL,'physical',NULL,NULL,0,0,0,0,NULL),(219,'Iceland Spaghetti Bolognese',NULL,NULL,'published','[\"products\\/60.jpg\"]',NULL,'SW-104-A0',0,14,0,1,'in_stock',0,5,1,0,1157,879.32,NULL,NULL,16,17,12,616,NULL,0,'2025-05-03 11:19:18','2025-05-03 11:19:18',0,'Botble\\ACL\\Models\\User',NULL,'physical',NULL,NULL,0,0,0,0,NULL),(220,'Kellogg’s Coco Pops Cereal (Digital)',NULL,NULL,'published','[\"products\\/61.jpg\"]',NULL,'SW-182-A0',0,15,0,1,'in_stock',0,4,1,0,1063,NULL,NULL,NULL,12,20,12,879,NULL,0,'2025-05-03 11:19:18','2025-05-03 11:19:18',0,'Botble\\ACL\\Models\\User',NULL,'digital',NULL,NULL,0,0,0,0,NULL),(221,'Kellogg’s Coco Pops Cereal (Digital)',NULL,NULL,'published','[\"products\\/61-1.jpg\"]',NULL,'SW-182-A0-A1',0,15,0,1,'in_stock',0,4,1,0,1063,NULL,NULL,NULL,12,20,12,879,NULL,0,'2025-05-03 11:19:18','2025-05-03 11:19:18',0,'Botble\\ACL\\Models\\User',NULL,'digital',NULL,NULL,0,0,0,0,NULL),(222,'Kellogg’s Coco Pops Cereal (Digital)',NULL,NULL,'published','[\"products\\/61.jpg\"]',NULL,'SW-182-A0-A2',0,15,0,1,'in_stock',0,4,1,0,1063,NULL,NULL,NULL,12,20,12,879,NULL,0,'2025-05-03 11:19:18','2025-05-03 11:19:18',0,'Botble\\ACL\\Models\\User',NULL,'digital',NULL,NULL,0,0,0,0,NULL),(223,'Kellogg’s Coco Pops Cereal (Digital)',NULL,NULL,'published','[\"products\\/61.jpg\"]',NULL,'SW-182-A0-A3',0,15,0,1,'in_stock',0,4,1,0,1063,NULL,NULL,NULL,12,20,12,879,NULL,0,'2025-05-03 11:19:18','2025-05-03 11:19:18',0,'Botble\\ACL\\Models\\User',NULL,'digital',NULL,NULL,0,0,0,0,NULL),(224,'Kit Kat Chunky Milk Chocolate',NULL,NULL,'published','[\"products\\/62.jpg\"]',NULL,'SW-114-A0',0,20,0,1,'in_stock',0,3,1,0,978,NULL,NULL,NULL,10,15,11,782,NULL,0,'2025-05-03 11:19:18','2025-05-03 11:19:19',0,'Botble\\ACL\\Models\\User',NULL,'physical',NULL,NULL,0,0,0,0,NULL),(225,'Kit Kat Chunky Milk Chocolate',NULL,NULL,'published','[\"products\\/62-1.jpg\"]',NULL,'SW-114-A0-A1',0,20,0,1,'in_stock',0,3,1,0,978,NULL,NULL,NULL,10,15,11,782,NULL,0,'2025-05-03 11:19:19','2025-05-03 11:19:19',0,'Botble\\ACL\\Models\\User',NULL,'physical',NULL,NULL,0,0,0,0,NULL),(226,'Large Green Bell Pepper',NULL,NULL,'published','[\"products\\/63.jpg\"]',NULL,'SW-162-A0',0,19,0,1,'in_stock',0,4,1,0,669,NULL,NULL,NULL,19,12,18,737,NULL,0,'2025-05-03 11:19:19','2025-05-03 11:19:19',0,'Botble\\ACL\\Models\\User',NULL,'physical',NULL,NULL,0,0,0,0,NULL),(227,'Large Green Bell Pepper',NULL,NULL,'published','[\"products\\/63-1.jpg\"]',NULL,'SW-162-A0-A1',0,19,0,1,'in_stock',0,4,1,0,669,NULL,NULL,NULL,19,12,18,737,NULL,0,'2025-05-03 11:19:19','2025-05-03 11:19:19',0,'Botble\\ACL\\Models\\User',NULL,'physical',NULL,NULL,0,0,0,0,NULL),(228,'Pice 94w Beasley Journal',NULL,NULL,'published','[\"products\\/64.jpg\"]',NULL,'SW-147-A0',0,16,0,1,'in_stock',0,1,1,0,577,490.45,NULL,NULL,20,18,12,837,NULL,0,'2025-05-03 11:19:19','2025-05-03 11:19:19',0,'Botble\\ACL\\Models\\User',NULL,'physical',NULL,NULL,0,0,0,0,NULL),(229,'Pice 94w Beasley Journal',NULL,NULL,'published','[\"products\\/64-1.jpg\"]',NULL,'SW-147-A0-A1',0,16,0,1,'in_stock',0,1,1,0,577,444.29,NULL,NULL,20,18,12,837,NULL,0,'2025-05-03 11:19:19','2025-05-03 11:19:19',0,'Botble\\ACL\\Models\\User',NULL,'physical',NULL,NULL,0,0,0,0,NULL),(230,'Pice 94w Beasley Journal',NULL,NULL,'published','[\"products\\/64.jpg\"]',NULL,'SW-147-A0-A2',0,16,0,1,'in_stock',0,1,1,0,577,484.68,NULL,NULL,20,18,12,837,NULL,0,'2025-05-03 11:19:19','2025-05-03 11:19:19',0,'Botble\\ACL\\Models\\User',NULL,'physical',NULL,NULL,0,0,0,0,NULL),(231,'Province Piece Glass Drinking Glass (Digital)',NULL,NULL,'published','[\"products\\/65.jpg\"]',NULL,'SW-170-A0',0,15,0,1,'in_stock',0,2,1,0,1002,NULL,NULL,NULL,19,15,20,744,NULL,0,'2025-05-03 11:19:19','2025-05-03 11:19:19',0,'Botble\\ACL\\Models\\User',NULL,'digital',NULL,NULL,0,0,0,0,NULL),(232,'Province Piece Glass Drinking Glass (Digital)',NULL,NULL,'published','[\"products\\/65-1.jpg\"]',NULL,'SW-170-A0-A1',0,15,0,1,'in_stock',0,2,1,0,1002,NULL,NULL,NULL,19,15,20,744,NULL,0,'2025-05-03 11:19:19','2025-05-03 11:19:19',0,'Botble\\ACL\\Models\\User',NULL,'digital',NULL,NULL,0,0,0,0,NULL),(233,'Province Piece Glass Drinking Glass (Digital)',NULL,NULL,'published','[\"products\\/65-2.jpg\"]',NULL,'SW-170-A0-A2',0,15,0,1,'in_stock',0,2,1,0,1002,NULL,NULL,NULL,19,15,20,744,NULL,0,'2025-05-03 11:19:19','2025-05-03 11:19:19',0,'Botble\\ACL\\Models\\User',NULL,'digital',NULL,NULL,0,0,0,0,NULL);

--
